{"id":297,"date":"2015-07-20T13:42:10","date_gmt":"2015-07-20T12:42:10","guid":{"rendered":"http:\/\/agora.xtec.cat\/zerventsere\/?page_id=297"},"modified":"2022-01-08T11:32:28","modified_gmt":"2022-01-08T10:32:28","slug":"que-fem","status":"publish","type":"page","link":"https:\/\/agora.xtec.cat\/zerventsere\/zer\/que-fem\/","title":{"rendered":"Qu\u00e8 fem"},"content":{"rendered":"<p><a href=\"https:\/\/agora.xtec.cat\/zerventsere\/wp-content\/uploads\/usu867\/2022\/01\/29783-scaled.jpg\"><img loading=\"lazy\" decoding=\"async\" class=\"wp-image-5498 aligncenter\" src=\"https:\/\/agora.xtec.cat\/zerventsere\/wp-content\/uploads\/usu867\/2022\/01\/29783-1024x396.jpg\" alt=\"\" width=\"485\" height=\"188\" srcset=\"https:\/\/agora.xtec.cat\/zerventsere\/wp-content\/uploads\/usu867\/2022\/01\/29783-1024x396.jpg 1024w, https:\/\/agora.xtec.cat\/zerventsere\/wp-content\/uploads\/usu867\/2022\/01\/29783-300x116.jpg 300w, https:\/\/agora.xtec.cat\/zerventsere\/wp-content\/uploads\/usu867\/2022\/01\/29783-768x297.jpg 768w, https:\/\/agora.xtec.cat\/zerventsere\/wp-content\/uploads\/usu867\/2022\/01\/29783-1536x593.jpg 1536w, https:\/\/agora.xtec.cat\/zerventsere\/wp-content\/uploads\/usu867\/2022\/01\/29783-2048x791.jpg 2048w\" sizes=\"auto, (max-width: 485px) 100vw, 485px\" \/><\/a><\/p>\n<ul style=\"list-style-type: disc;\">\n<li><strong>TALLERS INTERDISCIPLINARS I INTERNIVELLS:<\/strong><\/li>\n<\/ul>\n<p>En el treball de l\u2019educaci\u00f3 pl\u00e0stica les dues escoles mantindrem la mateixa estructura d\u2019organitzaci\u00f3 en tallers.\u00a0S\u2019organitzen grups amb els alumnes de prim\u00e0ria barrejant tots els nivells. Els alumnes d&#8217;Educaci\u00f3 Infantil formen grups de tallers, tamb\u00e9 barrejant nivells.<\/p>\n<p>L\u2019activitat es dur\u00e0 a terme a Castellnou els dimecres a la tarda i a Vila-sana els divendres tarda.<\/p>\n<p>&nbsp;<\/p>\n<ul style=\"list-style-type: disc;\">\n<li><strong>ASSEMBLEA:<\/strong><\/li>\n<\/ul>\n<p>L\u2019activitat continuar\u00e0 amb el mateix funcionament que fins ara i es dur\u00e0 a terme a les dues escoles\u00a0un dia al mes el qual cada escola determinar\u00e0.<\/p>\n<p><u><\/u>El Delegat de classe ser\u00e0 l\u2019encarregat de dur les propostes i opinions del grup dins l\u2019assemblea.\u00a0Es crea la figura del Moderador i encarregat de redactar l\u2019acta de la sessi\u00f3.<\/p>\n<p>Les propostes i acords quedaran registrats en un cartell a l\u2019entrada de l\u2019escola i ser\u00e0 visible per a tothom.<\/p>\n<p>&nbsp;<\/p>\n<ul style=\"list-style-type: disc;\">\n<li><strong>LLENGUATGE ORAL I ESCRIT:<\/strong><\/li>\n<\/ul>\n<p>Despr\u00e9s de l\u2019experi\u00e8ncia dels darrers cursos, hem constatat que cal continuar amb el treball de la llengua oral ja que la necessitat i la diversitat ling\u00fc\u00edstica dins els diferents grups de l\u2019escola continuen sent-hi presents.<\/p>\n<p>Les activitats proposades\u00a0s\u00f3n:<\/p>\n<ul>\n<li>Dinamitzar la utilitzaci\u00f3 dels mitjans audiovisuals, per tal d\u2019afavorir el col\u00b7loqui i el di\u00e0leg entre els alumnes.<\/li>\n<li>Treballar amb l\u2019enregistrament de les veus per tal d\u2019analitzar-les.<\/li>\n<li>Dur a terme alguna activitat de teatre per millorar l\u2019expressi\u00f3 oral amb el suport de l\u2019expressi\u00f3 corporal (cada dos anys).<\/li>\n<li>Recitacions de Rodolins, poemes i textos curts en veu alta, individualment o en grup, que pr\u00e8viament hauran d\u2019haver memoritzat.<\/li>\n<li>Treballar les confer\u00e8ncies (parlar amb p\u00fablic i veu alta).<\/li>\n<li>Treballs orals des de l\u2019educaci\u00f3 infantil: roda de contes, supergranllibre, superescriptura, el protagonista, el reporter, fem de cuiners&#8230;<\/li>\n<\/ul>\n<p>&nbsp;<\/p>\n<ul style=\"list-style-type: disc;\">\n<li><strong>LA BIBLIOTECA A L\u2019ESCOLA:<\/strong><\/li>\n<\/ul>\n<p>A nivell de ZER, aquests darrers anys es va portar a terme el Projecte de Biblioteca PUNTEDU, el projecte ha finalitzat, per\u00f2 la feina continua. La biblioteca de cada escola est\u00e0 en ple funcionament.<\/p>\n<p>Gr\u00e0cies a la dotaci\u00f3 econ\u00f2mica del Departament d\u2019Ensenyament despr\u00e9s d&#8217;endegar el projecte, la biblioteca ha quedat for\u00e7a equipada, per\u00f2 cada any requereix d&#8217;un m\u00ednim d&#8217;aportaci\u00f3 per anar-la mantenint actualitzada. Aquesta aportaci\u00f3 ve tant de l&#8217;escola com de l&#8217;AMPA.<\/p>\n<p>&nbsp;<\/p>\n<ul style=\"list-style-type: disc;\">\n<li><u><\/u><strong>RECICLATGE:<\/strong><\/li>\n<\/ul>\n<p>Aquest curs escolar continuarem treballant el tema del reciclatge dins i fora de l\u2019escola.\u00a0Repartim contenidors per l\u2019escola i pel pati (paper, envasos, rebuig i org\u00e0nica).<\/p>\n<p>&nbsp;<\/p>\n<ul style=\"list-style-type: disc;\">\n<li><strong>ESMORZARS SALUDABLES:<\/strong><\/li>\n<\/ul>\n<p>Continuarem fomentant els bons h\u00e0bits alimentaris. Cada dimecres els alumnes portaran fruita per esmorzar.<\/p>\n<p>&nbsp;<\/p>\n<ul style=\"list-style-type: disc;\">\n<li><strong>ACTIVITATS AMB L\u2019AFA (Associaci\u00f3 de Fam\u00edlies d&#8217;Alumnat):<\/strong><\/li>\n<\/ul>\n<p>Cada una de les escoles establir\u00e0 un calendari de trobada amb els\/les membres de les respectives AFA&#8217;S.<\/p>\n","protected":false},"excerpt":{"rendered":"<p><a href=\"https:\/\/agora.xtec.cat\/zerventsere\/wp-content\/uploads\/usu867\/2022\/01\/29783-scaled.jpg\"><\/a><\/p>\n<ul style=\"list-style-type: disc;\">\n<li>TALLERS INTERDISCIPLINARS I INTERNIVELLS:<\/li>\n<\/ul>\n<p>En el treball de l\u2019educaci\u00f3 pl\u00e0stica les dues escoles mantindrem la mateixa estructura d\u2019organitzaci\u00f3 en tallers.\u00a0S\u2019organitzen grups amb els alumnes de prim\u00e0ria barrejant tots els nivells. Els alumnes d&#8217;Educaci\u00f3 Infantil formen grups de tallers, tamb\u00e9 barrejant nivells.<br \/>\nL\u2019activitat es dur\u00e0&hellip;  <a href=\"https:\/\/agora.xtec.cat\/zerventsere\/zer\/que-fem\/\" title=\"Read Qu\u00e8 fem\">Llegeix m\u00e9s\u00bb<\/a><\/p>\n","protected":false},"author":1,"featured_media":0,"parent":19,"menu_order":40,"comment_status":"closed","ping_status":"closed","template":"page-templates\/side-menu.php","meta":{"_bbp_topic_count":0,"_bbp_reply_count":0,"_bbp_total_topic_count":0,"_bbp_total_reply_count":0,"_bbp_voice_count":0,"_bbp_anonymous_reply_count":0,"_bbp_topic_count_hidden":0,"_bbp_reply_count_hidden":0,"_bbp_forum_subforum_count":0,"footnotes":""},"class_list":["post-297","page","type-page","status-publish","hentry"],"post_mailing_queue_ids":[],"_links":{"self":[{"href":"https:\/\/agora.xtec.cat\/zerventsere\/wp-json\/wp\/v2\/pages\/297","targetHints":{"allow":["GET"]}}],"collection":[{"href":"https:\/\/agora.xtec.cat\/zerventsere\/wp-json\/wp\/v2\/pages"}],"about":[{"href":"https:\/\/agora.xtec.cat\/zerventsere\/wp-json\/wp\/v2\/types\/page"}],"author":[{"embeddable":true,"href":"https:\/\/agora.xtec.cat\/zerventsere\/wp-json\/wp\/v2\/users\/1"}],"replies":[{"embeddable":true,"href":"https:\/\/agora.xtec.cat\/zerventsere\/wp-json\/wp\/v2\/comments?post=297"}],"version-history":[{"count":4,"href":"https:\/\/agora.xtec.cat\/zerventsere\/wp-json\/wp\/v2\/pages\/297\/revisions"}],"predecessor-version":[{"id":5500,"href":"https:\/\/agora.xtec.cat\/zerventsere\/wp-json\/wp\/v2\/pages\/297\/revisions\/5500"}],"up":[{"embeddable":true,"href":"https:\/\/agora.xtec.cat\/zerventsere\/wp-json\/wp\/v2\/pages\/19"}],"wp:attachment":[{"href":"https:\/\/agora.xtec.cat\/zerventsere\/wp-json\/wp\/v2\/media?parent=297"}],"curies":[{"name":"wp","href":"https:\/\/api.w.org\/{rel}","templated":true}]}}

Què fem

<p><a href="https://agora.xtec.cat/zerventsere/wp-content/uploads/usu867/2022/01/29783-scaled.jpg"><img loading="lazy" decoding="async" class="wp-image-5498 aligncenter" src="https://agora.xtec.cat/zerventsere/wp-content/uploads/usu867/2022/01/29783-1024x396.jpg" alt="" width="485" height="188" srcset="https://agora.xtec.cat/zerventsere/wp-content/uploads/usu867/2022/01/29783-1024x396.jpg 1024w, https://agora.xtec.cat/zerventsere/wp-content/uploads/usu867/2022/01/29783-300x116.jpg 300w, https://agora.xtec.cat/zerventsere/wp-content/uploads/usu867/2022/01/29783-768x297.jpg 768w, https://agora.xtec.cat/zerventsere/wp-content/uploads/usu867/2022/01/29783-1536x593.jpg 1536w, https://agora.xtec.cat/zerventsere/wp-content/uploads/usu867/2022/01/29783-2048x791.jpg 2048w" sizes="auto, (max-width: 485px) 100vw, 485px" /></a></p>
<ul style="list-style-type: disc;">
<li><strong>TALLERS INTERDISCIPLINARS I INTERNIVELLS:</strong></li>
</ul>
<p>En el treball de l’educació plàstica les dues escoles mantindrem la mateixa estructura d’organització en tallers. S’organitzen grups amb els alumnes de primària barrejant tots els nivells. Els alumnes d&#8217;Educació Infantil formen grups de tallers, també barrejant nivells.</p>
<p>L’activitat es durà a terme a Castellnou els dimecres a la tarda i a Vila-sana els divendres tarda.</p>
<p>&nbsp;</p>
<ul style="list-style-type: disc;">
<li><strong>ASSEMBLEA:</strong></li>
</ul>
<p>L’activitat continuarà amb el mateix funcionament que fins ara i es durà a terme a les dues escoles un dia al mes el qual cada escola determinarà.</p>
<p><u></u>El Delegat de classe serà l’encarregat de dur les propostes i opinions del grup dins l’assemblea. Es crea la figura del Moderador i encarregat de redactar l’acta de la sessió.</p>
<p>Les propostes i acords quedaran registrats en un cartell a l’entrada de l’escola i serà visible per a tothom.</p>
<p>&nbsp;</p>
<ul style="list-style-type: disc;">
<li><strong>LLENGUATGE ORAL I ESCRIT:</strong></li>
</ul>
<p>Després de l’experiència dels darrers cursos, hem constatat que cal continuar amb el treball de la llengua oral ja que la necessitat i la diversitat lingüística dins els diferents grups de l’escola continuen sent-hi presents.</p>
<p>Les activitats proposades són:</p>
<ul>
<li>Dinamitzar la utilització dels mitjans audiovisuals, per tal d’afavorir el col·loqui i el diàleg entre els alumnes.</li>
<li>Treballar amb l’enregistrament de les veus per tal d’analitzar-les.</li>
<li>Dur a terme alguna activitat de teatre per millorar l’expressió oral amb el suport de l’expressió corporal (cada dos anys).</li>
<li>Recitacions de Rodolins, poemes i textos curts en veu alta, individualment o en grup, que prèviament hauran d’haver memoritzat.</li>
<li>Treballar les conferències (parlar amb públic i veu alta).</li>
<li>Treballs orals des de l’educació infantil: roda de contes, supergranllibre, superescriptura, el protagonista, el reporter, fem de cuiners&#8230;</li>
</ul>
<p>&nbsp;</p>
<ul style="list-style-type: disc;">
<li><strong>LA BIBLIOTECA A L’ESCOLA:</strong></li>
</ul>
<p>A nivell de ZER, aquests darrers anys es va portar a terme el Projecte de Biblioteca PUNTEDU, el projecte ha finalitzat, però la feina continua. La biblioteca de cada escola està en ple funcionament.</p>
<p>Gràcies a la dotació econòmica del Departament d’Ensenyament després d&#8217;endegar el projecte, la biblioteca ha quedat força equipada, però cada any requereix d&#8217;un mínim d&#8217;aportació per anar-la mantenint actualitzada. Aquesta aportació ve tant de l&#8217;escola com de l&#8217;AMPA.</p>
<p>&nbsp;</p>
<ul style="list-style-type: disc;">
<li><u></u><strong>RECICLATGE:</strong></li>
</ul>
<p>Aquest curs escolar continuarem treballant el tema del reciclatge dins i fora de l’escola. Repartim contenidors per l’escola i pel pati (paper, envasos, rebuig i orgànica).</p>
<p>&nbsp;</p>
<ul style="list-style-type: disc;">
<li><strong>ESMORZARS SALUDABLES:</strong></li>
</ul>
<p>Continuarem fomentant els bons hàbits alimentaris. Cada dimecres els alumnes portaran fruita per esmorzar.</p>
<p>&nbsp;</p>
<ul style="list-style-type: disc;">
<li><strong>ACTIVITATS AMB L’AFA (Associació de Famílies d&#8217;Alumnat):</strong></li>
</ul>
<p>Cada una de les escoles establirà un calendari de trobada amb els/les membres de les respectives AFA&#8217;S.</p>

<p><a href="https://agora.xtec.cat/zerventsere/wp-content/uploads/usu867/2022/01/29783-scaled.jpg"></a></p>
<ul style="list-style-type: disc;">
<li>TALLERS INTERDISCIPLINARS I INTERNIVELLS:</li>
</ul>
<p>En el treball de l’educació plàstica les dues escoles mantindrem la mateixa estructura d’organització en tallers. S’organitzen grups amb els alumnes de primària barrejant tots els nivells. Els alumnes d&#8217;Educació Infantil formen grups de tallers, també barrejant nivells.<br />
L’activitat es durà&hellip;  <a href="https://agora.xtec.cat/zerventsere/zer/que-fem/" title="Read Què fem">Llegeix més»</a></p>
