{"id":258,"date":"2015-07-20T12:40:06","date_gmt":"2015-07-20T11:40:06","guid":{"rendered":"http:\/\/agora.xtec.cat\/zerventsere\/?page_id=258"},"modified":"2026-01-21T13:46:09","modified_gmt":"2026-01-21T12:46:09","slug":"qui-som","status":"publish","type":"page","link":"https:\/\/agora.xtec.cat\/zerventsere\/zer\/qui-som\/","title":{"rendered":"Qui som"},"content":{"rendered":"<p>La ZER Vent Ser\u00e8 est\u00e0 formada per dues escoles, l&#8217;escola Moss\u00e8n Ton Clav\u00e9 de Vila-sana i l&#8217;escola l&#8217;Estel de Castellnou de Seana. Es troba situada a la comarca del Pla d&#8217;Urgell.<\/p>\n<p>Ambdues escoles formen part de dues poblacions petites.<\/p>\n<p>La majoria de la poblaci\u00f3 viu de l&#8217;agricultura i la ramaderia.<\/p>\n<p>Als dos pobles hi ha diverses entitats culturals i esportives aix\u00ed com tamb\u00e9 alguns edificis culturals i recreatius.<\/p>\n<p><a href=\"https:\/\/agora.xtec.cat\/zerventsere\/wp-content\/uploads\/usu867\/2024\/11\/TRIPTIC-23-24_page-0001.jpg\"><img loading=\"lazy\" decoding=\"async\" class=\"alignnone size-large wp-image-6645\" src=\"https:\/\/agora.xtec.cat\/zerventsere\/wp-content\/uploads\/usu867\/2024\/11\/TRIPTIC-23-24_page-0001-1024x663.jpg\" alt=\"\" width=\"1024\" height=\"663\" \/><\/a> <a href=\"https:\/\/agora.xtec.cat\/zerventsere\/wp-content\/uploads\/usu867\/2024\/11\/TRIPTIC-23-24_page-0002.jpg\"><img loading=\"lazy\" decoding=\"async\" class=\"alignnone size-large wp-image-6644\" src=\"https:\/\/agora.xtec.cat\/zerventsere\/wp-content\/uploads\/usu867\/2024\/11\/TRIPTIC-23-24_page-0002-1024x663.jpg\" alt=\"\" width=\"1024\" height=\"663\" \/><\/a><\/p>\n<p>&nbsp;<\/p>\n<p>&nbsp;<\/p>\n<p>&nbsp;<\/p>\n","protected":false},"excerpt":{"rendered":"<p>La ZER Vent Ser\u00e8 est\u00e0 formada per dues escoles, l&#8217;escola Moss\u00e8n Ton Clav\u00e9 de Vila-sana i l&#8217;escola l&#8217;Estel de Castellnou de Seana. Es troba situada a la comarca del Pla d&#8217;Urgell.<br \/>\nAmbdues escoles formen part de dues poblacions petites.<br \/>\nLa majoria de la poblaci\u00f3 viu de l&#8217;agricultura&hellip;  <a href=\"https:\/\/agora.xtec.cat\/zerventsere\/zer\/qui-som\/\" title=\"Read Qui som\">Llegeix m\u00e9s\u00bb<\/a><\/p>\n","protected":false},"author":1,"featured_media":0,"parent":19,"menu_order":0,"comment_status":"closed","ping_status":"closed","template":"page-templates\/side-menu.php","meta":{"_bbp_topic_count":0,"_bbp_reply_count":0,"_bbp_total_topic_count":0,"_bbp_total_reply_count":0,"_bbp_voice_count":0,"_bbp_anonymous_reply_count":0,"_bbp_topic_count_hidden":0,"_bbp_reply_count_hidden":0,"_bbp_forum_subforum_count":0,"footnotes":""},"class_list":["post-258","page","type-page","status-publish","hentry"],"post_mailing_queue_ids":[],"_links":{"self":[{"href":"https:\/\/agora.xtec.cat\/zerventsere\/wp-json\/wp\/v2\/pages\/258","targetHints":{"allow":["GET"]}}],"collection":[{"href":"https:\/\/agora.xtec.cat\/zerventsere\/wp-json\/wp\/v2\/pages"}],"about":[{"href":"https:\/\/agora.xtec.cat\/zerventsere\/wp-json\/wp\/v2\/types\/page"}],"author":[{"embeddable":true,"href":"https:\/\/agora.xtec.cat\/zerventsere\/wp-json\/wp\/v2\/users\/1"}],"replies":[{"embeddable":true,"href":"https:\/\/agora.xtec.cat\/zerventsere\/wp-json\/wp\/v2\/comments?post=258"}],"version-history":[{"count":5,"href":"https:\/\/agora.xtec.cat\/zerventsere\/wp-json\/wp\/v2\/pages\/258\/revisions"}],"predecessor-version":[{"id":6838,"href":"https:\/\/agora.xtec.cat\/zerventsere\/wp-json\/wp\/v2\/pages\/258\/revisions\/6838"}],"up":[{"embeddable":true,"href":"https:\/\/agora.xtec.cat\/zerventsere\/wp-json\/wp\/v2\/pages\/19"}],"wp:attachment":[{"href":"https:\/\/agora.xtec.cat\/zerventsere\/wp-json\/wp\/v2\/media?parent=258"}],"curies":[{"name":"wp","href":"https:\/\/api.w.org\/{rel}","templated":true}]}}

<p>La ZER Vent Serè està formada per dues escoles, l&#8217;escola Mossèn Ton Clavé de Vila-sana i l&#8217;escola l&#8217;Estel de Castellnou de Seana. Es troba situada a la comarca del Pla d&#8217;Urgell.</p>
<p>Ambdues escoles formen part de dues poblacions petites.</p>
<p>La majoria de la població viu de l&#8217;agricultura i la ramaderia.</p>
<p>Als dos pobles hi ha diverses entitats culturals i esportives així com també alguns edificis culturals i recreatius.</p>
<p><a href="https://agora.xtec.cat/zerventsere/wp-content/uploads/usu867/2024/11/TRIPTIC-23-24_page-0001.jpg"><img loading="lazy" decoding="async" class="alignnone size-large wp-image-6645" src="https://agora.xtec.cat/zerventsere/wp-content/uploads/usu867/2024/11/TRIPTIC-23-24_page-0001-1024x663.jpg" alt="" width="1024" height="663" /></a> <a href="https://agora.xtec.cat/zerventsere/wp-content/uploads/usu867/2024/11/TRIPTIC-23-24_page-0002.jpg"><img loading="lazy" decoding="async" class="alignnone size-large wp-image-6644" src="https://agora.xtec.cat/zerventsere/wp-content/uploads/usu867/2024/11/TRIPTIC-23-24_page-0002-1024x663.jpg" alt="" width="1024" height="663" /></a></p>
<p>&nbsp;</p>
<p>&nbsp;</p>
<p>&nbsp;</p>

<p>La ZER Vent Serè està formada per dues escoles, l&#8217;escola Mossèn Ton Clavé de Vila-sana i l&#8217;escola l&#8217;Estel de Castellnou de Seana. Es troba situada a la comarca del Pla d&#8217;Urgell.<br />
Ambdues escoles formen part de dues poblacions petites.<br />
La majoria de la població viu de l&#8217;agricultura&hellip;  <a href="https://agora.xtec.cat/zerventsere/zer/qui-som/" title="Read Qui som">Llegeix més»</a></p>
