{"id":10696,"date":"2026-02-11T10:23:27","date_gmt":"2026-02-11T09:23:27","guid":{"rendered":"https:\/\/agora.xtec.cat\/zerserrallarga\/?page_id=10696"},"modified":"2026-02-11T10:34:59","modified_gmt":"2026-02-11T09:34:59","slug":"menjador-escolar","status":"publish","type":"page","link":"https:\/\/agora.xtec.cat\/zerserrallarga\/menjador-escolar\/","title":{"rendered":"Menjador escolar"},"content":{"rendered":"\n<p>La ZER disposa de servei de menjador.<\/p>\n\n\n\n<p>La gesti\u00f3 d&#8217;aquest servei va a c\u00e0rrec de l&#8217;empresa COMERTEL S.A.<\/p>\n\n\n\n<p>Visiteu aquesta web per tal de poder consultar el men\u00fa de cada dia del vostre centre escolar: Escola Sant Sebasti\u00e0, Escola Sant Blai o Escola Santa Maria.<\/p>\n\n\n\n<figure class=\"wp-block-image size-full is-resized\"><a href=\"https:\/\/www.elgustodecrecer.es\/\"><img loading=\"lazy\" decoding=\"async\" width=\"282\" height=\"96\" src=\"https:\/\/agora.xtec.cat\/zerserrallarga\/wp-content\/uploads\/usu976\/2026\/02\/el-gust-de-creixer.png\" alt=\"\" class=\"wp-image-10697\" style=\"width:279px;height:auto\"\/><\/a><\/figure>\n\n\n\n<div data-wp-interactive=\"core\/file\" class=\"wp-block-file\"><object data-wp-bind--hidden=\"!state.hasPdfPreview\" hidden class=\"wp-block-file__embed\" data=\"https:\/\/agora.xtec.cat\/zerserrallarga\/wp-content\/uploads\/usu976\/2026\/02\/CIRCULAR-INSCRIPCIO-MENJADOR-COMERTEL-25-26.pdf\" type=\"application\/pdf\" style=\"width:100%;height:600px\" aria-label=\"Incrustaci\u00f3 del fitxer CIRCULAR INSCRIPCI\u00d3 MENJADOR COMERTEL 25-26.\"><\/object><a id=\"wp-block-file--media-1d8d13d8-a829-46bc-b3ba-74fea95af557\" href=\"https:\/\/agora.xtec.cat\/zerserrallarga\/wp-content\/uploads\/usu976\/2026\/02\/CIRCULAR-INSCRIPCIO-MENJADOR-COMERTEL-25-26.pdf\">CIRCULAR INSCRIPCI\u00d3 MENJADOR COMERTEL 25-26<\/a><a href=\"https:\/\/agora.xtec.cat\/zerserrallarga\/wp-content\/uploads\/usu976\/2026\/02\/CIRCULAR-INSCRIPCIO-MENJADOR-COMERTEL-25-26.pdf\" class=\"wp-block-file__button wp-element-button\" download aria-describedby=\"wp-block-file--media-1d8d13d8-a829-46bc-b3ba-74fea95af557\">Baixa<\/a><\/div>\n\n\n\n<div data-wp-interactive=\"core\/file\" class=\"wp-block-file\"><object data-wp-bind--hidden=\"!state.hasPdfPreview\" hidden class=\"wp-block-file__embed\" data=\"https:\/\/agora.xtec.cat\/zerserrallarga\/wp-content\/uploads\/usu976\/2026\/02\/Fitxa-online-GDC-Manual.pdf\" type=\"application\/pdf\" style=\"width:100%;height:600px\" aria-label=\"Incrustaci\u00f3 del fitxer Fitxa online GDC Manual.\"><\/object><a id=\"wp-block-file--media-ee2b6ef3-e7ca-40d6-ac58-26f6ec67e085\" href=\"https:\/\/agora.xtec.cat\/zerserrallarga\/wp-content\/uploads\/usu976\/2026\/02\/Fitxa-online-GDC-Manual.pdf\">Fitxa online GDC Manual<\/a><a href=\"https:\/\/agora.xtec.cat\/zerserrallarga\/wp-content\/uploads\/usu976\/2026\/02\/Fitxa-online-GDC-Manual.pdf\" class=\"wp-block-file__button wp-element-button\" download aria-describedby=\"wp-block-file--media-ee2b6ef3-e7ca-40d6-ac58-26f6ec67e085\">Baixa<\/a><\/div>\n","protected":false},"excerpt":{"rendered":"<p>La ZER disposa de servei de menjador. La gesti\u00f3 d&#8217;aquest servei va a c\u00e0rrec de l&#8217;empresa COMERTEL S.A. Visiteu aquesta web per tal de poder consultar el men\u00fa de cada dia del vostre centre escolar: Escola Sant Sebasti\u00e0, Escola Sant Blai o Escola Santa Maria.<\/p>\n","protected":false},"author":1,"featured_media":0,"parent":0,"menu_order":0,"comment_status":"closed","ping_status":"close","template":"","meta":{"_bbp_topic_count":0,"_bbp_reply_count":0,"_bbp_total_topic_count":0,"_bbp_total_reply_count":0,"_bbp_voice_count":0,"_bbp_anonymous_reply_count":0,"_bbp_topic_count_hidden":0,"_bbp_reply_count_hidden":0,"_bbp_forum_subforum_count":0,"site-sidebar-layout":"default","site-content-layout":"","ast-site-content-layout":"default","site-content-style":"default","site-sidebar-style":"default","ast-global-header-display":"","ast-banner-title-visibility":"","ast-main-header-display":"","ast-hfb-above-header-display":"","ast-hfb-below-header-display":"","ast-hfb-mobile-header-display":"","site-post-title":"","ast-breadcrumbs-content":"","ast-featured-img":"","footer-sml-layout":"","theme-transparent-header-meta":"","adv-header-id-meta":"","stick-header-meta":"","header-above-stick-meta":"","header-main-stick-meta":"","header-below-stick-meta":"","astra-migrate-meta-layouts":"set","ast-page-background-enabled":"default","ast-page-background-meta":{"desktop":{"background-color":"var(--ast-global-color-4)","background-image":"","background-repeat":"repeat","background-position":"center center","background-size":"auto","background-attachment":"scroll","background-type":"","background-media":"","overlay-type":"","overlay-color":"","overlay-opacity":"","overlay-gradient":""},"tablet":{"background-color":"","background-image":"","background-repeat":"repeat","background-position":"center center","background-size":"auto","background-attachment":"scroll","background-type":"","background-media":"","overlay-type":"","overlay-color":"","overlay-opacity":"","overlay-gradient":""},"mobile":{"background-color":"","background-image":"","background-repeat":"repeat","background-position":"center center","background-size":"auto","background-attachment":"scroll","background-type":"","background-media":"","overlay-type":"","overlay-color":"","overlay-opacity":"","overlay-gradient":""}},"ast-content-background-meta":{"desktop":{"background-color":"var(--ast-global-color-5)","background-image":"","background-repeat":"repeat","background-position":"center center","background-size":"auto","background-attachment":"scroll","background-type":"","background-media":"","overlay-type":"","overlay-color":"","overlay-opacity":"","overlay-gradient":""},"tablet":{"background-color":"var(--ast-global-color-5)","background-image":"","background-repeat":"repeat","background-position":"center center","background-size":"auto","background-attachment":"scroll","background-type":"","background-media":"","overlay-type":"","overlay-color":"","overlay-opacity":"","overlay-gradient":""},"mobile":{"background-color":"var(--ast-global-color-5)","background-image":"","background-repeat":"repeat","background-position":"center center","background-size":"auto","background-attachment":"scroll","background-type":"","background-media":"","overlay-type":"","overlay-color":"","overlay-opacity":"","overlay-gradient":""}},"footnotes":""},"class_list":["post-10696","page","type-page","status-publish","hentry"],"post_mailing_queue_ids":[],"_links":{"self":[{"href":"https:\/\/agora.xtec.cat\/zerserrallarga\/wp-json\/wp\/v2\/pages\/10696","targetHints":{"allow":["GET"]}}],"collection":[{"href":"https:\/\/agora.xtec.cat\/zerserrallarga\/wp-json\/wp\/v2\/pages"}],"about":[{"href":"https:\/\/agora.xtec.cat\/zerserrallarga\/wp-json\/wp\/v2\/types\/page"}],"author":[{"embeddable":true,"href":"https:\/\/agora.xtec.cat\/zerserrallarga\/wp-json\/wp\/v2\/users\/1"}],"replies":[{"embeddable":true,"href":"https:\/\/agora.xtec.cat\/zerserrallarga\/wp-json\/wp\/v2\/comments?post=10696"}],"version-history":[{"count":2,"href":"https:\/\/agora.xtec.cat\/zerserrallarga\/wp-json\/wp\/v2\/pages\/10696\/revisions"}],"predecessor-version":[{"id":10703,"href":"https:\/\/agora.xtec.cat\/zerserrallarga\/wp-json\/wp\/v2\/pages\/10696\/revisions\/10703"}],"wp:attachment":[{"href":"https:\/\/agora.xtec.cat\/zerserrallarga\/wp-json\/wp\/v2\/media?parent=10696"}],"curies":[{"name":"wp","href":"https:\/\/api.w.org\/{rel}","templated":true}]}}