{"id":64,"date":"2014-09-18T12:39:08","date_gmt":"2014-09-18T11:39:08","guid":{"rendered":"http:\/\/agora.xtec.cat\/zerriuavall\/?page_id=64"},"modified":"2025-07-18T15:33:23","modified_gmt":"2025-07-18T13:33:23","slug":"projecte-educatiu","status":"publish","type":"page","link":"https:\/\/agora.xtec.cat\/zerriuavall\/zer-riu-avall\/projecte-educatiu\/","title":{"rendered":"Projecte educatiu"},"content":{"rendered":"<p>D&#8217;acord amb la <a title=\"Article 91 LEC\" href=\"http:\/\/www20.gencat.cat\/portal\/site\/portaljuridic\/menuitem.d15a4e5dfb99396dc366ec10b0c0e1a0\/?vgnextoid=b85297b5a87d6210VgnVCM1000000b0c1e0aRCRD&amp;vgnextchannel=b85297b5a87d6210VgnVCM1000000b0c1e0aRCRD&amp;vgnextfmt=default&amp;action=fitxa&amp;portalId=1&amp;documentId=480169&amp;newLang=ca_ES#fragment-1182442\" target=\"_blank\" rel=\"noopener noreferrer\">Llei d&#8217;Educaci\u00f3 de Catalunya<\/a>, el projecte educatiu incorpora el car\u00e0cter propi del centre cont\u00e9 els elements seg\u00fcents:<\/p>\n<ol>\n<li>Context<\/li>\n<li>Identitat i car\u00e0cter propi<\/li>\n<li>Caracter\u00edstiques de la ZER<\/li>\n<li>Plantejaments educatius<\/li>\n<li>El curr\u00edculum<\/li>\n<li>L\u2019organitzaci\u00f3<\/li>\n<li>La inclusi\u00f3<\/li>\n<li>Conviv\u00e8ncia<\/li>\n<li>L\u2019orientaci\u00f3 i la tutoria<\/li>\n<li>La participaci\u00f3<\/li>\n<li>L\u2019avaluaci\u00f3 interna<\/li>\n<li>La projecci\u00f3 externa i atenci\u00f3 a l&#8217;usuari<\/li>\n<li>ANNEX\n<ol>\n<li>Annex 1\u00a0 \u00a0 <span style=\"font-weight: 400;\">El projecte ling\u00fc\u00edstic<\/span><span style=\"font-weight: 400;\">\u00a0 <\/span><span style=\"font-weight: 400;\">\u00a0 <\/span><\/li>\n<li>Annex 2\u00a0 \u00a0 <span style=\"font-weight: 400;\">El pla lector<\/span><\/li>\n<li>Annex 3 \u00a0 <span style=\"font-weight: 400;\">\u00a0Acords d\u2019escriptura<\/span><\/li>\n<li>Annex 4<span style=\"font-weight: 400;\"> \u00a0 \u00a0 Acords de comunicaci\u00f3 oral <\/span><\/li>\n<li>Annex 5<span style=\"font-weight: 400;\"> \u00a0 \u00a0 Acords matem\u00e0tics<\/span><\/li>\n<li>Annex 6\u00a0 \u00a0 <span style=\"font-weight: 400;\">Pla d\u2019acollida<\/span><\/li>\n<li>Annex 7\u00a0 \u00a0 <span style=\"font-weight: 400;\">Pla d&#8217;atenci\u00f3 a la diversitat<\/span><\/li>\n<li>Annex 8\u00a0 \u00a0 <span style=\"font-weight: 400;\">Pla de conviv\u00e8ncia<\/span><\/li>\n<li>Annex 9\u00a0 \u00a0 <span style=\"font-weight: 400;\">Pla d\u2019acci\u00f3 tutorial<\/span><\/li>\n<li>Annex 10\u00a0 <span style=\"font-weight: 400;\">Pla de tecnologies i aprenentatge del coneixement<\/span><\/li>\n<li>Annex 11\u00a0 <span style=\"font-weight: 400;\">Normes d\u2019organitzaci\u00f3 i funcionament de ZER<\/span><\/li>\n<li>Annex 12\u00a0 <span style=\"font-weight: 400;\">Carta de comprom\u00eds<\/span><\/li>\n<li>Annex 13\u00a0 <span style=\"font-weight: 400;\">Perm\u00eds de drets d\u2019autors<\/span><\/li>\n<li>Annex 14\u00a0 <span style=\"font-weight: 400;\">Pla d\u2019emerg\u00e8ncia<\/span><\/li>\n<li>Annex 15\u00a0 <span style=\"font-weight: 400;\">Programa d\u2019innovaci\u00f3 (GEP)<\/span><\/li>\n<li>Annex 16\u00a0 <span style=\"font-weight: 400;\">Programa d\u2019innovaci\u00f3 Apadrinem el nostre territori<\/span><\/li>\n<li>Annex 17\u00a0 <span style=\"font-weight: 400;\">Programa d\u2019innovaci\u00f3 de comunicaci\u00f3 digital<\/span><\/li>\n<li>Annex 18\u00a0 <span style=\"font-weight: 400;\">Extracte del PE<\/span><\/li>\n<\/ol>\n<\/li>\n<\/ol>\n<p><a href=\"https:\/\/drive.google.com\/file\/d\/1EtbeL1ClV-rQI4JlMdeFC2X6MURwob3s\/view?usp=drive_link\">PROJECTE EDUCATIU ZER RIU AVALL<\/a><\/p>\n","protected":false},"excerpt":{"rendered":"<p>D&#8217;acord amb la <a title=\"Article 91 LEC\" href=\"http:\/\/www20.gencat.cat\/portal\/site\/portaljuridic\/menuitem.d15a4e5dfb99396dc366ec10b0c0e1a0\/?vgnextoid=b85297b5a87d6210VgnVCM1000000b0c1e0aRCRD&amp;vgnextchannel=b85297b5a87d6210VgnVCM1000000b0c1e0aRCRD&amp;vgnextfmt=default&amp;action=fitxa&amp;portalId=1&amp;documentId=480169&amp;newLang=ca_ES#fragment-1182442\" target=\"_blank\" rel=\"noopener noreferrer\">Llei d&#8217;Educaci\u00f3 de Catalunya<\/a>, el projecte educatiu incorpora el car\u00e0cter propi del centre cont\u00e9 els elements seg\u00fcents:<\/p>\n<ol>\n<li>Context<\/li>\n<li>Identitat i car\u00e0cter propi<\/li>\n<li>Caracter\u00edstiques de la ZER<\/li>\n<li>Plantejaments educatius<\/li>\n<li>El curr\u00edculum<\/li>\n<li>L\u2019organitzaci\u00f3<\/li>\n<li>La inclusi\u00f3<\/li>\n<li>Conviv\u00e8ncia<\/li>\n<li>L\u2019orientaci\u00f3 i la tutoria<\/li>\n<li>La participaci\u00f3<\/li>\n<li>L\u2019avaluaci\u00f3 interna<\/li>\n<li>La projecci\u00f3 externa i atenci\u00f3&hellip;  <a href=\"https:\/\/agora.xtec.cat\/zerriuavall\/zer-riu-avall\/projecte-educatiu\/\" title=\"Read Projecte educatiu\">Llegeix m\u00e9s\u00bb<\/a><br \/>\n","protected":false},"author":2,"featured_media":0,"parent":253,"menu_order":0,"comment_status":"closed","ping_status":"closed","template":"page-templates\/side-menu.php","meta":{"_bbp_topic_count":0,"_bbp_reply_count":0,"_bbp_total_topic_count":0,"_bbp_total_reply_count":0,"_bbp_voice_count":0,"_bbp_anonymous_reply_count":0,"_bbp_topic_count_hidden":0,"_bbp_reply_count_hidden":0,"_bbp_forum_subforum_count":0,"footnotes":""},"class_list":["post-64","page","type-page","status-publish","hentry"],"post_mailing_queue_ids":[],"_links":{"self":[{"href":"https:\/\/agora.xtec.cat\/zerriuavall\/wp-json\/wp\/v2\/pages\/64","targetHints":{"allow":["GET"]}}],"collection":[{"href":"https:\/\/agora.xtec.cat\/zerriuavall\/wp-json\/wp\/v2\/pages"}],"about":[{"href":"https:\/\/agora.xtec.cat\/zerriuavall\/wp-json\/wp\/v2\/types\/page"}],"author":[{"embeddable":true,"href":"https:\/\/agora.xtec.cat\/zerriuavall\/wp-json\/wp\/v2\/users\/2"}],"replies":[{"embeddable":true,"href":"https:\/\/agora.xtec.cat\/zerriuavall\/wp-json\/wp\/v2\/comments?post=64"}],"version-history":[{"count":6,"href":"https:\/\/agora.xtec.cat\/zerriuavall\/wp-json\/wp\/v2\/pages\/64\/revisions"}],"predecessor-version":[{"id":3706,"href":"https:\/\/agora.xtec.cat\/zerriuavall\/wp-json\/wp\/v2\/pages\/64\/revisions\/3706"}],"up":[{"embeddable":true,"href":"https:\/\/agora.xtec.cat\/zerriuavall\/wp-json\/wp\/v2\/pages\/253"}],"wp:attachment":[{"href":"https:\/\/agora.xtec.cat\/zerriuavall\/wp-json\/wp\/v2\/media?parent=64"}],"curies":[{"name":"wp","href":"https:\/\/api.w.org\/{rel}","templated":true}]}}

<p>D&#8217;acord amb la <a title="Article 91 LEC" href="http://www20.gencat.cat/portal/site/portaljuridic/menuitem.d15a4e5dfb99396dc366ec10b0c0e1a0/?vgnextoid=b85297b5a87d6210VgnVCM1000000b0c1e0aRCRD&amp;vgnextchannel=b85297b5a87d6210VgnVCM1000000b0c1e0aRCRD&amp;vgnextfmt=default&amp;action=fitxa&amp;portalId=1&amp;documentId=480169&amp;newLang=ca_ES#fragment-1182442" target="_blank" rel="noopener noreferrer">Llei d&#8217;Educació de Catalunya</a>, el projecte educatiu incorpora el caràcter propi del centre conté els elements següents:</p>
<ol>
<li>Context</li>
<li>Identitat i caràcter propi</li>
<li>Característiques de la ZER</li>
<li>Plantejaments educatius</li>
<li>El currículum</li>
<li>L’organització</li>
<li>La inclusió</li>
<li>Convivència</li>
<li>L’orientació i la tutoria</li>
<li>La participació</li>
<li>L’avaluació interna</li>
<li>La projecció externa i atenció a l&#8217;usuari</li>
<li>ANNEX
<ol>
<li>Annex 1    <span style="font-weight: 400;">El projecte lingüístic</span><span style="font-weight: 400;">  </span><span style="font-weight: 400;">  </span></li>
<li>Annex 2    <span style="font-weight: 400;">El pla lector</span></li>
<li>Annex 3   <span style="font-weight: 400;"> Acords d’escriptura</span></li>
<li>Annex 4<span style="font-weight: 400;">     Acords de comunicació oral </span></li>
<li>Annex 5<span style="font-weight: 400;">     Acords matemàtics</span></li>
<li>Annex 6    <span style="font-weight: 400;">Pla d’acollida</span></li>
<li>Annex 7    <span style="font-weight: 400;">Pla d&#8217;atenció a la diversitat</span></li>
<li>Annex 8    <span style="font-weight: 400;">Pla de convivència</span></li>
<li>Annex 9    <span style="font-weight: 400;">Pla d’acció tutorial</span></li>
<li>Annex 10  <span style="font-weight: 400;">Pla de tecnologies i aprenentatge del coneixement</span></li>
<li>Annex 11  <span style="font-weight: 400;">Normes d’organització i funcionament de ZER</span></li>
<li>Annex 12  <span style="font-weight: 400;">Carta de compromís</span></li>
<li>Annex 13  <span style="font-weight: 400;">Permís de drets d’autors</span></li>
<li>Annex 14  <span style="font-weight: 400;">Pla d’emergència</span></li>
<li>Annex 15  <span style="font-weight: 400;">Programa d’innovació (GEP)</span></li>
<li>Annex 16  <span style="font-weight: 400;">Programa d’innovació Apadrinem el nostre territori</span></li>
<li>Annex 17  <span style="font-weight: 400;">Programa d’innovació de comunicació digital</span></li>
<li>Annex 18  <span style="font-weight: 400;">Extracte del PE</span></li>
</ol>
</li>
</ol>
<p><a href="https://drive.google.com/file/d/1EtbeL1ClV-rQI4JlMdeFC2X6MURwob3s/view?usp=drive_link">PROJECTE EDUCATIU ZER RIU AVALL</a></p>

<p>D&#8217;acord amb la <a title="Article 91 LEC" href="http://www20.gencat.cat/portal/site/portaljuridic/menuitem.d15a4e5dfb99396dc366ec10b0c0e1a0/?vgnextoid=b85297b5a87d6210VgnVCM1000000b0c1e0aRCRD&amp;vgnextchannel=b85297b5a87d6210VgnVCM1000000b0c1e0aRCRD&amp;vgnextfmt=default&amp;action=fitxa&amp;portalId=1&amp;documentId=480169&amp;newLang=ca_ES#fragment-1182442" target="_blank" rel="noopener noreferrer">Llei d&#8217;Educació de Catalunya</a>, el projecte educatiu incorpora el caràcter propi del centre conté els elements següents:</p>
<ol>
<li>Context</li>
<li>Identitat i caràcter propi</li>
<li>Característiques de la ZER</li>
<li>Plantejaments educatius</li>
<li>El currículum</li>
<li>L’organització</li>
<li>La inclusió</li>
<li>Convivència</li>
<li>L’orientació i la tutoria</li>
<li>La participació</li>
<li>L’avaluació interna</li>
<li>La projecció externa i atenció&hellip;  <a href="https://agora.xtec.cat/zerriuavall/zer-riu-avall/projecte-educatiu/" title="Read Projecte educatiu">Llegeix més»</a><br />
