{"id":3566,"date":"2025-02-12T10:34:29","date_gmt":"2025-02-12T09:34:29","guid":{"rendered":"https:\/\/agora.xtec.cat\/zerriuavall\/?page_id=3566"},"modified":"2026-03-03T15:22:20","modified_gmt":"2026-03-03T14:22:20","slug":"preinscripcio-2025_2026","status":"publish","type":"page","link":"https:\/\/agora.xtec.cat\/zerriuavall\/preinscripcio-2025_2026\/","title":{"rendered":"Preinscripci\u00f3 26_27_LLAR"},"content":{"rendered":"<div id=\"primary\" class=\"site-content\">\n<div id=\"content\" role=\"main\">\n<div class=\"row\">\n<div class=\"large-12 columns\">\n<article id=\"post-540\" class=\"post-540 page type-page status-publish hentry\">\n<div class=\"entry-body\">\n<div class=\"entry-content\">\n<h2 style=\"text-align: center;\"><span style=\"color: #000000;\"><b>Del 04 al 18 de mar\u00e7 2026<\/b><\/span><\/h2>\n<p>&nbsp;<\/p>\n<p><strong>DOCUMENTACI\u00d3 PER A LA PREINSCRIPCI\u00d3 A L&#8217;ESCOLA:<\/strong><\/p>\n<ul>\n<li>DNI de l&#8217;infant<\/li>\n<li>Certificaci\u00f3 electr\u00f2nica de la inscripci\u00f3 de naixement o llibre de fam\u00edlia.<\/li>\n<li style=\"font-weight: 400;\" aria-checked=\"false\" aria-level=\"2\">El DNI o NIE del pare, la mare o el tutor o la tutora de l&#8217;alumne\/a<\/li>\n<li aria-checked=\"false\" aria-level=\"2\">Targeta sanit\u00e0ria de l&#8217;infant<\/li>\n<li aria-checked=\"false\" aria-level=\"2\">Llibre vacunes<\/li>\n<\/ul>\n<p>Podeu contactar al tel\u00e8fon<strong>\u00a0977.596.538 \/ 637.469.997<\/strong> o b\u00e9 al correu <strong>e3003951@xtec.cat<\/strong><\/p>\n<\/div>\n<\/div>\n<\/article>\n<\/div>\n<\/div>\n<\/div>\n<\/div>\n","protected":false},"excerpt":{"rendered":"<p>Del 04 al 18 de mar\u00e7 2026<br \/>\n&nbsp;<br \/>\nDOCUMENTACI\u00d3 PER A LA PREINSCRIPCI\u00d3 A L&#8217;ESCOLA:<\/p>\n<ul>\n<li>DNI de l&#8217;infant<\/li>\n<li>Certificaci\u00f3 electr\u00f2nica de la inscripci\u00f3 de naixement o llibre de fam\u00edlia.<\/li>\n<li style=\"font-weight: 400;\" aria-checked=\"false\" aria-level=\"2\">El DNI o NIE del pare, la mare o el tutor o la tutora de l&#8217;alumne\/a<\/li>\n<li aria-checked=\"false\"&hellip;  <a href=\"https:\/\/agora.xtec.cat\/zerriuavall\/preinscripcio-2025_2026\/\" title=\"Read Preinscripci\u00f3 26_27_LLAR\">Llegeix m\u00e9s\u00bb<\/a><br \/>\n","protected":false},"author":38,"featured_media":0,"parent":0,"menu_order":0,"comment_status":"closed","ping_status":"closed","template":"","meta":{"_bbp_topic_count":0,"_bbp_reply_count":0,"_bbp_total_topic_count":0,"_bbp_total_reply_count":0,"_bbp_voice_count":0,"_bbp_anonymous_reply_count":0,"_bbp_topic_count_hidden":0,"_bbp_reply_count_hidden":0,"_bbp_forum_subforum_count":0,"footnotes":""},"class_list":["post-3566","page","type-page","status-publish","hentry"],"post_mailing_queue_ids":[],"_links":{"self":[{"href":"https:\/\/agora.xtec.cat\/zerriuavall\/wp-json\/wp\/v2\/pages\/3566","targetHints":{"allow":["GET"]}}],"collection":[{"href":"https:\/\/agora.xtec.cat\/zerriuavall\/wp-json\/wp\/v2\/pages"}],"about":[{"href":"https:\/\/agora.xtec.cat\/zerriuavall\/wp-json\/wp\/v2\/types\/page"}],"author":[{"embeddable":true,"href":"https:\/\/agora.xtec.cat\/zerriuavall\/wp-json\/wp\/v2\/users\/38"}],"replies":[{"embeddable":true,"href":"https:\/\/agora.xtec.cat\/zerriuavall\/wp-json\/wp\/v2\/comments?post=3566"}],"version-history":[{"count":7,"href":"https:\/\/agora.xtec.cat\/zerriuavall\/wp-json\/wp\/v2\/pages\/3566\/revisions"}],"predecessor-version":[{"id":3728,"href":"https:\/\/agora.xtec.cat\/zerriuavall\/wp-json\/wp\/v2\/pages\/3566\/revisions\/3728"}],"wp:attachment":[{"href":"https:\/\/agora.xtec.cat\/zerriuavall\/wp-json\/wp\/v2\/media?parent=3566"}],"curies":[{"name":"wp","href":"https:\/\/api.w.org\/{rel}","templated":true}]}}

Preinscripció 26_27_LLAR

<div id="primary" class="site-content">
<div id="content" role="main">
<div class="row">
<div class="large-12 columns">
<article id="post-540" class="post-540 page type-page status-publish hentry">
<div class="entry-body">
<div class="entry-content">
<h2 style="text-align: center;"><span style="color: #000000;"><b>Del 04 al 18 de març 2026</b></span></h2>
<p>&nbsp;</p>
<p><strong>DOCUMENTACIÓ PER A LA PREINSCRIPCIÓ A L&#8217;ESCOLA:</strong></p>
<ul>
<li>DNI de l&#8217;infant</li>
<li>Certificació electrònica de la inscripció de naixement o llibre de família.</li>
<li style="font-weight: 400;" aria-checked="false" aria-level="2">El DNI o NIE del pare, la mare o el tutor o la tutora de l&#8217;alumne/a</li>
<li aria-checked="false" aria-level="2">Targeta sanitària de l&#8217;infant</li>
<li aria-checked="false" aria-level="2">Llibre vacunes</li>
</ul>
<p>Podeu contactar al telèfon<strong> 977.596.538 / 637.469.997</strong> o bé al correu <strong>e3003951@xtec.cat</strong></p>
</div>
</div>
</article>
</div>
</div>
</div>
</div>

<p>Del 04 al 18 de març 2026<br />
&nbsp;<br />
DOCUMENTACIÓ PER A LA PREINSCRIPCIÓ A L&#8217;ESCOLA:</p>
<ul>
<li>DNI de l&#8217;infant</li>
<li>Certificació electrònica de la inscripció de naixement o llibre de família.</li>
<li style="font-weight: 400;" aria-checked="false" aria-level="2">El DNI o NIE del pare, la mare o el tutor o la tutora de l&#8217;alumne/a</li>
<li aria-checked="false"&hellip;  <a href="https://agora.xtec.cat/zerriuavall/preinscripcio-2025_2026/" title="Read Preinscripció 26_27_LLAR">Llegeix més»</a><br />
