{"id":15834,"date":"2025-07-24T12:55:00","date_gmt":"2025-07-24T10:55:00","guid":{"rendered":"https:\/\/agora.xtec.cat\/zerren\/?page_id=15834"},"modified":"2025-07-24T13:02:26","modified_gmt":"2025-07-24T11:02:26","slug":"trobades-de-la-zer","status":"publish","type":"page","link":"https:\/\/agora.xtec.cat\/zerren\/trobades-de-la-zer\/","title":{"rendered":"Trobades de la ZER"},"content":{"rendered":"\n        <div class=\"wp-block-getwid-post-slider custom-post-type-post has-arrows-outside has-dots-outside\">\n            <div data-slider-option=\"{&quot;getwid_fade_effect&quot;:&quot;slide&quot;,&quot;getwid_autoplay&quot;:true,&quot;getwid_pause_on_hover&quot;:true,&quot;getwid_autoplay_speed&quot;:6000,&quot;getwid_infinite&quot;:true,&quot;getwid_animation_speed&quot;:800,&quot;getwid_arrows&quot;:&quot;outside&quot;,&quot;getwid_dots&quot;:&quot;outside&quot;}\" class=\"wp-block-getwid-post-slider__content\">\n                \t\t\t\t\t\t\t<div class=\"wp-block-getwid-post-slider__slide\" style=\"\">\n\t\t\t\t\t\t\t\t\n<div class=\"wp-block-getwid-post-slider__post \">\n            <div class=\"wp-block-getwid-post-slider__post-thumbnail\">\n            <img loading=\"lazy\" decoding=\"async\" width=\"448\" height=\"201\" src=\"https:\/\/agora.xtec.cat\/zerren\/wp-content\/uploads\/usu1075\/2025\/05\/b03154fb-90d4-46a4-ae49-52dbe6cc7cf4.jpg\" class=\"attachment-post-thumbnail size-post-thumbnail wp-post-image\" alt=\"\" srcset=\"https:\/\/agora.xtec.cat\/zerren\/wp-content\/uploads\/usu1075\/2025\/05\/b03154fb-90d4-46a4-ae49-52dbe6cc7cf4.jpg 448w, https:\/\/agora.xtec.cat\/zerren\/wp-content\/uploads\/usu1075\/2025\/05\/b03154fb-90d4-46a4-ae49-52dbe6cc7cf4-300x135.jpg 300w\" sizes=\"auto, (max-width: 448px) 100vw, 448px\" \/>        <\/div>\n        <div class=\"wp-block-getwid-post-slider__post-overlay \"><\/div>\n    <div class=\"wp-block-getwid-post-slider__post-content-wrapper\">\n        <h3 class=\"wp-block-getwid-post-slider__post-title\"><a href=\"https:\/\/agora.xtec.cat\/zerren\/escola-el-tormo\/lalumnat-de-la-zer-es-troba-a-garcia\/\">L\u2019ALUMNAT DE LA ZER ES TROBA A GARCIA<\/a><\/h3>        <div class=\"wp-block-getwid-post-slider__post-excerpt\"><p>El passat dilluns dia 5 de maig a Garcia vam celebrar la XVII Trobada de la ZER. Vam esmorzar tots junts i juntes a la pista a c\u00e0rrec de L\u2019AFA. Ens va visitar l\u2019autor Pep Molist del qual vam llegir els llibres: la comunitat de petits \u201cSedaf\u00ed\u201d, la comunitat de mitjans \u201cLa Ver\u00f2nica vol un [&hellip;]<\/p>\n<\/div>\n    <\/div>\n<\/div>\n\t\t\t\t\t\t\t<\/div>\n\t\t\t\t\t\t\t\t\t\t\t\t\t<div class=\"wp-block-getwid-post-slider__slide\" style=\"\">\n\t\t\t\t\t\t\t\t\n<div class=\"wp-block-getwid-post-slider__post \">\n            <div class=\"wp-block-getwid-post-slider__post-thumbnail\">\n            <img loading=\"lazy\" decoding=\"async\" width=\"681\" height=\"223\" src=\"https:\/\/agora.xtec.cat\/zerren\/wp-content\/uploads\/usu1075\/2023\/03\/Captura-de-pantalla-2025-09-20-113034.jpg\" class=\"attachment-post-thumbnail size-post-thumbnail wp-post-image\" alt=\"\" srcset=\"https:\/\/agora.xtec.cat\/zerren\/wp-content\/uploads\/usu1075\/2023\/03\/Captura-de-pantalla-2025-09-20-113034.jpg 681w, https:\/\/agora.xtec.cat\/zerren\/wp-content\/uploads\/usu1075\/2023\/03\/Captura-de-pantalla-2025-09-20-113034-300x98.jpg 300w\" sizes=\"auto, (max-width: 681px) 100vw, 681px\" \/>        <\/div>\n        <div class=\"wp-block-getwid-post-slider__post-overlay \"><\/div>\n    <div class=\"wp-block-getwid-post-slider__post-content-wrapper\">\n        <h3 class=\"wp-block-getwid-post-slider__post-title\"><a href=\"https:\/\/agora.xtec.cat\/zerren\/escola-el-tormo\/xv-trobada-de-la-zer-ribera-debre-nord\/\">XV Trobada de la ZER Ribera d&#8217;Ebre Nord<\/a><\/h3>        <div class=\"wp-block-getwid-post-slider__post-excerpt\"><p>El passat divendres 24 de mar\u00e7 va tenir lloc a l&#8217;escola El Tormo de la Torre de l&#8217;Espanyol la XV Trobada de la ZER Ribera d&#8217;Ebre Nord, en la que ens vam reunir alumnat i mestres de les escoles El Verger (Garcia), Les Eres (Vinebre) i El Tormo (La Torre). Vam iniciar la trobada donant [&hellip;]<\/p>\n<\/div>\n    <\/div>\n<\/div>\n\t\t\t\t\t\t\t<\/div>\n\t\t\t\t\t\t\t\t\t\t\t\t\t<div class=\"wp-block-getwid-post-slider__slide\" style=\"\">\n\t\t\t\t\t\t\t\t\n<div class=\"wp-block-getwid-post-slider__post \">\n            <div class=\"wp-block-getwid-post-slider__post-thumbnail\">\n            <img loading=\"lazy\" decoding=\"async\" width=\"448\" height=\"336\" src=\"https:\/\/agora.xtec.cat\/zerren\/wp-content\/uploads\/usu1075\/2022\/03\/130e6735-784f-4621-bed2-8f6ca1dc5e98.jpg\" class=\"attachment-post-thumbnail size-post-thumbnail wp-post-image\" alt=\"\" srcset=\"https:\/\/agora.xtec.cat\/zerren\/wp-content\/uploads\/usu1075\/2022\/03\/130e6735-784f-4621-bed2-8f6ca1dc5e98.jpg 448w, https:\/\/agora.xtec.cat\/zerren\/wp-content\/uploads\/usu1075\/2022\/03\/130e6735-784f-4621-bed2-8f6ca1dc5e98-300x225.jpg 300w, https:\/\/agora.xtec.cat\/zerren\/wp-content\/uploads\/usu1075\/2022\/03\/130e6735-784f-4621-bed2-8f6ca1dc5e98-200x150.jpg 200w\" sizes=\"auto, (max-width: 448px) 100vw, 448px\" \/>        <\/div>\n        <div class=\"wp-block-getwid-post-slider__post-overlay \"><\/div>\n    <div class=\"wp-block-getwid-post-slider__post-content-wrapper\">\n        <h3 class=\"wp-block-getwid-post-slider__post-title\"><a href=\"https:\/\/agora.xtec.cat\/zerren\/escola-el-tormo\/xiv-trobada-de-la-zer-a-garcia\/\">XIV TROBADA LITER\u00c0RIA DE LA ZER A GARCIA<\/a><\/h3>        <div class=\"wp-block-getwid-post-slider__post-excerpt\"><p>El 18 de mar\u00e7 vam celebrar la trobada liter\u00e0ria de les tres escoles a Garcia. Quan van arribar l\u2019alumnat de Vinebre i la Torre els vam donat la benvinguda i vam anar a la pista a esmorzar. Seguidament Jordi Castellv\u00ed ens va fer una ruta pel poble antic de Garcia fins arribar a l&#8217;Esgl\u00e9sia Vella. [&hellip;]<\/p>\n<\/div>\n    <\/div>\n<\/div>\n\t\t\t\t\t\t\t<\/div>\n\t\t\t\t\t\t\t\t\t\t\t\t\t<div class=\"wp-block-getwid-post-slider__slide\" style=\"\">\n\t\t\t\t\t\t\t\t\n<div class=\"wp-block-getwid-post-slider__post \">\n            <div class=\"wp-block-getwid-post-slider__post-thumbnail\">\n            <img loading=\"lazy\" decoding=\"async\" width=\"640\" height=\"360\" src=\"https:\/\/agora.xtec.cat\/zerren\/wp-content\/uploads\/usu1075\/2021\/06\/IMG-20210603-WA0030.jpg\" class=\"attachment-post-thumbnail size-post-thumbnail wp-post-image\" alt=\"\" srcset=\"https:\/\/agora.xtec.cat\/zerren\/wp-content\/uploads\/usu1075\/2021\/06\/IMG-20210603-WA0030.jpg 640w, https:\/\/agora.xtec.cat\/zerren\/wp-content\/uploads\/usu1075\/2021\/06\/IMG-20210603-WA0030-300x169.jpg 300w\" sizes=\"auto, (max-width: 640px) 100vw, 640px\" \/>        <\/div>\n        <div class=\"wp-block-getwid-post-slider__post-overlay \"><\/div>\n    <div class=\"wp-block-getwid-post-slider__post-content-wrapper\">\n        <h3 class=\"wp-block-getwid-post-slider__post-title\"><a href=\"https:\/\/agora.xtec.cat\/zerren\/escola-el-tormo\/trobada-de-zer-virtual\/\">TROBADA DE ZER VIRTUAL<\/a><\/h3>        <div class=\"wp-block-getwid-post-slider__post-excerpt\"><p>La Comunitat de petits vam treballar tres contes on sortien llops: &#8220;Els tres porquets&#8221;, &#8220;La Caputxeta roja&#8221; i &#8220;Les set cabretes i el llop&#8221;. A banda d&#8217;explicar als infants la hist\u00f2ria vam preparar diverses activitats relacionades com titelles per representar la hist\u00f2ria, jocs d&#8217;iniciaci\u00f3 a la rob\u00f2tica, joguines per fer el conte, jocs de cartes, [&hellip;]<\/p>\n<\/div>\n    <\/div>\n<\/div>\n\t\t\t\t\t\t\t<\/div>\n\t\t\t\t\t\t\t\t\t\t\t\t\t<div class=\"wp-block-getwid-post-slider__slide\" style=\"\">\n\t\t\t\t\t\t\t\t\n<div class=\"wp-block-getwid-post-slider__post \">\n        <div class=\"wp-block-getwid-post-slider__post-overlay \"><\/div>\n    <div class=\"wp-block-getwid-post-slider__post-content-wrapper\">\n        <h3 class=\"wp-block-getwid-post-slider__post-title\"><a href=\"https:\/\/agora.xtec.cat\/zerren\/escola-el-tormo\/pasapalabra-del-poble-de-garcia\/\">PASAPALABRA DEL POBLE DE GARCIA<\/a><\/h3>        <div class=\"wp-block-getwid-post-slider__post-excerpt\"><p>http:\/\/es.educaplay.com\/recursos-educativos\/8932192-pasaparaula_de_garcia.html Una de les activitats programades per aquesta Setmana Cultural era la Trobada de ZER virtual. Les comunitats de grans vam decidir preparar una ruleta de paraules sobre trets caracter\u00edstics de cada poble. Ens vam trobar en videotrucada i jugar a les rondes de preguntes. Aqu\u00ed us deixem l&#8217;enlla\u00e7 per a que us animeu a [&hellip;]<\/p>\n<\/div>\n    <\/div>\n<\/div>\n\t\t\t\t\t\t\t<\/div>\n\t\t\t\t\t\t\t\t\t\t\t\t\t<div class=\"wp-block-getwid-post-slider__slide\" style=\"\">\n\t\t\t\t\t\t\t\t\n<div class=\"wp-block-getwid-post-slider__post \">\n            <div class=\"wp-block-getwid-post-slider__post-thumbnail\">\n            <img loading=\"lazy\" decoding=\"async\" width=\"1490\" height=\"1100\" src=\"https:\/\/agora.xtec.cat\/zerren\/wp-content\/uploads\/usu1075\/2020\/12\/IMG20201218095626-e1608285465141.jpg\" class=\"attachment-post-thumbnail size-post-thumbnail wp-post-image\" alt=\"\" srcset=\"https:\/\/agora.xtec.cat\/zerren\/wp-content\/uploads\/usu1075\/2020\/12\/IMG20201218095626-e1608285465141.jpg 1490w, https:\/\/agora.xtec.cat\/zerren\/wp-content\/uploads\/usu1075\/2020\/12\/IMG20201218095626-e1608285465141-300x221.jpg 300w, https:\/\/agora.xtec.cat\/zerren\/wp-content\/uploads\/usu1075\/2020\/12\/IMG20201218095626-e1608285465141-768x567.jpg 768w, https:\/\/agora.xtec.cat\/zerren\/wp-content\/uploads\/usu1075\/2020\/12\/IMG20201218095626-e1608285465141-1024x756.jpg 1024w\" sizes=\"auto, (max-width: 1490px) 100vw, 1490px\" \/>        <\/div>\n        <div class=\"wp-block-getwid-post-slider__post-overlay \"><\/div>\n    <div class=\"wp-block-getwid-post-slider__post-content-wrapper\">\n        <h3 class=\"wp-block-getwid-post-slider__post-title\"><a href=\"https:\/\/agora.xtec.cat\/zerren\/escola-el-tormo\/trobada-amb-lautora-del-llibre-haikus\/\">Trobada amb l&#8217;autora del llibre HAIK\u00daS.<\/a><\/h3>        <div class=\"wp-block-getwid-post-slider__post-excerpt\"><p>Fam\u00edlies, Aquest mat\u00ed, els nens i nenes d&#8217;Educaci\u00f3 Infantil i els nens i nenes de 1r de la comunitat de mitjans hem fet una trobada virtual amb l&#8217;autora del llibre Haik\u00fas que vam treballar el curs i passat i qu\u00e8, a causa de la pand\u00e8mia, no vam poguer gaudir de la seva visita a l&#8217;escola. [&hellip;]<\/p>\n<\/div>\n    <\/div>\n<\/div>\n\t\t\t\t\t\t\t<\/div>\n\t\t\t\t\t\t\t\t\t\t\t\t\t<div class=\"wp-block-getwid-post-slider__slide\" style=\"\">\n\t\t\t\t\t\t\t\t\n<div class=\"wp-block-getwid-post-slider__post \">\n            <div class=\"wp-block-getwid-post-slider__post-thumbnail\">\n            <img loading=\"lazy\" decoding=\"async\" width=\"2016\" height=\"1512\" src=\"https:\/\/agora.xtec.cat\/zerren\/wp-content\/uploads\/usu1075\/2019\/03\/IMG-2180JPG.jpg\" class=\"attachment-post-thumbnail size-post-thumbnail wp-post-image\" alt=\"\" srcset=\"https:\/\/agora.xtec.cat\/zerren\/wp-content\/uploads\/usu1075\/2019\/03\/IMG-2180JPG.jpg 2016w, https:\/\/agora.xtec.cat\/zerren\/wp-content\/uploads\/usu1075\/2019\/03\/IMG-2180JPG-300x225.jpg 300w, https:\/\/agora.xtec.cat\/zerren\/wp-content\/uploads\/usu1075\/2019\/03\/IMG-2180JPG-768x576.jpg 768w, https:\/\/agora.xtec.cat\/zerren\/wp-content\/uploads\/usu1075\/2019\/03\/IMG-2180JPG-1024x768.jpg 1024w, https:\/\/agora.xtec.cat\/zerren\/wp-content\/uploads\/usu1075\/2019\/03\/IMG-2180JPG-200x150.jpg 200w\" sizes=\"auto, (max-width: 2016px) 100vw, 2016px\" \/>        <\/div>\n        <div class=\"wp-block-getwid-post-slider__post-overlay \"><\/div>\n    <div class=\"wp-block-getwid-post-slider__post-content-wrapper\">\n        <h3 class=\"wp-block-getwid-post-slider__post-title\"><a href=\"https:\/\/agora.xtec.cat\/zerren\/escola-el-tormo\/alumnes-de-cs-de-garcia-la-trobada\/\">Alumnes de CS de Garcia: La Trobada<\/a><\/h3>        <div class=\"wp-block-getwid-post-slider__post-excerpt\"><p>El divendres 8 de febrer, l\u2019alumnat de la ZER, varem anar a Vinebre per retrobar-nos un any m\u00e9s. Quan vam arribar ens van donar la benvinguda, ens vam fer la foto i l\u2019escola de Vinebre ens va convidar a esmorzar coc amb xocolata. De 10:00 a 13:00, vam fer diferents activitats: trobada liter\u00e0ria amb l\u2019escriptora [&hellip;]<\/p>\n<\/div>\n    <\/div>\n<\/div>\n\t\t\t\t\t\t\t<\/div>\n\t\t\t\t\t\t\t\t\t\t\t\t\t<div class=\"wp-block-getwid-post-slider__slide\" style=\"\">\n\t\t\t\t\t\t\t\t\n<div class=\"wp-block-getwid-post-slider__post \">\n            <div class=\"wp-block-getwid-post-slider__post-thumbnail\">\n            <img loading=\"lazy\" decoding=\"async\" width=\"480\" height=\"360\" src=\"https:\/\/agora.xtec.cat\/zerren\/wp-content\/uploads\/usu1075\/2017\/02\/0.jpg\" class=\"attachment-post-thumbnail size-post-thumbnail wp-post-image\" alt=\"\" srcset=\"https:\/\/agora.xtec.cat\/zerren\/wp-content\/uploads\/usu1075\/2017\/02\/0.jpg 480w, https:\/\/agora.xtec.cat\/zerren\/wp-content\/uploads\/usu1075\/2017\/02\/0-300x225.jpg 300w, https:\/\/agora.xtec.cat\/zerren\/wp-content\/uploads\/usu1075\/2017\/02\/0-200x150.jpg 200w\" sizes=\"auto, (max-width: 480px) 100vw, 480px\" \/>        <\/div>\n        <div class=\"wp-block-getwid-post-slider__post-overlay \"><\/div>\n    <div class=\"wp-block-getwid-post-slider__post-content-wrapper\">\n        <h3 class=\"wp-block-getwid-post-slider__post-title\"><a href=\"https:\/\/agora.xtec.cat\/zerren\/escola-el-tormo\/dia-de-la-trobada-i-el-grup-lexus\/\">Dia de la Trobada i el grup Lexus<\/a><\/h3>        <div class=\"wp-block-getwid-post-slider__post-excerpt\"><p>El dia de la Trobada ens visitar\u00e0 el grup Lexus i els aumnes de cm i cs haurien de con\u00e8ixer aquestes can\u00e7ons. CAU HEROIS ABRA\u00c7A&#8217;M AC\u00daSTIC NO PUC OBLIDAR Tamb\u00e9 podeu mirar: FR\u00c0GIL<\/p>\n<\/div>\n    <\/div>\n<\/div>\n\t\t\t\t\t\t\t<\/div>\n\t\t\t\t\t\t            <\/div>\n        <\/div>\n        ","protected":false},"excerpt":{"rendered":"","protected":false},"author":8,"featured_media":0,"parent":0,"menu_order":0,"comment_status":"closed","ping_status":"close","template":"","meta":{"_bbp_topic_count":0,"_bbp_reply_count":0,"_bbp_total_topic_count":0,"_bbp_total_reply_count":0,"_bbp_voice_count":0,"_bbp_anonymous_reply_count":0,"_bbp_topic_count_hidden":0,"_bbp_reply_count_hidden":0,"_bbp_forum_subforum_count":0,"site-sidebar-layout":"no-sidebar","site-content-layout":"","ast-site-content-layout":"normal-width-container","site-content-style":"default","site-sidebar-style":"default","ast-global-header-display":"","ast-banner-title-visibility":"","ast-main-header-display":"","ast-hfb-above-header-display":"","ast-hfb-below-header-display":"","ast-hfb-mobile-header-display":"","site-post-title":"","ast-breadcrumbs-content":"","ast-featured-img":"","footer-sml-layout":"","theme-transparent-header-meta":"","adv-header-id-meta":"","stick-header-meta":"","header-above-stick-meta":"","header-main-stick-meta":"","header-below-stick-meta":"","astra-migrate-meta-layouts":"set","ast-page-background-enabled":"default","ast-page-background-meta":{"desktop":{"background-color":"var(--ast-global-color-4)","background-image":"","background-repeat":"repeat","background-position":"center center","background-size":"auto","background-attachment":"scroll","background-type":"","background-media":"","overlay-type":"","overlay-color":"","overlay-opacity":"","overlay-gradient":""},"tablet":{"background-color":"","background-image":"","background-repeat":"repeat","background-position":"center center","background-size":"auto","background-attachment":"scroll","background-type":"","background-media":"","overlay-type":"","overlay-color":"","overlay-opacity":"","overlay-gradient":""},"mobile":{"background-color":"","background-image":"","background-repeat":"repeat","background-position":"center center","background-size":"auto","background-attachment":"scroll","background-type":"","background-media":"","overlay-type":"","overlay-color":"","overlay-opacity":"","overlay-gradient":""}},"ast-content-background-meta":{"desktop":{"background-color":"var(--ast-global-color-5)","background-image":"","background-repeat":"repeat","background-position":"center center","background-size":"auto","background-attachment":"scroll","background-type":"","background-media":"","overlay-type":"","overlay-color":"","overlay-opacity":"","overlay-gradient":""},"tablet":{"background-color":"var(--ast-global-color-5)","background-image":"","background-repeat":"repeat","background-position":"center center","background-size":"auto","background-attachment":"scroll","background-type":"","background-media":"","overlay-type":"","overlay-color":"","overlay-opacity":"","overlay-gradient":""},"mobile":{"background-color":"var(--ast-global-color-5)","background-image":"","background-repeat":"repeat","background-position":"center center","background-size":"auto","background-attachment":"scroll","background-type":"","background-media":"","overlay-type":"","overlay-color":"","overlay-opacity":"","overlay-gradient":""}},"footnotes":""},"class_list":["post-15834","page","type-page","status-publish","hentry"],"post_mailing_queue_ids":[],"_links":{"self":[{"href":"https:\/\/agora.xtec.cat\/zerren\/wp-json\/wp\/v2\/pages\/15834","targetHints":{"allow":["GET"]}}],"collection":[{"href":"https:\/\/agora.xtec.cat\/zerren\/wp-json\/wp\/v2\/pages"}],"about":[{"href":"https:\/\/agora.xtec.cat\/zerren\/wp-json\/wp\/v2\/types\/page"}],"author":[{"embeddable":true,"href":"https:\/\/agora.xtec.cat\/zerren\/wp-json\/wp\/v2\/users\/8"}],"replies":[{"embeddable":true,"href":"https:\/\/agora.xtec.cat\/zerren\/wp-json\/wp\/v2\/comments?post=15834"}],"version-history":[{"count":2,"href":"https:\/\/agora.xtec.cat\/zerren\/wp-json\/wp\/v2\/pages\/15834\/revisions"}],"predecessor-version":[{"id":15842,"href":"https:\/\/agora.xtec.cat\/zerren\/wp-json\/wp\/v2\/pages\/15834\/revisions\/15842"}],"wp:attachment":[{"href":"https:\/\/agora.xtec.cat\/zerren\/wp-json\/wp\/v2\/media?parent=15834"}],"curies":[{"name":"wp","href":"https:\/\/api.w.org\/{rel}","templated":true}]}}