{"id":448,"date":"2015-07-24T15:50:21","date_gmt":"2015-07-24T14:50:21","guid":{"rendered":"http:\/\/agora.xtec.cat\/zerpoblet\/?page_id=448"},"modified":"2025-07-30T11:48:42","modified_gmt":"2025-07-30T09:48:42","slug":"documents","status":"publish","type":"page","link":"https:\/\/agora.xtec.cat\/zerpoblet\/zer\/documents\/","title":{"rendered":"Documents administratius"},"content":{"rendered":"<p>En aquesta p\u00e0gina trobareu tot un seguit de documents que us poden ser \u00fatils per l&#8217;escolaritat dels vostres fills i filles:<\/p>\n<h1><span style=\"line-height: 25.6px;\">VINE A LA ZER POBLET!!! <\/span><\/h1>\n<h1><span style=\"line-height: 25.6px;\">T&#8217;ESPEREM!!!<\/span><\/h1>\n<p>&nbsp;<\/p>\n<ul>\n<li><strong style=\"font-size: 16px;\">AUTORITZACIONS<\/strong><\/li>\n<\/ul>\n<p>Les seg\u00fcents autoritzacions se us facilitaran durant la reuni\u00f3 d&#8217;inici de curs, a tots els alumnes nous. Les autoritzacions es signen per a tota l&#8217;etapa.<\/p>\n<p>Si voleu fer algun canvi, cal que les imprimiu i entregueu al centre, <strong>nom\u00e9s en cas de voler modificar alguna de les dades<\/strong> que consten a l&#8217;escola.<\/p>\n<p><a href=\"https:\/\/agora.xtec.cat\/zerpoblet\/wp-content\/uploads\/usu992\/2025\/02\/Autoritzacio-sortides-terme-i-correu-@.doc\">Autoritzaci\u00f3 sortides terme i correu @<\/a><\/p>\n<p><a href=\"https:\/\/agora.xtec.cat\/zerpoblet\/wp-content\/uploads\/usu992\/2025\/02\/Autoritzacio-aplicacions-web-Blancafort.docx\">Autoritzacio aplicacions web Blancafort<\/a><\/p>\n<p><a href=\"https:\/\/agora.xtec.cat\/zerpoblet\/wp-content\/uploads\/usu992\/2025\/02\/Autoritzacio-aplicacions-web-Vilaverd.docx\">Autoritzacio aplicacions web Vilaverd<\/a><\/p>\n<p><a href=\"https:\/\/agora.xtec.cat\/zerpoblet\/wp-content\/uploads\/usu992\/2025\/02\/Autoritzacio-aplicacions-web-vimbodi.docx\">Autoritzacio aplicacions web vimbodi<\/a><\/p>\n<p><a href=\"https:\/\/agora.xtec.cat\/zerpoblet\/wp-content\/uploads\/usu992\/2025\/02\/Autoritzacio-Assistencia-Medica.doc\">Autoritzaci\u00f3 Assist\u00e8ncia M\u00e8dica<\/a><\/p>\n<p><a href=\"https:\/\/agora.xtec.cat\/zerpoblet\/wp-content\/uploads\/usu992\/2025\/02\/Autoritzacio-dret-dimatge_definitiu.docx\">Autoritzaci\u00f3 dret d&#8217;imatge_definitiu<\/a><\/p>\n<p><a href=\"https:\/\/agora.xtec.cat\/zerpoblet\/wp-content\/uploads\/usu992\/2025\/02\/Autoritzacio-formacio-religiosa.doc\">Autoritzaci\u00f3 formaci\u00f3 religiosa<\/a><\/p>\n<p><a href=\"https:\/\/agora.xtec.cat\/zerpoblet\/wp-content\/uploads\/usu992\/2025\/02\/Autoritzacio-recollida-alumnes.doc\">Autoritzaci\u00f3 recollida alumne<\/a><\/p>\n<p><a href=\"https:\/\/agora.xtec.cat\/zerpoblet\/wp-content\/uploads\/usu992\/2025\/02\/Autoritzacio-recollida-alumnes.doc\">s<\/a> <a href=\"https:\/\/agora.xtec.cat\/zerpoblet\/wp-content\/uploads\/usu992\/2025\/02\/Autoritzacio-sortides-pel-terme.doc\">Autoritzaci\u00f3 sortides pel terme<\/a><\/p>\n<ul>\n<li><strong>CARTA DE COMPROM\u00cdS EDUCATIU<\/strong><\/li>\n<li><a href=\"https:\/\/agora.xtec.cat\/zerpoblet\/wp-content\/uploads\/usu992\/2024\/10\/Carta-de-compromis-BLANCAFORT.doc\">Carta de comprom\u00eds BLANCAFORT<\/a><\/li>\n<li><a href=\"https:\/\/agora.xtec.cat\/zerpoblet\/wp-content\/uploads\/usu992\/2024\/10\/Carta-de-compromis-VILAVERD.doc\">Carta de comprom\u00eds VILAVERD<\/a><\/li>\n<li><a href=\"https:\/\/agora.xtec.cat\/zerpoblet\/wp-content\/uploads\/usu992\/2024\/10\/Carta-de-compromis-VIMBODI.doc\">Carta de comprom\u00eds VIMBOD\u00cd<\/a><\/li>\n<li><\/li>\n<li><strong style=\"font-family: inherit; font-size: 1em;\">SOL\u00b7LICITUD DE CERTIFICATS<\/strong><\/li>\n<\/ul>\n<p>Per tal de poder demanar un certificat al centre, podeu utilitzar la seg\u00fcent sol\u00b7licitud:<\/p>\n<ul>\n<li><a href=\"https:\/\/agora.xtec.cat\/zerpoblet\/wp-content\/uploads\/usu992\/2024\/10\/Sollicitud-de-certificat-BLANCAFORT.docx\">Sol\u00b7licitud-de-certificat-Blancafort<\/a><\/li>\n<li><a href=\"https:\/\/agora.xtec.cat\/zerpoblet\/wp-content\/uploads\/usu992\/2024\/10\/Sollicitud-de-certificat-Vilaverd.docx\">Sol\u00b7licitud-de-certificat-Vilaverd<\/a><\/li>\n<li><a href=\"https:\/\/agora.xtec.cat\/zerpoblet\/wp-content\/uploads\/usu992\/2024\/10\/Sollicitud-de-certificat-Vimbodi.docx\">Sol\u00b7licitud-de-certificat-Vimbod\u00ed<\/a><\/li>\n<\/ul>\n<p><strong>DOCUMENTS PREESCRIPTIUS DE LA ZER POBLET<\/strong><\/p>\n<p>Si ens voleu con\u00e8ixer una mica m\u00e9s, podeu consultar els nostres documents:<\/p>\n<ul style=\"list-style-type: square;\">\n<li><a href=\"https:\/\/issuu.com\/zerpoblet\/docs\/normes_d_organitzaci__i_funcionamen\">Normes d&#8217;organitzaci\u00f3 i funcionament de la ZER Poblet<\/a><\/li>\n<\/ul>\n","protected":false},"excerpt":{"rendered":"<p>En aquesta p\u00e0gina trobareu tot un seguit de documents que us poden ser \u00fatils per l&#8217;escolaritat dels vostres fills i filles: VINE A LA ZER POBLET!!! T&#8217;ESPEREM!!! &nbsp; AUTORITZACIONS Les seg\u00fcents autoritzacions se us facilitaran durant la reuni\u00f3 d&#8217;inici de curs, a tots els alumnes nous. Les autoritzacions es signen per a tota l&#8217;etapa. Si [&hellip;]<\/p>\n","protected":false},"author":1,"featured_media":0,"parent":19,"menu_order":9,"comment_status":"closed","ping_status":"closed","template":"","meta":{"_bbp_topic_count":0,"_bbp_reply_count":0,"_bbp_total_topic_count":0,"_bbp_total_reply_count":0,"_bbp_voice_count":0,"_bbp_anonymous_reply_count":0,"_bbp_topic_count_hidden":0,"_bbp_reply_count_hidden":0,"_bbp_forum_subforum_count":0,"site-sidebar-layout":"default","site-content-layout":"","ast-site-content-layout":"default","site-content-style":"default","site-sidebar-style":"default","ast-global-header-display":"","ast-banner-title-visibility":"","ast-main-header-display":"","ast-hfb-above-header-display":"","ast-hfb-below-header-display":"","ast-hfb-mobile-header-display":"","site-post-title":"","ast-breadcrumbs-content":"","ast-featured-img":"","footer-sml-layout":"","theme-transparent-header-meta":"default","adv-header-id-meta":"","stick-header-meta":"","header-above-stick-meta":"","header-main-stick-meta":"","header-below-stick-meta":"","astra-migrate-meta-layouts":"set","ast-page-background-enabled":"default","ast-page-background-meta":{"desktop":{"background-color":"var(--ast-global-color-4)","background-image":"","background-repeat":"repeat","background-position":"center center","background-size":"auto","background-attachment":"scroll","background-type":"","background-media":"","overlay-type":"","overlay-color":"","overlay-opacity":"","overlay-gradient":""},"tablet":{"background-color":"","background-image":"","background-repeat":"repeat","background-position":"center center","background-size":"auto","background-attachment":"scroll","background-type":"","background-media":"","overlay-type":"","overlay-color":"","overlay-opacity":"","overlay-gradient":""},"mobile":{"background-color":"","background-image":"","background-repeat":"repeat","background-position":"center center","background-size":"auto","background-attachment":"scroll","background-type":"","background-media":"","overlay-type":"","overlay-color":"","overlay-opacity":"","overlay-gradient":""}},"ast-content-background-meta":{"desktop":{"background-color":"var(--ast-global-color-5)","background-image":"","background-repeat":"repeat","background-position":"center center","background-size":"auto","background-attachment":"scroll","background-type":"","background-media":"","overlay-type":"","overlay-color":"","overlay-opacity":"","overlay-gradient":""},"tablet":{"background-color":"var(--ast-global-color-5)","background-image":"","background-repeat":"repeat","background-position":"center center","background-size":"auto","background-attachment":"scroll","background-type":"","background-media":"","overlay-type":"","overlay-color":"","overlay-opacity":"","overlay-gradient":""},"mobile":{"background-color":"var(--ast-global-color-5)","background-image":"","background-repeat":"repeat","background-position":"center center","background-size":"auto","background-attachment":"scroll","background-type":"","background-media":"","overlay-type":"","overlay-color":"","overlay-opacity":"","overlay-gradient":""}},"footnotes":""},"class_list":["post-448","page","type-page","status-publish","hentry"],"post_mailing_queue_ids":[],"_links":{"self":[{"href":"https:\/\/agora.xtec.cat\/zerpoblet\/wp-json\/wp\/v2\/pages\/448","targetHints":{"allow":["GET"]}}],"collection":[{"href":"https:\/\/agora.xtec.cat\/zerpoblet\/wp-json\/wp\/v2\/pages"}],"about":[{"href":"https:\/\/agora.xtec.cat\/zerpoblet\/wp-json\/wp\/v2\/types\/page"}],"author":[{"embeddable":true,"href":"https:\/\/agora.xtec.cat\/zerpoblet\/wp-json\/wp\/v2\/users\/1"}],"replies":[{"embeddable":true,"href":"https:\/\/agora.xtec.cat\/zerpoblet\/wp-json\/wp\/v2\/comments?post=448"}],"version-history":[{"count":7,"href":"https:\/\/agora.xtec.cat\/zerpoblet\/wp-json\/wp\/v2\/pages\/448\/revisions"}],"predecessor-version":[{"id":5429,"href":"https:\/\/agora.xtec.cat\/zerpoblet\/wp-json\/wp\/v2\/pages\/448\/revisions\/5429"}],"up":[{"embeddable":true,"href":"https:\/\/agora.xtec.cat\/zerpoblet\/wp-json\/wp\/v2\/pages\/19"}],"wp:attachment":[{"href":"https:\/\/agora.xtec.cat\/zerpoblet\/wp-json\/wp\/v2\/media?parent=448"}],"curies":[{"name":"wp","href":"https:\/\/api.w.org\/{rel}","templated":true}]}}