{"id":307,"date":"2015-07-20T13:44:32","date_gmt":"2015-07-20T12:44:32","guid":{"rendered":"http:\/\/agora.xtec.cat\/zerpoblet\/?page_id=307"},"modified":"2019-02-26T16:22:41","modified_gmt":"2019-02-26T15:22:41","slug":"pla_catala","status":"publish","type":"page","link":"https:\/\/agora.xtec.cat\/zerpoblet\/zer\/que-fem\/pla_catala\/","title":{"rendered":"Pla catal\u00e0 de l&#8217;esport"},"content":{"rendered":"<h4 style=\"text-align: center;\">ASSOCIACI\u00d3 ESPORTIVA ESCOLAR DE LA ZER \u00a0POBLET<\/h4>\n<p>L&#8217;AEE de la ZER Poblet es va crear el curs 2010-11 i, actualment, continua promocionant l&#8217;esport escolar.<\/p>\n<p>La seva coordinadora \u00e9s la Nat\u00e0lia Cabeza, mestra d&#8217;educaci\u00f3 f\u00edsica de la ZER.<\/p>\n<p>La junta de l&#8217;AEE \u00e9s la seg\u00fcent:<\/p>\n<ul>\n<li>President: Albert Arb\u00f3s Palau<\/li>\n<li>Vicepresident:\u00a0Enrique Payan Ballesteros<\/li>\n<li>Tresorera:\u00a0Ver\u00f2nica Gilabert Cobacho<\/li>\n<li>Secretari:\u00a0Jaume Sorolla Julian<\/li>\n<li>Vocals:\u00a0Ramon M. Ibarz Capdevila,\u00a0Jordi Llurba Flor,\u00a0Marta Torres Amoros i\u00a0Enric Paris Daran.<\/li>\n<\/ul>\n<h4 style=\"text-align: center;\"><\/h4>\n<h4 style=\"text-align: center;\"><a href=\"http:\/\/agora.xtec.cat\/zerpoblet\/wp-content\/uploads\/usu992\/2015\/07\/PCEE_p.jpg\"><img loading=\"lazy\" decoding=\"async\" class=\"alignnone size-full wp-image-945\" src=\"http:\/\/agora.xtec.cat\/zerpoblet\/wp-content\/uploads\/usu992\/2015\/07\/PCEE_p.jpg\" alt=\"pcee_p\" width=\"112\" height=\"112\" \/><\/a><\/h4>\n<h4>LA NECESSITAT DEL PLA<\/h4>\n<p>El Govern de la Generalitat de Catalunya va creure necess\u00e0ria la impulsi\u00f3 d&#8217;aquest Pla en base a l&#8217;an\u00e0lisi d&#8217;una s\u00e8rie de circumst\u00e0ncies entre les quals podem destacar les seg\u00fcents:<\/p>\n<ul>\n<li>\u00a0\u00a0\u00a0 \u00cdndex molt redu\u00eft de participaci\u00f3 de l&#8217;alumnat en l&#8217;esport escolar<\/li>\n<li>\u00a0\u00a0\u00a0 Increment dels h\u00e0bits sedentaris i de l&#8217;obesitat, amb una incid\u00e8ncia preocupant en la poblaci\u00f3 infantil i juvenil<\/li>\n<li>\u00a0\u00a0\u00a0 Demanda social creixent en mat\u00e8ria de salut i benestar<\/li>\n<\/ul>\n<h4>ELS OBJECTIUS DEL PLA<\/h4>\n<p>El Pla pret\u00e9n posar a l&#8217;abast de tots els alumnes de prim\u00e0ria i secund\u00e0ria la pr\u00e0ctica d&#8217;activitats f\u00edsiques i esportives, i aprofitar el gran potencial d&#8217;aquestes activitats per contribuir a la formaci\u00f3 personal i c\u00edvica dels nostres infants i joves.<br \/>\nM\u00e9s concretament, podem destacar els objectius seg\u00fcents:<\/p>\n<ul>\n<li>Incrementar la participaci\u00f3 en activitats f\u00edsiques i esportives en horari no lectiu de l&#8217;alumnat dels centres educatius de prim\u00e0ria i de secund\u00e0ria, amb una incid\u00e8ncia especial en el col\u00b7lectiu de noies.<\/li>\n<li>Aprofitar el gran potencial educatiu i formatiu de les activitats f\u00edsiques i esportives, cercant la participaci\u00f3 per damunt de la competitivitat.<\/li>\n<li>Potenciar la funci\u00f3 integradora i de cohesi\u00f3 social de l&#8217;esport escolar, facilitant l&#8217;acc\u00e9s de tots els nens i nenes a la pr\u00e0ctica esportiva escolar, i en especial dels nouvinguts.<\/li>\n<li>Contribuir mitjan\u00e7ant la pr\u00e0ctica esportiva a la formaci\u00f3 en valors com la toler\u00e0ncia, el respecte als altres i a les regles, la confian\u00e7a en un mateix, l&#8217;esfor\u00e7 de superaci\u00f3, l&#8217;autocr\u00edtica, l&#8217;autonomia, la capacitat de decisi\u00f3, l&#8217;autogesti\u00f3, la cooperaci\u00f3, el treball en equip, entre d&#8217;altres.<\/li>\n<li>Fomentar la pr\u00e0ctica regular d&#8217;activitats f\u00edsiques i esportives i l&#8217;adquisici\u00f3 d&#8217;h\u00e0bits saludables que contribueixin a un millor benestar.<\/li>\n<li>Formar joves en els valors ciutadans mitjan\u00e7ant la seva participaci\u00f3 activa en la gesti\u00f3 de les associacions esportives escolars de nova creaci\u00f3.<\/li>\n<\/ul>\n<h4>ELS AGENTS DEL PLA<\/h4>\n<p>El desenvolupament d&#8217;aquest Pla en el territori fa que sigui necess\u00e0ria la intervenci\u00f3 coordinada de diversos agents, entre els quals podem destacar els seg\u00fcents:<\/p>\n<ul>\n<li>Generalitat de Catalunya, mitjan\u00e7ant els Departaments d&#8217;Educaci\u00f3 i de Vicepresid\u00e8ncia (Secretaria General de l&#8217;Esport)<\/li>\n<li>Centres educatius p\u00fablics i privats<\/li>\n<li>Consells Esportius<\/li>\n<li>Ajuntaments<\/li>\n<\/ul>\n<h4>ELS PUNTS CLAUS DEL PLA<\/h4>\n<p>El Pla es basa en una s\u00e8rie d&#8217;actuacions entre les quals podem destacar les seg\u00fcents:<\/p>\n<ul>\n<li>Creaci\u00f3 de les Associacions Esportives Escolars als centres educatius, amb la participaci\u00f3 activa dels alumnes de secund\u00e0ria i de la resta de la comunitat educativa (equip directiu i AMPA), aix\u00ed com d&#8217;exalumnes o d&#8217;altres persones o entitats del barri.<\/li>\n<li>Coordinaci\u00f3 de les activitats, per mitj\u00e0 d&#8217;un professor\/a del centre educatiu, principalment d&#8217;Educaci\u00f3 F\u00edsica (amb incentius com la reducci\u00f3 hor\u00e0ria i un complement econ\u00f2mic).<\/li>\n<li>Col\u00b7laboraci\u00f3 entre el centre educatiu, l&#8217;ajuntament i el consell esportiu corresponent.<\/li>\n<li>Dinamitzaci\u00f3 per part dels l\u00edders del centre educatiu o del barri.<\/li>\n<li>Oferta d&#8217;activitats f\u00edsiques i esportives que responguin als interessos i demandes canviants dels nois i de les noies.<\/li>\n<\/ul>\n<h4>INICI\/NAIXEMENT DEL PLA<\/h4>\n<p>Durant el curs 2005-2006 es va portar a terme la fase pilot del Pla en un centenar de centres educatius, majorit\u00e0riament p\u00fablics i de secund\u00e0ria, amb el calendari seg\u00fcent:<\/p>\n<ul>\n<li>Selecci\u00f3 dels centres pilot (gener-abril 2005).<\/li>\n<li>Presentaci\u00f3 del Pla Experimental a la premsa, a les diferents entitats implicades i als directors\/es dels centres pilot (maig-juny 2005).<\/li>\n<li>Jornada formativa amb els coordinadors\/es d&#8217;Esport a l&#8217;Escola designats\/des pels directors\/es dels centres pilot (juny 2005).<\/li>\n<li>Enquesta-recopilaci\u00f3 de dades dels centres pilot (juny 2005).<\/li>\n<li>Constituci\u00f3 de les Associacions Esportives Escolars (AEE) als centres pilot (juny-setembre 2005).<\/li>\n<li>Formaci\u00f3 dels dinamitzadors d&#8217;esport a l&#8217;escola (l\u00edders) dels centres pilot (estada del 5 al 9 de setembre).<\/li>\n<li>Realitzaci\u00f3 de les activitats f\u00edsiques i esportives en horari no lectiu, per part de l&#8217;AEE, l&#8217;AMPA o del consell esportiu corresponent (curs escolar 2005\/2006).<\/li>\n<li>Valoraci\u00f3 de la fase pilot (juny-juliol 2006).<\/li>\n<\/ul>\n<h4>EVOLUCI\u00d3 DEL PLA<\/h4>\n<p>A partir del curs 2006-2007 s&#8217;han anat incorporant centres al PCEE en base a uns criteris de prioritat (primer els IES, despr\u00e9s els CEIPS i ZER i despr\u00e9s els centres concertats) i en funci\u00f3 de les disponibilitats pressupost\u00e0ries dels departaments implicats.<\/p>\n<h4>IMPLICACI\u00d3 DELS CENTRES EDUCATIUS<\/h4>\n<ul>\n<li>La implicaci\u00f3 dels centres educatius que volen participar en el Pla \u00e9s la seg\u00fcent :<\/li>\n<li>Manifestar la voluntat de participar en el Pla Catal\u00e0 d&#8217;Esport a l&#8217;Escola<\/li>\n<li>Nomenar un\/a professor\/a del centre com a coordinador\/a del programa al centre:<\/li>\n<\/ul>\n<p>A secund\u00e0ria, preferentment, un\/a professor\/a d&#8217;Educaci\u00f3 F\u00edsica<br \/>\nA prim\u00e0ria preferentment el mestre especialista d&#8217; EF de l&#8217;escola.<\/p>\n<ul>\n<li>En el cas dels centres de secund\u00e0ria o concertats, comprometre&#8217;s a crear l&#8217;AEE com a entitat que far\u00e0 possible el desenvolupament del programa, d&#8217;acord amb els objectius del projecte educatiu de centre.<\/li>\n<li>En el cas dels centres de prim\u00e0ria p\u00fablics, comprometre&#8217;s a crear l&#8217;AEE o la SEE (Secci\u00f3 Esportiva Escolar de l&#8217;AMPA), com a entitat que far\u00e0 possible el desenvolupament del programa, d&#8217;acord amb els objectius del projecte educactiu del centre.<\/li>\n<li>Facilitar la participaci\u00f3 del coordinador\/a i dels dinamitzadors\/es d&#8217;esport a l&#8217;escola en sessions de formaci\u00f3 destinades a millorar la qualitat d&#8217;aplicaci\u00f3 del Pla.<\/li>\n<li>Establir una col\u00b7laboraci\u00f3 directa amb el consell esportiu de la comarca i amb l&#8217;Ajuntament corresponent per portar a terme actuacions coordinades envers l&#8217;Esport a l&#8217;Escola.<\/li>\n<li>Fer un bon \u00fas del suport econ\u00f2mic del Consell Catal\u00e0 de l&#8217;Esport o del Departament d&#8217;Educaci\u00f3 per portar a terme les activitats que es programin.<\/li>\n<li>Comprometre&#8217;s a lliurar tots els documents que es demanin des de la Comissi\u00f3 Permanent del Pla.<\/li>\n<\/ul>\n","protected":false},"excerpt":{"rendered":"<p>ASSOCIACI\u00d3 ESPORTIVA ESCOLAR DE LA ZER \u00a0POBLET L&#8217;AEE de la ZER Poblet es va crear el curs 2010-11 i, actualment, continua promocionant l&#8217;esport escolar. La seva coordinadora \u00e9s la Nat\u00e0lia Cabeza, mestra d&#8217;educaci\u00f3 f\u00edsica de la ZER. La junta de l&#8217;AEE \u00e9s la seg\u00fcent: President: Albert Arb\u00f3s Palau Vicepresident:\u00a0Enrique Payan Ballesteros Tresorera:\u00a0Ver\u00f2nica Gilabert Cobacho Secretari:\u00a0Jaume [&hellip;]<\/p>\n","protected":false},"author":1,"featured_media":0,"parent":297,"menu_order":40,"comment_status":"closed","ping_status":"closed","template":"page-templates\/side-menu.php","meta":{"_bbp_topic_count":0,"_bbp_reply_count":0,"_bbp_total_topic_count":0,"_bbp_total_reply_count":0,"_bbp_voice_count":0,"_bbp_anonymous_reply_count":0,"_bbp_topic_count_hidden":0,"_bbp_reply_count_hidden":0,"_bbp_forum_subforum_count":0,"site-sidebar-layout":"default","site-content-layout":"","ast-site-content-layout":"","site-content-style":"default","site-sidebar-style":"default","ast-global-header-display":"","ast-banner-title-visibility":"","ast-main-header-display":"","ast-hfb-above-header-display":"","ast-hfb-below-header-display":"","ast-hfb-mobile-header-display":"","site-post-title":"","ast-breadcrumbs-content":"","ast-featured-img":"","footer-sml-layout":"","theme-transparent-header-meta":"","adv-header-id-meta":"","stick-header-meta":"","header-above-stick-meta":"","header-main-stick-meta":"","header-below-stick-meta":"","astra-migrate-meta-layouts":"default","ast-page-background-enabled":"default","ast-page-background-meta":{"desktop":{"background-color":"var(--ast-global-color-4)","background-image":"","background-repeat":"repeat","background-position":"center center","background-size":"auto","background-attachment":"scroll","background-type":"","background-media":"","overlay-type":"","overlay-color":"","overlay-opacity":"","overlay-gradient":""},"tablet":{"background-color":"","background-image":"","background-repeat":"repeat","background-position":"center center","background-size":"auto","background-attachment":"scroll","background-type":"","background-media":"","overlay-type":"","overlay-color":"","overlay-opacity":"","overlay-gradient":""},"mobile":{"background-color":"","background-image":"","background-repeat":"repeat","background-position":"center center","background-size":"auto","background-attachment":"scroll","background-type":"","background-media":"","overlay-type":"","overlay-color":"","overlay-opacity":"","overlay-gradient":""}},"ast-content-background-meta":{"desktop":{"background-color":"var(--ast-global-color-5)","background-image":"","background-repeat":"repeat","background-position":"center center","background-size":"auto","background-attachment":"scroll","background-type":"","background-media":"","overlay-type":"","overlay-color":"","overlay-opacity":"","overlay-gradient":""},"tablet":{"background-color":"var(--ast-global-color-5)","background-image":"","background-repeat":"repeat","background-position":"center center","background-size":"auto","background-attachment":"scroll","background-type":"","background-media":"","overlay-type":"","overlay-color":"","overlay-opacity":"","overlay-gradient":""},"mobile":{"background-color":"var(--ast-global-color-5)","background-image":"","background-repeat":"repeat","background-position":"center center","background-size":"auto","background-attachment":"scroll","background-type":"","background-media":"","overlay-type":"","overlay-color":"","overlay-opacity":"","overlay-gradient":""}},"footnotes":""},"class_list":["post-307","page","type-page","status-publish","hentry"],"post_mailing_queue_ids":[],"_links":{"self":[{"href":"https:\/\/agora.xtec.cat\/zerpoblet\/wp-json\/wp\/v2\/pages\/307","targetHints":{"allow":["GET"]}}],"collection":[{"href":"https:\/\/agora.xtec.cat\/zerpoblet\/wp-json\/wp\/v2\/pages"}],"about":[{"href":"https:\/\/agora.xtec.cat\/zerpoblet\/wp-json\/wp\/v2\/types\/page"}],"author":[{"embeddable":true,"href":"https:\/\/agora.xtec.cat\/zerpoblet\/wp-json\/wp\/v2\/users\/1"}],"replies":[{"embeddable":true,"href":"https:\/\/agora.xtec.cat\/zerpoblet\/wp-json\/wp\/v2\/comments?post=307"}],"version-history":[{"count":3,"href":"https:\/\/agora.xtec.cat\/zerpoblet\/wp-json\/wp\/v2\/pages\/307\/revisions"}],"predecessor-version":[{"id":1739,"href":"https:\/\/agora.xtec.cat\/zerpoblet\/wp-json\/wp\/v2\/pages\/307\/revisions\/1739"}],"up":[{"embeddable":true,"href":"https:\/\/agora.xtec.cat\/zerpoblet\/wp-json\/wp\/v2\/pages\/297"}],"wp:attachment":[{"href":"https:\/\/agora.xtec.cat\/zerpoblet\/wp-json\/wp\/v2\/media?parent=307"}],"curies":[{"name":"wp","href":"https:\/\/api.w.org\/{rel}","templated":true}]}}