{"id":276,"date":"2015-07-20T13:18:17","date_gmt":"2015-07-20T12:18:17","guid":{"rendered":"http:\/\/agora.xtec.cat\/zerpoblet\/?page_id=276"},"modified":"2023-05-25T13:16:44","modified_gmt":"2023-05-25T11:16:44","slug":"on-som","status":"publish","type":"page","link":"https:\/\/agora.xtec.cat\/zerpoblet\/escoles\/escola-md-torrents\/on-som\/","title":{"rendered":"On som"},"content":{"rendered":"<p style=\"color: #666666;\">Ens trobem al municipi de <a href=\"http:\/\/www.vimbodi.altanet.org\/\" target=\"_blank\" rel=\"noopener\">Vimbod\u00ed i Poblet<\/a>, d&#8217;uns 880 habitants aproximadament, a la comarca de La Conca de Barber\u00e0, al nord de la prov\u00edncia de Tarragona. El nostre poble \u00e9s conegut pel seu <a href=\"https:\/\/ca.wikipedia.org\/wiki\/Reial_Monestir_de_Santa_Maria_de_Poblet\" target=\"_blank\" rel=\"noopener\">monestir<\/a> i per la important <a href=\"http:\/\/www.museudelvidre.cat\/\" target=\"_blank\" rel=\"noopener\">ind\u00fastria del vidre<\/a> que va tenir en el passat.<\/p>\n<p style=\"color: #666666;\"><strong>Escola\u00a0Mare de D\u00e9u dels Torrents<\/strong><br \/>\nPasseig mestre Garcia, 1<br \/>\n43430 Vimbod\u00ed i Poblet<\/p>\n<p style=\"color: #666666;\">977 878 244<\/p>\n<p style=\"color: #666666;\"><a href=\"mailto:e3005081@xtec.cat\">e3005081@xtec.cat<\/a><\/p>\n<p><iframe loading=\"lazy\" style=\"border: 0;\" src=\"https:\/\/www.google.com\/maps\/embed?pb=!1m18!1m12!1m3!1d2470.529249746011!2d1.0434013150353652!3d41.402499979262736!2m3!1f0!2f0!3f0!3m2!1i1024!2i768!4f13.1!3m3!1m2!1s0x12a6b0316a4b1b71%3A0xaf132e0e39980f9!2sPasseig+del+Mestre+Garcia%2C+1%2C+43430+Vimbod%C3%AD%2C+Tarragona!5e1!3m2!1sca!2ses!4v1485192442468\" width=\"600\" height=\"450\" frameborder=\"0\" allowfullscreen=\"allowfullscreen\"><\/iframe><\/p>\n","protected":false},"excerpt":{"rendered":"<p>Ens trobem al municipi de Vimbod\u00ed i Poblet, d&#8217;uns 880 habitants aproximadament, a la comarca de La Conca de Barber\u00e0, al nord de la prov\u00edncia de Tarragona. El nostre poble \u00e9s conegut pel seu monestir i per la important ind\u00fastria del vidre que va tenir en el passat. Escola\u00a0Mare de D\u00e9u dels Torrents Passeig mestre [&hellip;]<\/p>\n","protected":false},"author":1,"featured_media":0,"parent":264,"menu_order":20,"comment_status":"closed","ping_status":"closed","template":"page-templates\/side-menu.php","meta":{"_bbp_topic_count":0,"_bbp_reply_count":0,"_bbp_total_topic_count":0,"_bbp_total_reply_count":0,"_bbp_voice_count":0,"_bbp_anonymous_reply_count":0,"_bbp_topic_count_hidden":0,"_bbp_reply_count_hidden":0,"_bbp_forum_subforum_count":0,"site-sidebar-layout":"default","site-content-layout":"","ast-site-content-layout":"","site-content-style":"default","site-sidebar-style":"default","ast-global-header-display":"","ast-banner-title-visibility":"","ast-main-header-display":"","ast-hfb-above-header-display":"","ast-hfb-below-header-display":"","ast-hfb-mobile-header-display":"","site-post-title":"","ast-breadcrumbs-content":"","ast-featured-img":"","footer-sml-layout":"","theme-transparent-header-meta":"","adv-header-id-meta":"","stick-header-meta":"","header-above-stick-meta":"","header-main-stick-meta":"","header-below-stick-meta":"","astra-migrate-meta-layouts":"default","ast-page-background-enabled":"default","ast-page-background-meta":{"desktop":{"background-color":"var(--ast-global-color-4)","background-image":"","background-repeat":"repeat","background-position":"center center","background-size":"auto","background-attachment":"scroll","background-type":"","background-media":"","overlay-type":"","overlay-color":"","overlay-opacity":"","overlay-gradient":""},"tablet":{"background-color":"","background-image":"","background-repeat":"repeat","background-position":"center center","background-size":"auto","background-attachment":"scroll","background-type":"","background-media":"","overlay-type":"","overlay-color":"","overlay-opacity":"","overlay-gradient":""},"mobile":{"background-color":"","background-image":"","background-repeat":"repeat","background-position":"center center","background-size":"auto","background-attachment":"scroll","background-type":"","background-media":"","overlay-type":"","overlay-color":"","overlay-opacity":"","overlay-gradient":""}},"ast-content-background-meta":{"desktop":{"background-color":"var(--ast-global-color-5)","background-image":"","background-repeat":"repeat","background-position":"center center","background-size":"auto","background-attachment":"scroll","background-type":"","background-media":"","overlay-type":"","overlay-color":"","overlay-opacity":"","overlay-gradient":""},"tablet":{"background-color":"var(--ast-global-color-5)","background-image":"","background-repeat":"repeat","background-position":"center center","background-size":"auto","background-attachment":"scroll","background-type":"","background-media":"","overlay-type":"","overlay-color":"","overlay-opacity":"","overlay-gradient":""},"mobile":{"background-color":"var(--ast-global-color-5)","background-image":"","background-repeat":"repeat","background-position":"center center","background-size":"auto","background-attachment":"scroll","background-type":"","background-media":"","overlay-type":"","overlay-color":"","overlay-opacity":"","overlay-gradient":""}},"footnotes":""},"class_list":["post-276","page","type-page","status-publish","hentry"],"post_mailing_queue_ids":[],"_links":{"self":[{"href":"https:\/\/agora.xtec.cat\/zerpoblet\/wp-json\/wp\/v2\/pages\/276","targetHints":{"allow":["GET"]}}],"collection":[{"href":"https:\/\/agora.xtec.cat\/zerpoblet\/wp-json\/wp\/v2\/pages"}],"about":[{"href":"https:\/\/agora.xtec.cat\/zerpoblet\/wp-json\/wp\/v2\/types\/page"}],"author":[{"embeddable":true,"href":"https:\/\/agora.xtec.cat\/zerpoblet\/wp-json\/wp\/v2\/users\/1"}],"replies":[{"embeddable":true,"href":"https:\/\/agora.xtec.cat\/zerpoblet\/wp-json\/wp\/v2\/comments?post=276"}],"version-history":[{"count":4,"href":"https:\/\/agora.xtec.cat\/zerpoblet\/wp-json\/wp\/v2\/pages\/276\/revisions"}],"predecessor-version":[{"id":4000,"href":"https:\/\/agora.xtec.cat\/zerpoblet\/wp-json\/wp\/v2\/pages\/276\/revisions\/4000"}],"up":[{"embeddable":true,"href":"https:\/\/agora.xtec.cat\/zerpoblet\/wp-json\/wp\/v2\/pages\/264"}],"wp:attachment":[{"href":"https:\/\/agora.xtec.cat\/zerpoblet\/wp-json\/wp\/v2\/media?parent=276"}],"curies":[{"name":"wp","href":"https:\/\/api.w.org\/{rel}","templated":true}]}}