{"id":21,"date":"2014-09-17T16:14:14","date_gmt":"2014-09-17T16:14:14","guid":{"rendered":"http:\/\/agora.xtec.cat\/zerpoblet\/?page_id=21"},"modified":"2024-02-16T10:46:15","modified_gmt":"2024-02-16T09:46:15","slug":"on-som","status":"publish","type":"page","link":"https:\/\/agora.xtec.cat\/zerpoblet\/zer\/on-som\/","title":{"rendered":"On som"},"content":{"rendered":"<p>Ens trobem en la comarca de la Conca de Barber\u00e0. Comarca meridional catalana de 650 Km2 i una poblaci\u00f3 propera als vint-i-dos mil habitants. Repartits entre 22 municipis. La Conca de Barber\u00e0 \u00e9s una comarca definida geogr\u00e0ficament ja que \u00e9s una fossa excavada pels rius Francol\u00ed i Anguera al marge septentrional de la Depressi\u00f3 Central Catalana, separada del Camp de Tarragona per la Serralada Pre-litoral.<\/p>\n<p>La comarca \u00e9s una cru\u00eflla de camins entre les terres de Tarragona, de Lleida i de Barcelona, fet fonamental per entendre el seu desenvolupament econ\u00f2mic i la gran concentraci\u00f3 d&#8217;infraestructures lineals en un espai limitat. Aix\u00ed, a la comarca hi ha quatre l\u00ednies el\u00e8ctriques d&#8217;alta tensi\u00f3, una autopista, una l\u00ednia de ferrocarril, una l\u00ednia de tren d&#8217;alta velocitat (TAV), una carretera nacional, dues comarcals i un projecte d&#8217;autovia.<\/p>\n<p>Les nostres escoles es troben:<\/p>\n<p style=\"text-align: center;\"><strong>Escola de Blancafort<\/strong><\/p>\n<p style=\"text-align: center;\"><iframe loading=\"lazy\" style=\"border: 0;\" src=\"https:\/\/www.google.com\/maps\/embed?pb=!1m18!1m12!1m3!1d2990.9876787360636!2d1.1569165649212403!3d41.43948900072751!2m3!1f0!2f0!3f0!3m2!1i1024!2i768!4f13.1!3m3!1m2!1s0x12a6a62730cb07bd%3A0xaaec12a00de4fbd6!2sEscola%20P%C3%BAblica%20de%20Blancafort%20Zer%20Poblet!5e0!3m2!1sca!2ses!4v1643383094924!5m2!1sca!2ses\" width=\"400\" height=\"300\" allowfullscreen=\"allowfullscreen\"><\/iframe><\/p>\n<p style=\"text-align: center;\"><strong>Escola del Montgoi<\/strong><\/p>\n<p style=\"text-align: center;\"><iframe loading=\"lazy\" style=\"border: 0;\" src=\"https:\/\/www.google.com\/maps\/embed?pb=!1m18!1m12!1m3!1d2995.6717277623297!2d1.177334742695977!3d41.3377511527707!2m3!1f0!2f0!3f0!3m2!1i1024!2i768!4f13.1!3m3!1m2!1s0x12a6aa35b0aa933f%3A0xf0189fe578a7ff75!2sEscola%20P%C3%BAblica%20del%20Montgoi%20Zer%20Poblet!5e0!3m2!1sca!2ses!4v1643383191440!5m2!1sca!2ses\" width=\"400\" height=\"300\" allowfullscreen=\"allowfullscreen\"><\/iframe><\/p>\n<p style=\"text-align: center;\"><strong>Escola Mare de D\u00e9u dels Torrents (seu de la ZER)<\/strong><\/p>\n<p>\u00a0\u00a0\u00a0\u00a0\u00a0\u00a0\u00a0\u00a0\u00a0\u00a0\u00a0\u00a0\u00a0\u00a0\u00a0\u00a0\u00a0\u00a0\u00a0\u00a0\u00a0\u00a0\u00a0\u00a0\u00a0\u00a0 \u00a0 \u00a0 \u00a0 \u00a0 \u00a0 \u00a0 <iframe loading=\"lazy\" style=\"border: 0;\" src=\"https:\/\/www.google.com\/maps\/embed?pb=!1m18!1m12!1m3!1d2992.7052284896663!2d1.043958614919972!3d41.402207503040124!2m3!1f0!2f0!3f0!3m2!1i1024!2i768!4f13.1!3m3!1m2!1s0x12a6b0317045a6c1%3A0x2fa3fb5338d0dd89!2sCEIP%20Mare%20de%20D%C3%A9u%20dels%20Torrents!5e0!3m2!1sca!2ses!4v1643383301475!5m2!1sca!2ses\" width=\"400\" height=\"300\" allowfullscreen=\"allowfullscreen\"><\/iframe><\/p>\n","protected":false},"excerpt":{"rendered":"<p>Ens trobem en la comarca de la Conca de Barber\u00e0. Comarca meridional catalana de 650 Km2 i una poblaci\u00f3 propera als vint-i-dos mil habitants. Repartits entre 22 municipis. La Conca de Barber\u00e0 \u00e9s una comarca definida geogr\u00e0ficament ja que \u00e9s una fossa excavada pels rius Francol\u00ed i Anguera al marge septentrional de la Depressi\u00f3 Central [&hellip;]<\/p>\n","protected":false},"author":1,"featured_media":0,"parent":19,"menu_order":2,"comment_status":"closed","ping_status":"closed","template":"page-templates\/side-menu.php","meta":{"_bbp_topic_count":0,"_bbp_reply_count":0,"_bbp_total_topic_count":0,"_bbp_total_reply_count":0,"_bbp_voice_count":0,"_bbp_anonymous_reply_count":0,"_bbp_topic_count_hidden":0,"_bbp_reply_count_hidden":0,"_bbp_forum_subforum_count":0,"site-sidebar-layout":"default","site-content-layout":"","ast-site-content-layout":"","site-content-style":"default","site-sidebar-style":"default","ast-global-header-display":"","ast-banner-title-visibility":"","ast-main-header-display":"","ast-hfb-above-header-display":"","ast-hfb-below-header-display":"","ast-hfb-mobile-header-display":"","site-post-title":"","ast-breadcrumbs-content":"","ast-featured-img":"","footer-sml-layout":"","theme-transparent-header-meta":"","adv-header-id-meta":"","stick-header-meta":"","header-above-stick-meta":"","header-main-stick-meta":"","header-below-stick-meta":"","astra-migrate-meta-layouts":"default","ast-page-background-enabled":"default","ast-page-background-meta":{"desktop":{"background-color":"var(--ast-global-color-4)","background-image":"","background-repeat":"repeat","background-position":"center center","background-size":"auto","background-attachment":"scroll","background-type":"","background-media":"","overlay-type":"","overlay-color":"","overlay-opacity":"","overlay-gradient":""},"tablet":{"background-color":"","background-image":"","background-repeat":"repeat","background-position":"center center","background-size":"auto","background-attachment":"scroll","background-type":"","background-media":"","overlay-type":"","overlay-color":"","overlay-opacity":"","overlay-gradient":""},"mobile":{"background-color":"","background-image":"","background-repeat":"repeat","background-position":"center center","background-size":"auto","background-attachment":"scroll","background-type":"","background-media":"","overlay-type":"","overlay-color":"","overlay-opacity":"","overlay-gradient":""}},"ast-content-background-meta":{"desktop":{"background-color":"var(--ast-global-color-5)","background-image":"","background-repeat":"repeat","background-position":"center center","background-size":"auto","background-attachment":"scroll","background-type":"","background-media":"","overlay-type":"","overlay-color":"","overlay-opacity":"","overlay-gradient":""},"tablet":{"background-color":"var(--ast-global-color-5)","background-image":"","background-repeat":"repeat","background-position":"center center","background-size":"auto","background-attachment":"scroll","background-type":"","background-media":"","overlay-type":"","overlay-color":"","overlay-opacity":"","overlay-gradient":""},"mobile":{"background-color":"var(--ast-global-color-5)","background-image":"","background-repeat":"repeat","background-position":"center center","background-size":"auto","background-attachment":"scroll","background-type":"","background-media":"","overlay-type":"","overlay-color":"","overlay-opacity":"","overlay-gradient":""}},"footnotes":""},"class_list":["post-21","page","type-page","status-publish","hentry"],"post_mailing_queue_ids":[],"_links":{"self":[{"href":"https:\/\/agora.xtec.cat\/zerpoblet\/wp-json\/wp\/v2\/pages\/21","targetHints":{"allow":["GET"]}}],"collection":[{"href":"https:\/\/agora.xtec.cat\/zerpoblet\/wp-json\/wp\/v2\/pages"}],"about":[{"href":"https:\/\/agora.xtec.cat\/zerpoblet\/wp-json\/wp\/v2\/types\/page"}],"author":[{"embeddable":true,"href":"https:\/\/agora.xtec.cat\/zerpoblet\/wp-json\/wp\/v2\/users\/1"}],"replies":[{"embeddable":true,"href":"https:\/\/agora.xtec.cat\/zerpoblet\/wp-json\/wp\/v2\/comments?post=21"}],"version-history":[{"count":3,"href":"https:\/\/agora.xtec.cat\/zerpoblet\/wp-json\/wp\/v2\/pages\/21\/revisions"}],"predecessor-version":[{"id":3314,"href":"https:\/\/agora.xtec.cat\/zerpoblet\/wp-json\/wp\/v2\/pages\/21\/revisions\/3314"}],"up":[{"embeddable":true,"href":"https:\/\/agora.xtec.cat\/zerpoblet\/wp-json\/wp\/v2\/pages\/19"}],"wp:attachment":[{"href":"https:\/\/agora.xtec.cat\/zerpoblet\/wp-json\/wp\/v2\/media?parent=21"}],"curies":[{"name":"wp","href":"https:\/\/api.w.org\/{rel}","templated":true}]}}