{"id":19,"date":"2014-09-17T14:56:56","date_gmt":"2014-09-17T14:56:56","guid":{"rendered":"http:\/\/agora.xtec.cat\/zerpallarsjussa\/?page_id=19"},"modified":"2020-12-16T11:37:22","modified_gmt":"2020-12-16T10:37:22","slug":"zer","status":"publish","type":"page","link":"https:\/\/agora.xtec.cat\/zerpallarsjussa\/zer\/","title":{"rendered":"ZER"},"content":{"rendered":"<p>La ZER del Pallars Juss\u00e0 est\u00e0 constitu\u00efda per tres escoles d\u2019aquesta comarca:<\/p>\n<ul>\n<li><a href=\"https:\/\/agora.xtec.cat\/zerpallarsjussa\/categoria\/escola-aeso\/\">L&#8217;escola AESO d\u2019Isona<\/a><\/li>\n<\/ul>\n<p><a href=\"https:\/\/agora.xtec.cat\/zerpallarsjussa\/categoria\/escola-aeso\/\"><img loading=\"lazy\" decoding=\"async\" class=\"alignnone  wp-image-2570\" src=\"https:\/\/agora.xtec.cat\/zerpallarsjussa\/wp-content\/uploads\/usu576\/2020\/12\/aeso.jpg\" alt=\"\" width=\"272\" height=\"184\" \/><\/a><\/p>\n<ul>\n<li><a href=\"https:\/\/agora.xtec.cat\/zerpallarsjussa\/categoria\/escola-la-vall-fosca\/\">L\u2019escola de La Vall Fosca a La Plana de Mont-r\u00f3s<\/a><\/li>\n<\/ul>\n<p><a href=\"https:\/\/agora.xtec.cat\/zerpallarsjussa\/categoria\/escola-la-vall-fosca\/\"><img loading=\"lazy\" decoding=\"async\" class=\"alignnone  wp-image-603\" src=\"https:\/\/agora.xtec.cat\/zerpallarsjussa\/wp-content\/uploads\/usu576\/2019\/01\/ESCOLA-VALL-FOSCA-1024x768.jpg\" alt=\"\" width=\"272\" height=\"204\" srcset=\"https:\/\/agora.xtec.cat\/zerpallarsjussa\/wp-content\/uploads\/usu576\/2019\/01\/ESCOLA-VALL-FOSCA-1024x768.jpg 1024w, https:\/\/agora.xtec.cat\/zerpallarsjussa\/wp-content\/uploads\/usu576\/2019\/01\/ESCOLA-VALL-FOSCA-300x225.jpg 300w, https:\/\/agora.xtec.cat\/zerpallarsjussa\/wp-content\/uploads\/usu576\/2019\/01\/ESCOLA-VALL-FOSCA-768x576.jpg 768w, https:\/\/agora.xtec.cat\/zerpallarsjussa\/wp-content\/uploads\/usu576\/2019\/01\/ESCOLA-VALL-FOSCA-200x150.jpg 200w, https:\/\/agora.xtec.cat\/zerpallarsjussa\/wp-content\/uploads\/usu576\/2019\/01\/ESCOLA-VALL-FOSCA.jpg 1055w\" sizes=\"auto, (max-width: 272px) 100vw, 272px\" \/><\/a><\/p>\n<ul>\n<li><a href=\"https:\/\/agora.xtec.cat\/zerpallarsjussa\/categoria\/escola-de-salas\/\">L\u2019escola de Sal\u00e0s<\/a><\/li>\n<\/ul>\n<p><a href=\"https:\/\/agora.xtec.cat\/zerpallarsjussa\/categoria\/escola-de-salas\/\"><img loading=\"lazy\" decoding=\"async\" class=\"alignnone  wp-image-628\" src=\"https:\/\/agora.xtec.cat\/zerpallarsjussa\/wp-content\/uploads\/usu576\/2019\/01\/escola-SALAS.jpg\" alt=\"\" width=\"477\" height=\"204\" srcset=\"https:\/\/agora.xtec.cat\/zerpallarsjussa\/wp-content\/uploads\/usu576\/2019\/01\/escola-SALAS.jpg 960w, https:\/\/agora.xtec.cat\/zerpallarsjussa\/wp-content\/uploads\/usu576\/2019\/01\/escola-SALAS-300x128.jpg 300w, https:\/\/agora.xtec.cat\/zerpallarsjussa\/wp-content\/uploads\/usu576\/2019\/01\/escola-SALAS-768x329.jpg 768w\" sizes=\"auto, (max-width: 477px) 100vw, 477px\" \/><\/a><\/p>\n","protected":false},"excerpt":{"rendered":"<p>La ZER del Pallars Juss\u00e0 est\u00e0 constitu\u00efda per tres escoles d\u2019aquesta comarca: L&#8217;escola AESO d\u2019Isona L\u2019escola de La Vall Fosca a La Plana de Mont-r\u00f3s L\u2019escola de Sal\u00e0s<\/p>\n","protected":false},"author":1,"featured_media":0,"parent":0,"menu_order":0,"comment_status":"closed","ping_status":"closed","template":"page-templates\/side-menu.php","meta":{"_bbp_topic_count":0,"_bbp_reply_count":0,"_bbp_total_topic_count":0,"_bbp_total_reply_count":0,"_bbp_voice_count":0,"_bbp_anonymous_reply_count":0,"_bbp_topic_count_hidden":0,"_bbp_reply_count_hidden":0,"_bbp_forum_subforum_count":0,"site-sidebar-layout":"default","site-content-layout":"","ast-site-content-layout":"","site-content-style":"default","site-sidebar-style":"default","ast-global-header-display":"","ast-banner-title-visibility":"","ast-main-header-display":"","ast-hfb-above-header-display":"","ast-hfb-below-header-display":"","ast-hfb-mobile-header-display":"","site-post-title":"","ast-breadcrumbs-content":"","ast-featured-img":"","footer-sml-layout":"","theme-transparent-header-meta":"","adv-header-id-meta":"","stick-header-meta":"","header-above-stick-meta":"","header-main-stick-meta":"","header-below-stick-meta":"","astra-migrate-meta-layouts":"default","ast-page-background-enabled":"default","ast-page-background-meta":{"desktop":{"background-color":"var(--ast-global-color-4)","background-image":"","background-repeat":"repeat","background-position":"center center","background-size":"auto","background-attachment":"scroll","background-type":"","background-media":"","overlay-type":"","overlay-color":"","overlay-opacity":"","overlay-gradient":""},"tablet":{"background-color":"","background-image":"","background-repeat":"repeat","background-position":"center center","background-size":"auto","background-attachment":"scroll","background-type":"","background-media":"","overlay-type":"","overlay-color":"","overlay-opacity":"","overlay-gradient":""},"mobile":{"background-color":"","background-image":"","background-repeat":"repeat","background-position":"center center","background-size":"auto","background-attachment":"scroll","background-type":"","background-media":"","overlay-type":"","overlay-color":"","overlay-opacity":"","overlay-gradient":""}},"ast-content-background-meta":{"desktop":{"background-color":"var(--ast-global-color-5)","background-image":"","background-repeat":"repeat","background-position":"center center","background-size":"auto","background-attachment":"scroll","background-type":"","background-media":"","overlay-type":"","overlay-color":"","overlay-opacity":"","overlay-gradient":""},"tablet":{"background-color":"var(--ast-global-color-5)","background-image":"","background-repeat":"repeat","background-position":"center center","background-size":"auto","background-attachment":"scroll","background-type":"","background-media":"","overlay-type":"","overlay-color":"","overlay-opacity":"","overlay-gradient":""},"mobile":{"background-color":"var(--ast-global-color-5)","background-image":"","background-repeat":"repeat","background-position":"center center","background-size":"auto","background-attachment":"scroll","background-type":"","background-media":"","overlay-type":"","overlay-color":"","overlay-opacity":"","overlay-gradient":""}},"footnotes":""},"class_list":["post-19","page","type-page","status-publish","hentry"],"post_mailing_queue_ids":[],"_links":{"self":[{"href":"https:\/\/agora.xtec.cat\/zerpallarsjussa\/wp-json\/wp\/v2\/pages\/19","targetHints":{"allow":["GET"]}}],"collection":[{"href":"https:\/\/agora.xtec.cat\/zerpallarsjussa\/wp-json\/wp\/v2\/pages"}],"about":[{"href":"https:\/\/agora.xtec.cat\/zerpallarsjussa\/wp-json\/wp\/v2\/types\/page"}],"author":[{"embeddable":true,"href":"https:\/\/agora.xtec.cat\/zerpallarsjussa\/wp-json\/wp\/v2\/users\/1"}],"replies":[{"embeddable":true,"href":"https:\/\/agora.xtec.cat\/zerpallarsjussa\/wp-json\/wp\/v2\/comments?post=19"}],"version-history":[{"count":2,"href":"https:\/\/agora.xtec.cat\/zerpallarsjussa\/wp-json\/wp\/v2\/pages\/19\/revisions"}],"predecessor-version":[{"id":2572,"href":"https:\/\/agora.xtec.cat\/zerpallarsjussa\/wp-json\/wp\/v2\/pages\/19\/revisions\/2572"}],"wp:attachment":[{"href":"https:\/\/agora.xtec.cat\/zerpallarsjussa\/wp-json\/wp\/v2\/media?parent=19"}],"curies":[{"name":"wp","href":"https:\/\/api.w.org\/{rel}","templated":true}]}}