{"id":735,"date":"2020-04-10T12:41:43","date_gmt":"2020-04-10T10:41:43","guid":{"rendered":"http:\/\/agora.xtec.cat\/zermsp\/?page_id=735"},"modified":"2020-06-11T19:57:30","modified_gmt":"2020-06-11T17:57:30","slug":"english","status":"publish","type":"page","link":"https:\/\/agora.xtec.cat\/zermsp\/arees-i-especialitats-de-zer\/english\/","title":{"rendered":"ENGLISH"},"content":{"rendered":"<p>&nbsp;<\/p>\n<p style=\"text-align: center;\"><img loading=\"lazy\" decoding=\"async\" class=\"alignnone wp-image-829\" src=\"https:\/\/agora.xtec.cat\/zermsp\/wp-content\/uploads\/usu1052\/2020\/04\/english-logo.png\" alt=\"\" width=\"597\" height=\"234\" srcset=\"https:\/\/agora.xtec.cat\/zermsp\/wp-content\/uploads\/usu1052\/2020\/04\/english-logo.png 461w, https:\/\/agora.xtec.cat\/zermsp\/wp-content\/uploads\/usu1052\/2020\/04\/english-logo-300x118.png 300w\" sizes=\"auto, (max-width: 597px) 100vw, 597px\" \/><\/p>\n<p>Benvolgudes fam\u00edlies!<\/p>\n<p>En aquesta p\u00e0gina trobareu activitats i propostes de treball relacionades amb l&#8217;\u00e0rea de llengua anglesa.<\/p>\n<p>&nbsp;<\/p>\n<h1 style=\"text-align: center;\"><span style=\"color: #800080;\">Welcome everybody!<\/span><\/h1>\n<h3><\/h3>\n<h3><span style=\"color: #000000;\">En aquesta secci\u00f3 hi teniu els reptes d&#8217;angl\u00e8s que haureu de fer durant la setmana que tindreu la teacher virtual a la vostra escola. Nom\u00e9s cal que entreu al vostre curs i que seguiu les instruccions!<\/span><\/h3>\n<h3 style=\"text-align: center;\"><span style=\"color: #800080;\">I hope that you have fun!<\/span><\/h3>\n<p>&nbsp;<\/p>\n<h1 style=\"text-align: center;\"><span style=\"color: #ff00ff;\">FORMULARIS DE VALORACI\u00d3\u00a0<\/span><\/h1>\n<h2 style=\"text-align: center;\"><a href=\"https:\/\/forms.gle\/qySoSkXB4beiXNrs9\" target=\"_blank\" rel=\"noopener noreferrer\"><span style=\"color: #ff00ff;\">EDUCACI\u00d3 INFANTIL<\/span><\/a><\/h2>\n<p><a href=\"https:\/\/forms.gle\/qySoSkXB4beiXNrs9\" target=\"_blank\" rel=\"noopener noreferrer\"><img loading=\"lazy\" decoding=\"async\" class=\"wp-image-873 aligncenter\" src=\"https:\/\/agora.xtec.cat\/zermsp\/wp-content\/uploads\/usu1052\/2020\/05\/questionari2.png\" alt=\"\" width=\"181\" height=\"180\" srcset=\"https:\/\/agora.xtec.cat\/zermsp\/wp-content\/uploads\/usu1052\/2020\/05\/questionari2.png 512w, https:\/\/agora.xtec.cat\/zermsp\/wp-content\/uploads\/usu1052\/2020\/05\/questionari2-150x150.png 150w, https:\/\/agora.xtec.cat\/zermsp\/wp-content\/uploads\/usu1052\/2020\/05\/questionari2-300x300.png 300w\" sizes=\"auto, (max-width: 181px) 100vw, 181px\" \/><\/a><\/p>\n<p>&nbsp;<\/p>\n<h2 style=\"text-align: center;\"><a href=\"https:\/\/forms.gle\/GTBMnBUxDzHsKvZF8\" target=\"_blank\" rel=\"noopener noreferrer\"><span style=\"color: #ff99cc;\">1r i 2n &#8211; CICLE INICIAL<\/span><\/a><\/h2>\n<p><a href=\"https:\/\/forms.gle\/GTBMnBUxDzHsKvZF8\" target=\"_blank\" rel=\"noopener noreferrer\"><img loading=\"lazy\" decoding=\"async\" class=\"wp-image-873 aligncenter\" src=\"https:\/\/agora.xtec.cat\/zermsp\/wp-content\/uploads\/usu1052\/2020\/05\/questionari2.png\" alt=\"\" width=\"190\" height=\"189\" srcset=\"https:\/\/agora.xtec.cat\/zermsp\/wp-content\/uploads\/usu1052\/2020\/05\/questionari2.png 512w, https:\/\/agora.xtec.cat\/zermsp\/wp-content\/uploads\/usu1052\/2020\/05\/questionari2-150x150.png 150w, https:\/\/agora.xtec.cat\/zermsp\/wp-content\/uploads\/usu1052\/2020\/05\/questionari2-300x300.png 300w\" sizes=\"auto, (max-width: 190px) 100vw, 190px\" \/><\/a><\/p>\n<p>&nbsp;<\/p>\n<h2 style=\"text-align: center;\"><a href=\"https:\/\/forms.gle\/FMPy6D3n4iZtX9SX9\" target=\"_blank\" rel=\"noopener noreferrer\"><span style=\"color: #cc99ff;\">3r, 4t, 5\u00e8 i 6\u00e8<\/span><\/a><\/h2>\n<h2 style=\"text-align: center;\"><a href=\"https:\/\/forms.gle\/FMPy6D3n4iZtX9SX9\" target=\"_blank\" rel=\"noopener noreferrer\"><span style=\"color: #cc99ff;\">CICLE MITJ\u00c0 I CICLE SUPERIOR DE PRIM\u00c0RIA<\/span><\/a><\/h2>\n<p><a href=\"https:\/\/forms.gle\/FMPy6D3n4iZtX9SX9\" target=\"_blank\" rel=\"noopener noreferrer\"><img loading=\"lazy\" decoding=\"async\" class=\"wp-image-873 aligncenter\" src=\"https:\/\/agora.xtec.cat\/zermsp\/wp-content\/uploads\/usu1052\/2020\/05\/questionari2.png\" alt=\"\" width=\"187\" height=\"186\" srcset=\"https:\/\/agora.xtec.cat\/zermsp\/wp-content\/uploads\/usu1052\/2020\/05\/questionari2.png 512w, https:\/\/agora.xtec.cat\/zermsp\/wp-content\/uploads\/usu1052\/2020\/05\/questionari2-150x150.png 150w, https:\/\/agora.xtec.cat\/zermsp\/wp-content\/uploads\/usu1052\/2020\/05\/questionari2-300x300.png 300w\" sizes=\"auto, (max-width: 187px) 100vw, 187px\" \/><\/a><\/p>\n<p>&nbsp;<\/p>\n<h1 style=\"text-align: center;\"><span style=\"color: #ff6600;\">SECOND ROUND!!<\/span><\/h1>\n<p>&nbsp;<\/p>\n<p>&nbsp;<\/p>\n<p><a href=\"https:\/\/view.genial.ly\/5ec254228e243b0d5a339968\/presentation-pre-primary-2\" target=\"_blank\" rel=\"noopener noreferrer\"><img loading=\"lazy\" decoding=\"async\" class=\"aligncenter wp-image-884\" src=\"https:\/\/agora.xtec.cat\/zermsp\/wp-content\/uploads\/usu1052\/2020\/05\/KIDS-ENGLISH.jpeg\" alt=\"\" width=\"283\" height=\"283\" srcset=\"https:\/\/agora.xtec.cat\/zermsp\/wp-content\/uploads\/usu1052\/2020\/05\/KIDS-ENGLISH.jpeg 611w, https:\/\/agora.xtec.cat\/zermsp\/wp-content\/uploads\/usu1052\/2020\/05\/KIDS-ENGLISH-150x150.jpeg 150w, https:\/\/agora.xtec.cat\/zermsp\/wp-content\/uploads\/usu1052\/2020\/05\/KIDS-ENGLISH-300x300.jpeg 300w\" sizes=\"auto, (max-width: 283px) 100vw, 283px\" \/><\/a><\/p>\n<h2 style=\"text-align: center;\"><a href=\"https:\/\/view.genial.ly\/5ec254228e243b0d5a339968\/presentation-pre-primary-2\" target=\"_blank\" rel=\"noopener noreferrer\"><span style=\"color: #800080;\">EDUCACI\u00d3 INFANTIL<\/span><\/a><\/h2>\n<p>&nbsp;<\/p>\n<p>&nbsp;<\/p>\n<p><a href=\"https:\/\/view.genial.ly\/5ec265c332a04c0d96b7676e\/presentation-first-stage-task-2\" target=\"_blank\" rel=\"noopener noreferrer\"><img loading=\"lazy\" decoding=\"async\" class=\"aligncenter wp-image-885\" src=\"https:\/\/agora.xtec.cat\/zermsp\/wp-content\/uploads\/usu1052\/2020\/05\/ANGL\u00c8S-8.png\" alt=\"\" width=\"333\" height=\"333\" srcset=\"https:\/\/agora.xtec.cat\/zermsp\/wp-content\/uploads\/usu1052\/2020\/05\/ANGL\u00c8S-8.png 225w, https:\/\/agora.xtec.cat\/zermsp\/wp-content\/uploads\/usu1052\/2020\/05\/ANGL\u00c8S-8-150x150.png 150w\" sizes=\"auto, (max-width: 333px) 100vw, 333px\" \/><\/a><\/p>\n<h2 style=\"text-align: center;\"><a href=\"https:\/\/view.genial.ly\/5ec265c332a04c0d96b7676e\/presentation-first-stage-task-2\" target=\"_blank\" rel=\"noopener noreferrer\"><span style=\"color: #800080;\">CICLE INICIAL<\/span><\/a><\/h2>\n<h2 style=\"text-align: center;\"><a href=\"https:\/\/view.genial.ly\/5ec265c332a04c0d96b7676e\/presentation-first-stage-task-2\" target=\"_blank\" rel=\"noopener noreferrer\"><span style=\"color: #800080;\">1r i 2n PRIM\u00c0RIA<\/span><\/a><\/h2>\n<p>&nbsp;<\/p>\n<p>&nbsp;<\/p>\n<p><a href=\"https:\/\/view.genial.ly\/5ec264fc8e243b0d5a339fb2\/presentation-second-stage-task-2\" target=\"_blank\" rel=\"noopener noreferrer\"><img loading=\"lazy\" decoding=\"async\" class=\"aligncenter wp-image-887\" src=\"https:\/\/agora.xtec.cat\/zermsp\/wp-content\/uploads\/usu1052\/2020\/05\/ANGL\u00c8S-2.jpg\" alt=\"\" width=\"687\" height=\"224\" srcset=\"https:\/\/agora.xtec.cat\/zermsp\/wp-content\/uploads\/usu1052\/2020\/05\/ANGL\u00c8S-2.jpg 920w, https:\/\/agora.xtec.cat\/zermsp\/wp-content\/uploads\/usu1052\/2020\/05\/ANGL\u00c8S-2-300x98.jpg 300w, https:\/\/agora.xtec.cat\/zermsp\/wp-content\/uploads\/usu1052\/2020\/05\/ANGL\u00c8S-2-768x250.jpg 768w\" sizes=\"auto, (max-width: 687px) 100vw, 687px\" \/><\/a><\/p>\n<h2 style=\"text-align: center;\"><a href=\"https:\/\/view.genial.ly\/5ec264fc8e243b0d5a339fb2\/presentation-second-stage-task-2\" target=\"_blank\" rel=\"noopener noreferrer\"><span style=\"color: #800080;\">CICLE MITJ\u00c0<\/span><\/a><\/h2>\n<h2 style=\"text-align: center;\"><a href=\"https:\/\/view.genial.ly\/5ec264fc8e243b0d5a339fb2\/presentation-second-stage-task-2\" target=\"_blank\" rel=\"noopener noreferrer\"><span style=\"color: #800080;\">3r i 4t PRIM\u00c0RIA<\/span><\/a><\/h2>\n<p>&nbsp;<\/p>\n<p>&nbsp;<\/p>\n<p><a href=\"https:\/\/view.genial.ly\/5eb8efec2fb48d0d930bccd7\/presentation-third-stage-task-2\" target=\"_blank\" rel=\"noopener noreferrer\"><img loading=\"lazy\" decoding=\"async\" class=\"aligncenter wp-image-886\" src=\"https:\/\/agora.xtec.cat\/zermsp\/wp-content\/uploads\/usu1052\/2020\/05\/ANGL\u00c8S-1.jpg\" alt=\"\" width=\"448\" height=\"298\" \/><\/a><\/p>\n<h2 style=\"text-align: center;\"><a href=\"https:\/\/view.genial.ly\/5eb8efec2fb48d0d930bccd7\/presentation-third-stage-task-2\" target=\"_blank\" rel=\"noopener noreferrer\"><span style=\"color: #800080;\">CICLE SUPERIOR<\/span><\/a><\/h2>\n<h2 style=\"text-align: center;\"><a href=\"https:\/\/view.genial.ly\/5eb8efec2fb48d0d930bccd7\/presentation-third-stage-task-2\" target=\"_blank\" rel=\"noopener noreferrer\"><span style=\"color: #800080;\">5\u00e8 i 6\u00e8 PRIM\u00c0RIA<\/span><\/a><\/h2>\n<p>&nbsp;<\/p>\n<p>&nbsp;<\/p>\n<p>&nbsp;<\/p>\n<h1 style=\"text-align: center;\"><span style=\"color: #ff6600;\">FIRST ROUND!!<\/span><\/h1>\n<p>&nbsp;<\/p>\n<p><a href=\"https:\/\/view.genial.ly\/5e9c39f19f55700daa4a8c7d\/presentation-pre-primary-1\"><img loading=\"lazy\" decoding=\"async\" class=\"wp-image-845 aligncenter\" src=\"https:\/\/agora.xtec.cat\/zermsp\/wp-content\/uploads\/usu1052\/2020\/04\/english2-1.jpg\" alt=\"\" width=\"298\" height=\"253\" srcset=\"https:\/\/agora.xtec.cat\/zermsp\/wp-content\/uploads\/usu1052\/2020\/04\/english2-1.jpg 450w, https:\/\/agora.xtec.cat\/zermsp\/wp-content\/uploads\/usu1052\/2020\/04\/english2-1-300x256.jpg 300w\" sizes=\"auto, (max-width: 298px) 100vw, 298px\" \/><\/a><\/p>\n<h4 style=\"text-align: center;\"><span style=\"color: #000000;\">\u00a0 \u00a0 \u00a0 \u00a0 \u00a0 \u00a0<a style=\"color: #000000;\" href=\"https:\/\/view.genial.ly\/5e9c39f19f55700daa4a8c7d\/presentation-pre-primary-1\">EDUCACI\u00d3 INFANTIL<\/a> \u00a0 \u00a0 \u00a0 \u00a0 \u00a0 \u00a0<\/span><\/h4>\n<p>&nbsp;<\/p>\n<p>&nbsp;<\/p>\n<h4><a href=\"https:\/\/view.genial.ly\/5e9c9490594d3b0da3df3703\/presentation-first-stage-1\"><img loading=\"lazy\" decoding=\"async\" class=\" wp-image-847 aligncenter\" style=\"font-size: 16px; font-weight: 400;\" src=\"https:\/\/agora.xtec.cat\/zermsp\/wp-content\/uploads\/usu1052\/2020\/04\/english-time.jpg\" alt=\"\" width=\"354\" height=\"235\" \/><\/a><\/h4>\n<h4 style=\"text-align: center;\"><span style=\"color: #000000;\">\u00a0 \u00a0<\/span><\/h4>\n<h4 style=\"text-align: center;\"><span style=\"color: #000000;\"><a style=\"color: #000000;\" href=\"https:\/\/view.genial.ly\/5e9c9490594d3b0da3df3703\/presentation-first-stage-1\">\u00a0 \u00a0 \u00a0 CICLE INICIAL <\/a>\u00a0<\/span><\/h4>\n<h4 style=\"text-align: center;\"><span style=\"color: #000000;\">\u00a0 \u00a0\u00a0<a style=\"color: #000000;\" href=\"https:\/\/view.genial.ly\/5e9c9490594d3b0da3df3703\/presentation-first-stage-1\">1r i 2n Prim\u00e0ria\u00a0<\/a>\u00a0\u00a0<\/span><\/h4>\n<h4 style=\"text-align: center;\"><span style=\"color: #000000;\">\u00a0<\/span><\/h4>\n<p>&nbsp;<\/p>\n<p><a href=\"https:\/\/view.genial.ly\/5e9ca31b594d3b0da3e01ea0\/presentation-second-stage-1\"><img loading=\"lazy\" decoding=\"async\" class=\"size-full wp-image-848 aligncenter\" src=\"https:\/\/agora.xtec.cat\/zermsp\/wp-content\/uploads\/usu1052\/2020\/04\/english1.jpg\" alt=\"\" width=\"450\" height=\"281\" srcset=\"https:\/\/agora.xtec.cat\/zermsp\/wp-content\/uploads\/usu1052\/2020\/04\/english1.jpg 450w, https:\/\/agora.xtec.cat\/zermsp\/wp-content\/uploads\/usu1052\/2020\/04\/english1-300x187.jpg 300w\" sizes=\"auto, (max-width: 450px) 100vw, 450px\" \/><\/a><\/p>\n<h4 style=\"text-align: center;\"><span style=\"color: #000000;\">\u00a0 \u00a0 \u00a0 \u00a0 \u00a0 \u00a0 <a style=\"color: #000000;\" href=\"https:\/\/view.genial.ly\/5e9ca31b594d3b0da3e01ea0\/presentation-second-stage-1\">CICLE MITJ\u00c0<\/a> \u00a0 \u00a0 \u00a0 \u00a0 \u00a0 \u00a0<\/span><\/h4>\n<h4 style=\"text-align: center;\"><span style=\"color: #000000;\">\u00a0<a style=\"color: #000000;\" href=\"https:\/\/view.genial.ly\/5e9ca31b594d3b0da3e01ea0\/presentation-second-stage-1\">\u00a03r i 4t Prim\u00e0ria\u00a0<\/a>\u00a0<\/span><\/h4>\n<p>&nbsp;<\/p>\n<p>&nbsp;<\/p>\n<p><a href=\"https:\/\/view.genial.ly\/5e9c5f7e3b26f10da5cef257\/presentation-third-stage-1\"><img loading=\"lazy\" decoding=\"async\" class=\" wp-image-849 aligncenter\" src=\"https:\/\/agora.xtec.cat\/zermsp\/wp-content\/uploads\/usu1052\/2020\/04\/speak.jpg\" alt=\"\" width=\"402\" height=\"378\" srcset=\"https:\/\/agora.xtec.cat\/zermsp\/wp-content\/uploads\/usu1052\/2020\/04\/speak.jpg 625w, https:\/\/agora.xtec.cat\/zermsp\/wp-content\/uploads\/usu1052\/2020\/04\/speak-300x282.jpg 300w\" sizes=\"auto, (max-width: 402px) 100vw, 402px\" \/><\/a><\/p>\n<h4 style=\"text-align: center;\"><span style=\"color: #000000;\"> \u00a0 <a style=\"color: #000000;\" href=\"https:\/\/view.genial.ly\/5e9c5f7e3b26f10da5cef257\/presentation-third-stage-1\">CICLE SUPERIOR<\/a><\/span><\/h4>\n<h4><span style=\"color: #000000;\">\u00a0 \u00a0 \u00a0 \u00a0 \u00a0 \u00a0 \u00a0 \u00a0 \u00a0 \u00a0 \u00a0 \u00a0 \u00a0 \u00a0 \u00a0 \u00a0 \u00a0 \u00a0 \u00a0 \u00a0 \u00a0 \u00a0 \u00a0 \u00a0 \u00a0 \u00a0 \u00a0 \u00a0 \u00a0 \u00a0 \u00a0 \u00a0 \u00a0 \u00a0 \u00a0 \u00a0 \u00a0 \u00a0 \u00a0 \u00a0 \u00a0 \u00a0 <a style=\"color: #000000;\" href=\"https:\/\/view.genial.ly\/5e9c5f7e3b26f10da5cef257\/presentation-third-stage-1\">5\u00e8 i 6\u00e8 Prim\u00e0ria<\/a><\/span><\/h4>\n<p>&nbsp;<\/p>\n","protected":false},"excerpt":{"rendered":"<p>&nbsp; Benvolgudes fam\u00edlies! En aquesta p\u00e0gina trobareu activitats i propostes de treball relacionades amb l&#8217;\u00e0rea de llengua anglesa. &nbsp; Welcome everybody! En aquesta secci\u00f3 hi teniu els reptes d&#8217;angl\u00e8s que haureu de fer durant la setmana que tindreu la teacher virtual a la vostra escola. Nom\u00e9s cal que entreu al vostre curs i que seguiu [&hellip;]<\/p>\n","protected":false},"author":1,"featured_media":0,"parent":763,"menu_order":0,"comment_status":"closed","ping_status":"closed","template":"page-templates\/side-menu.php","meta":{"_bbp_topic_count":0,"_bbp_reply_count":0,"_bbp_total_topic_count":0,"_bbp_total_reply_count":0,"_bbp_voice_count":0,"_bbp_anonymous_reply_count":0,"_bbp_topic_count_hidden":0,"_bbp_reply_count_hidden":0,"_bbp_forum_subforum_count":0,"site-sidebar-layout":"default","site-content-layout":"","ast-site-content-layout":"","site-content-style":"default","site-sidebar-style":"default","ast-global-header-display":"","ast-banner-title-visibility":"","ast-main-header-display":"","ast-hfb-above-header-display":"","ast-hfb-below-header-display":"","ast-hfb-mobile-header-display":"","site-post-title":"","ast-breadcrumbs-content":"","ast-featured-img":"","footer-sml-layout":"","theme-transparent-header-meta":"","adv-header-id-meta":"","stick-header-meta":"","header-above-stick-meta":"","header-main-stick-meta":"","header-below-stick-meta":"","astra-migrate-meta-layouts":"default","ast-page-background-enabled":"default","ast-page-background-meta":{"desktop":{"background-color":"var(--ast-global-color-4)","background-image":"","background-repeat":"repeat","background-position":"center center","background-size":"auto","background-attachment":"scroll","background-type":"","background-media":"","overlay-type":"","overlay-color":"","overlay-opacity":"","overlay-gradient":""},"tablet":{"background-color":"","background-image":"","background-repeat":"repeat","background-position":"center center","background-size":"auto","background-attachment":"scroll","background-type":"","background-media":"","overlay-type":"","overlay-color":"","overlay-opacity":"","overlay-gradient":""},"mobile":{"background-color":"","background-image":"","background-repeat":"repeat","background-position":"center center","background-size":"auto","background-attachment":"scroll","background-type":"","background-media":"","overlay-type":"","overlay-color":"","overlay-opacity":"","overlay-gradient":""}},"ast-content-background-meta":{"desktop":{"background-color":"var(--ast-global-color-5)","background-image":"","background-repeat":"repeat","background-position":"center center","background-size":"auto","background-attachment":"scroll","background-type":"","background-media":"","overlay-type":"","overlay-color":"","overlay-opacity":"","overlay-gradient":""},"tablet":{"background-color":"var(--ast-global-color-5)","background-image":"","background-repeat":"repeat","background-position":"center center","background-size":"auto","background-attachment":"scroll","background-type":"","background-media":"","overlay-type":"","overlay-color":"","overlay-opacity":"","overlay-gradient":""},"mobile":{"background-color":"var(--ast-global-color-5)","background-image":"","background-repeat":"repeat","background-position":"center center","background-size":"auto","background-attachment":"scroll","background-type":"","background-media":"","overlay-type":"","overlay-color":"","overlay-opacity":"","overlay-gradient":""}},"footnotes":""},"class_list":["post-735","page","type-page","status-publish","hentry"],"post_mailing_queue_ids":[],"_links":{"self":[{"href":"https:\/\/agora.xtec.cat\/zermsp\/wp-json\/wp\/v2\/pages\/735","targetHints":{"allow":["GET"]}}],"collection":[{"href":"https:\/\/agora.xtec.cat\/zermsp\/wp-json\/wp\/v2\/pages"}],"about":[{"href":"https:\/\/agora.xtec.cat\/zermsp\/wp-json\/wp\/v2\/types\/page"}],"author":[{"embeddable":true,"href":"https:\/\/agora.xtec.cat\/zermsp\/wp-json\/wp\/v2\/users\/1"}],"replies":[{"embeddable":true,"href":"https:\/\/agora.xtec.cat\/zermsp\/wp-json\/wp\/v2\/comments?post=735"}],"version-history":[{"count":4,"href":"https:\/\/agora.xtec.cat\/zermsp\/wp-json\/wp\/v2\/pages\/735\/revisions"}],"predecessor-version":[{"id":920,"href":"https:\/\/agora.xtec.cat\/zermsp\/wp-json\/wp\/v2\/pages\/735\/revisions\/920"}],"up":[{"embeddable":true,"href":"https:\/\/agora.xtec.cat\/zermsp\/wp-json\/wp\/v2\/pages\/763"}],"wp:attachment":[{"href":"https:\/\/agora.xtec.cat\/zermsp\/wp-json\/wp\/v2\/media?parent=735"}],"curies":[{"name":"wp","href":"https:\/\/api.w.org\/{rel}","templated":true}]}}