{"id":19,"date":"2014-09-17T14:56:56","date_gmt":"2014-09-17T14:56:56","guid":{"rendered":"http:\/\/agora.xtec.cat\/zermontsia\/?page_id=19"},"modified":"2025-08-24T21:39:24","modified_gmt":"2025-08-24T19:39:24","slug":"zer","status":"publish","type":"page","link":"https:\/\/agora.xtec.cat\/zermontsia\/zer\/","title":{"rendered":"ZER MONTSI\u00c0"},"content":{"rendered":"\n<div class=\"wp-block-getwid-tabs\" data-active-tab=\"0\"><ul class=\"wp-block-getwid-tabs__nav-links\"><\/ul>\n<div class=\"wp-block-getwid-tabs__nav-link\"><span class=\"wp-block-getwid-tabs__title-wrapper\"><a href=\"#\"><span class=\"wp-block-getwid-tabs__title\">QUI SOM<\/span><\/a><\/span><\/div><div class=\"wp-block-getwid-tabs__tab-content-wrapper\"><div class=\"wp-block-getwid-tabs__tab-content\">\n<div class=\"wp-block-columns is-layout-flex wp-container-core-columns-is-layout-1 wp-block-columns-is-layout-flex\">\n<div class=\"wp-block-column is-layout-flow wp-block-column-is-layout-flow\">\n<p>L\u2019any 1990 les comunitats educatives de Freginals, La Galera, Godall, Mas de Barberans i Masdenverge unien esfor\u00e7os en un projecte com\u00fa: La ZER Montsi\u00e0.<\/p>\n\n\n\n<div class=\"wp-block-group is-nowrap is-layout-flex wp-container-core-group-is-layout-2 wp-block-group-is-layout-flex\">\n<div class=\"wp-block-group is-nowrap is-layout-flex wp-container-core-group-is-layout-1 wp-block-group-is-layout-flex\">\n<figure class=\"wp-block-image size-large is-resized\"><a href=\"https:\/\/agora.xtec.cat\/zermontsia\/wp-content\/uploads\/usu577\/2025\/08\/logo_sense_fons.png\"><img loading=\"lazy\" decoding=\"async\" width=\"1024\" height=\"533\" src=\"https:\/\/agora.xtec.cat\/zermontsia\/wp-content\/uploads\/usu577\/2025\/08\/logo_sense_fons-1024x533.png\" alt=\"\" class=\"wp-image-4720\" style=\"width:357px;height:auto\" srcset=\"https:\/\/agora.xtec.cat\/zermontsia\/wp-content\/uploads\/usu577\/2025\/08\/logo_sense_fons-1024x533.png 1024w, https:\/\/agora.xtec.cat\/zermontsia\/wp-content\/uploads\/usu577\/2025\/08\/logo_sense_fons-300x156.png 300w, https:\/\/agora.xtec.cat\/zermontsia\/wp-content\/uploads\/usu577\/2025\/08\/logo_sense_fons-768x400.png 768w, https:\/\/agora.xtec.cat\/zermontsia\/wp-content\/uploads\/usu577\/2025\/08\/logo_sense_fons.png 1505w\" sizes=\"auto, (max-width: 1024px) 100vw, 1024px\" \/><\/a><\/figure>\n<\/div>\n<\/div>\n<\/div>\n\n\n\n<div class=\"wp-block-column is-layout-flow wp-block-column-is-layout-flow\">\n<p>I l&#8217;any 2015 vam celebrar 25 anys junts&#8230;<\/p>\n\n\n\n<figure class=\"wp-block-embed is-type-video is-provider-youtube wp-block-embed-youtube wp-embed-aspect-16-9 wp-has-aspect-ratio\"><div class=\"wp-block-embed__wrapper\">\n<div class=\"ast-oembed-container \" style=\"height: 100%;\"><iframe loading=\"lazy\" title=\"43878-ZER Montsia\u0300-25 Anys junts\" width=\"500\" height=\"281\" src=\"https:\/\/www.youtube.com\/embed\/VyXe_nNaodg?feature=oembed\" frameborder=\"0\" allow=\"accelerometer; autoplay; clipboard-write; encrypted-media; gyroscope; picture-in-picture; web-share\" referrerpolicy=\"strict-origin-when-cross-origin\" allowfullscreen><\/iframe><\/div>\n<\/div><\/figure>\n<\/div>\n<\/div>\n<\/div><\/div>\n\n\n\n<div class=\"wp-block-getwid-tabs__nav-link\"><span class=\"wp-block-getwid-tabs__title-wrapper\"><a href=\"#\"><span class=\"wp-block-getwid-tabs__title\">ON SOM<\/span><\/a><\/span><\/div><div class=\"wp-block-getwid-tabs__tab-content-wrapper\"><div class=\"wp-block-getwid-tabs__tab-content\">\n<figure class=\"wp-block-image size-large\"><a href=\"https:\/\/maps.app.goo.gl\/MgxMuyXkVWXJs1tUA\" target=\"_blank\" rel=\" noreferrer noopener\"><img loading=\"lazy\" decoding=\"async\" width=\"1024\" height=\"515\" src=\"https:\/\/agora.xtec.cat\/zermontsia\/wp-content\/uploads\/usu577\/2025\/08\/mapa-zer-1024x515.png\" alt=\"\" class=\"wp-image-4730\" srcset=\"https:\/\/agora.xtec.cat\/zermontsia\/wp-content\/uploads\/usu577\/2025\/08\/mapa-zer-1024x515.png 1024w, https:\/\/agora.xtec.cat\/zermontsia\/wp-content\/uploads\/usu577\/2025\/08\/mapa-zer-300x151.png 300w, https:\/\/agora.xtec.cat\/zermontsia\/wp-content\/uploads\/usu577\/2025\/08\/mapa-zer-768x386.png 768w, https:\/\/agora.xtec.cat\/zermontsia\/wp-content\/uploads\/usu577\/2025\/08\/mapa-zer-1536x773.png 1536w, https:\/\/agora.xtec.cat\/zermontsia\/wp-content\/uploads\/usu577\/2025\/08\/mapa-zer.png 1588w\" sizes=\"auto, (max-width: 1024px) 100vw, 1024px\" \/><\/a><\/figure>\n<\/div><\/div>\n\n\n\n<div class=\"wp-block-getwid-tabs__nav-link\"><span class=\"wp-block-getwid-tabs__title-wrapper\"><a href=\"#\"><span class=\"wp-block-getwid-tabs__title\">HORARI<\/span><\/a><\/span><\/div><div class=\"wp-block-getwid-tabs__tab-content-wrapper\"><div class=\"wp-block-getwid-tabs__tab-content\">\n<p>Mat\u00edns de dilluns a divendres: <strong>de 9h a 13h<\/strong><\/p>\n\n\n\n<p>Tarda de dilluns:<strong> de 15h 1 17&#8217;30h<\/strong><\/p>\n\n\n\n<p>Tarda de dimarts a divendres: <strong>de 15h a 17h<\/strong><\/p>\n\n\n\n<p>Els primers dimecres lectius de mes, a la tarda, no hi ha classe.<\/p>\n<\/div><\/div>\n\n\n\n<div class=\"wp-block-getwid-tabs__nav-link\"><span class=\"wp-block-getwid-tabs__title-wrapper\"><a href=\"#\"><span class=\"wp-block-getwid-tabs__title\">CALENDARI<\/span><\/a><\/span><\/div><div class=\"wp-block-getwid-tabs__tab-content-wrapper\"><div class=\"wp-block-getwid-tabs__tab-content\">\n<p>Cada escola t\u00e9 el seu calendari escolar, els podeu consultar aqu\u00ed:<\/p>\n\n\n\n<ul class=\"wp-block-list\">\n<li><a href=\"https:\/\/docs.google.com\/document\/d\/1fGLeJ6dZPs8sSbGbudjAyFCRyf_DxOqMHmj5X0YFwF0\/edit?usp=sharing\" target=\"_blank\" rel=\"noreferrer noopener\">Freginals<\/a><\/li>\n\n\n\n<li><a href=\"https:\/\/docs.google.com\/document\/d\/1thORFa1h4wELNDo6d1BXV-D-xyfOYq0PDEEGYCmfsvM\/edit?usp=sharing\" target=\"_blank\" rel=\"noreferrer noopener\">La Galera<\/a><\/li>\n\n\n\n<li><a href=\"https:\/\/docs.google.com\/document\/d\/14oGvQqFEA4IkxExD0ZXpJVB-EYKWfY2tYbscVAAFvv8\/edit?usp=sharing\" target=\"_blank\" rel=\"noreferrer noopener\">Godall<\/a><\/li>\n\n\n\n<li><a href=\"https:\/\/docs.google.com\/document\/d\/1o-kd-b-V9EQqF1zsrwZgF7M-n6_PSIEgMRX6MI7zT38\/edit?usp=sharing\" target=\"_blank\" rel=\"noreferrer noopener\">Mas de Barberans<\/a> <\/li>\n\n\n\n<li><a href=\"https:\/\/docs.google.com\/document\/d\/1zNJktKxSUMiIgYdnzzIqoTjGrGCV2y7xKdpsL5XhE9c\/edit?usp=sharing\" target=\"_blank\" rel=\"noreferrer noopener\">Masdenverge<\/a><\/li>\n<\/ul>\n<\/div><\/div>\n\n\n\n<div class=\"wp-block-getwid-tabs__nav-link\"><span class=\"wp-block-getwid-tabs__title-wrapper\"><a href=\"#\"><span class=\"wp-block-getwid-tabs__title\">REVISTA<\/span><\/a><\/span><\/div><div class=\"wp-block-getwid-tabs__tab-content-wrapper\"><div class=\"wp-block-getwid-tabs__tab-content\">\n<p><\/p>\n\n\n\n<div class=\"wp-block-columns is-layout-flex wp-container-core-columns-is-layout-2 wp-block-columns-is-layout-flex\">\n<div class=\"wp-block-column is-layout-flow wp-block-column-is-layout-flow\">\n<p>Les escoles de la ZER Montsi\u00e0 vam comen\u00e7ar a editar una revista escolar anomenada Estel del Montsi\u00e0, que publicava un exemplar cada curs.<\/p>\n\n\n\n<p>Els primers exemplars eren en paper i alguns exemplars encara es troben arxivats a les escoles de la ZER Montsi\u00e0; a partir del 2006 el format de la revista va&nbsp; passar a ser digital, els podeu consultar en&nbsp;<a href=\"https:\/\/drive.google.com\/drive\/folders\/0B9XRSdmU5XP0VnFkcDdyb1F2S2c?resourcekey=0-rkpeOmgTxJO_ELu1nBw8MQ&amp;usp=sharing\" target=\"_blank\" rel=\"noreferrer noopener\">aquesta carpeta<\/a>.<\/p>\n\n\n\n<p>A partir del curs 2019-2020, la revista abandona el format tradicional de revista i \u00e9s substitu\u00efda per tots els articles que apareixen a la nostra web.<\/p>\n<\/div>\n\n\n\n<div class=\"wp-block-column is-layout-flow wp-block-column-is-layout-flow\">\n<figure class=\"wp-block-image size-large\"><a href=\"https:\/\/agora.xtec.cat\/zermontsia\/wp-content\/uploads\/usu577\/2020\/06\/Captura-de-Pantalla-2020-06-08-a-les-7.14.26.png\"><img loading=\"lazy\" decoding=\"async\" width=\"568\" height=\"426\" src=\"https:\/\/agora.xtec.cat\/zermontsia\/wp-content\/uploads\/usu577\/2025\/08\/Captura-de-Pantalla-2020-06-08-a-les-7.14.26-edited.png\" alt=\"\" class=\"wp-image-4736\" srcset=\"https:\/\/agora.xtec.cat\/zermontsia\/wp-content\/uploads\/usu577\/2025\/08\/Captura-de-Pantalla-2020-06-08-a-les-7.14.26-edited.png 568w, https:\/\/agora.xtec.cat\/zermontsia\/wp-content\/uploads\/usu577\/2025\/08\/Captura-de-Pantalla-2020-06-08-a-les-7.14.26-edited-300x225.png 300w\" sizes=\"auto, (max-width: 568px) 100vw, 568px\" \/><\/a><\/figure>\n<\/div>\n<\/div>\n<\/div><\/div>\n\n\n\n<div class=\"wp-block-getwid-tabs__nav-link\"><span class=\"wp-block-getwid-tabs__title-wrapper\"><a href=\"#\"><span class=\"wp-block-getwid-tabs__title\">ORGANIGRAMA<\/span><\/a><\/span><\/div><div class=\"wp-block-getwid-tabs__tab-content-wrapper\"><div class=\"wp-block-getwid-tabs__tab-content\">\n<figure class=\"wp-block-image size-large\"><a href=\"https:\/\/agora.xtec.cat\/zermontsia\/wp-content\/uploads\/usu577\/2025\/08\/Copia-de-organigrama-ZER.jpg\"><img loading=\"lazy\" decoding=\"async\" width=\"1024\" height=\"639\" src=\"https:\/\/agora.xtec.cat\/zermontsia\/wp-content\/uploads\/usu577\/2025\/08\/Copia-de-organigrama-ZER-1024x639.jpg\" alt=\"\" class=\"wp-image-4727\" srcset=\"https:\/\/agora.xtec.cat\/zermontsia\/wp-content\/uploads\/usu577\/2025\/08\/Copia-de-organigrama-ZER-1024x639.jpg 1024w, https:\/\/agora.xtec.cat\/zermontsia\/wp-content\/uploads\/usu577\/2025\/08\/Copia-de-organigrama-ZER-300x187.jpg 300w, https:\/\/agora.xtec.cat\/zermontsia\/wp-content\/uploads\/usu577\/2025\/08\/Copia-de-organigrama-ZER-768x479.jpg 768w, https:\/\/agora.xtec.cat\/zermontsia\/wp-content\/uploads\/usu577\/2025\/08\/Copia-de-organigrama-ZER.jpg 1309w\" sizes=\"auto, (max-width: 1024px) 100vw, 1024px\" \/><\/a><\/figure>\n<\/div><\/div>\n<\/div>\n","protected":false},"excerpt":{"rendered":"","protected":false},"author":1,"featured_media":0,"parent":0,"menu_order":0,"comment_status":"closed","ping_status":"closed","template":"","meta":{"_bbp_topic_count":0,"_bbp_reply_count":0,"_bbp_total_topic_count":0,"_bbp_total_reply_count":0,"_bbp_voice_count":0,"_bbp_anonymous_reply_count":0,"_bbp_topic_count_hidden":0,"_bbp_reply_count_hidden":0,"_bbp_forum_subforum_count":0,"site-sidebar-layout":"default","site-content-layout":"","ast-site-content-layout":"default","site-content-style":"default","site-sidebar-style":"default","ast-global-header-display":"","ast-banner-title-visibility":"","ast-main-header-display":"","ast-hfb-above-header-display":"","ast-hfb-below-header-display":"","ast-hfb-mobile-header-display":"","site-post-title":"disabled","ast-breadcrumbs-content":"","ast-featured-img":"","footer-sml-layout":"","theme-transparent-header-meta":"","adv-header-id-meta":"","stick-header-meta":"","header-above-stick-meta":"","header-main-stick-meta":"","header-below-stick-meta":"","astra-migrate-meta-layouts":"set","ast-page-background-enabled":"default","ast-page-background-meta":{"desktop":{"background-color":"var(--ast-global-color-4)","background-image":"","background-repeat":"repeat","background-position":"center center","background-size":"auto","background-attachment":"scroll","background-type":"","background-media":"","overlay-type":"","overlay-color":"","overlay-opacity":"","overlay-gradient":""},"tablet":{"background-color":"","background-image":"","background-repeat":"repeat","background-position":"center center","background-size":"auto","background-attachment":"scroll","background-type":"","background-media":"","overlay-type":"","overlay-color":"","overlay-opacity":"","overlay-gradient":""},"mobile":{"background-color":"","background-image":"","background-repeat":"repeat","background-position":"center center","background-size":"auto","background-attachment":"scroll","background-type":"","background-media":"","overlay-type":"","overlay-color":"","overlay-opacity":"","overlay-gradient":""}},"ast-content-background-meta":{"desktop":{"background-color":"var(--ast-global-color-5)","background-image":"","background-repeat":"repeat","background-position":"center center","background-size":"auto","background-attachment":"scroll","background-type":"","background-media":"","overlay-type":"","overlay-color":"","overlay-opacity":"","overlay-gradient":""},"tablet":{"background-color":"var(--ast-global-color-5)","background-image":"","background-repeat":"repeat","background-position":"center center","background-size":"auto","background-attachment":"scroll","background-type":"","background-media":"","overlay-type":"","overlay-color":"","overlay-opacity":"","overlay-gradient":""},"mobile":{"background-color":"var(--ast-global-color-5)","background-image":"","background-repeat":"repeat","background-position":"center center","background-size":"auto","background-attachment":"scroll","background-type":"","background-media":"","overlay-type":"","overlay-color":"","overlay-opacity":"","overlay-gradient":""}},"footnotes":""},"class_list":["post-19","page","type-page","status-publish","hentry"],"post_mailing_queue_ids":[],"_links":{"self":[{"href":"https:\/\/agora.xtec.cat\/zermontsia\/wp-json\/wp\/v2\/pages\/19","targetHints":{"allow":["GET"]}}],"collection":[{"href":"https:\/\/agora.xtec.cat\/zermontsia\/wp-json\/wp\/v2\/pages"}],"about":[{"href":"https:\/\/agora.xtec.cat\/zermontsia\/wp-json\/wp\/v2\/types\/page"}],"author":[{"embeddable":true,"href":"https:\/\/agora.xtec.cat\/zermontsia\/wp-json\/wp\/v2\/users\/1"}],"replies":[{"embeddable":true,"href":"https:\/\/agora.xtec.cat\/zermontsia\/wp-json\/wp\/v2\/comments?post=19"}],"version-history":[{"count":6,"href":"https:\/\/agora.xtec.cat\/zermontsia\/wp-json\/wp\/v2\/pages\/19\/revisions"}],"predecessor-version":[{"id":4739,"href":"https:\/\/agora.xtec.cat\/zermontsia\/wp-json\/wp\/v2\/pages\/19\/revisions\/4739"}],"wp:attachment":[{"href":"https:\/\/agora.xtec.cat\/zermontsia\/wp-json\/wp\/v2\/media?parent=19"}],"curies":[{"name":"wp","href":"https:\/\/api.w.org\/{rel}","templated":true}]}}