{"id":297,"date":"2015-07-20T13:42:10","date_gmt":"2015-07-20T12:42:10","guid":{"rendered":"http:\/\/agora.xtec.cat\/zermontsant\/?page_id=297"},"modified":"2019-11-12T21:54:04","modified_gmt":"2019-11-12T20:54:04","slug":"que-fem","status":"publish","type":"page","link":"https:\/\/agora.xtec.cat\/zermontsant\/inici\/zer\/que-fem\/","title":{"rendered":"Qu\u00e8 fem"},"content":{"rendered":"<p>Les activitats i projectes significatius que s&#8217;han impulsat o dinamitzat des de la ZER s\u00f3n:<\/p>\n<ul>\n<li>IMPULS DE LA LECTURA (ILEC)<\/li>\n<\/ul>\n<p>Estrat\u00e8gia per a la millora de\u00a0 la compet\u00e8ncia lectora de tot l\u2019alumnat per afavorir l\u2019\u00e8xit educatiu, incorporant-la com a eix vertebrador de l\u2019aprenentatge en el projecte educatiu de centre. Els objectius generals responen a tres eixos: Saber llegir, llegir per aprendre i gust per llegir.<\/p>\n<ul>\n<li>ESCOLES VERDES<\/li>\n<\/ul>\n<p>Consisteix en \u00a0sistematitzar i organitzar accions educatives que tinguin la finalitat d&#8217;afrontar, des de l&#8217;educaci\u00f3, els nous reptes i valors de la sostenibilitat.<\/p>\n<p>I, per tant, es plantegen tres grans objectius:<\/p>\n<ol>\n<li>Incorporar els valors de l&#8217;educaci\u00f3 per a la sostenibilitat en tots els \u00e0mbits de la vida del centre (curr\u00edculum, gesti\u00f3, relacions amb l&#8217;entorn, etc.).<\/li>\n<li>Promoure la participaci\u00f3 i la implicaci\u00f3 activa de la comunitat educativa en la millora del seu entorn.<\/li>\n<li>Afavorir l&#8217;intercanvi amb altres centres que comparteixen els mateixos objectius.<\/li>\n<\/ol>\n<ul>\n<li>PLA CATAL\u00c0 DE L&#8217;ESPORT<\/li>\n<\/ul>\n<p>Adre\u00e7at principalment a incrementar la participaci\u00f3 dels infants, tant els nens com les nenes, \u00a0en activitats f\u00edsiques i esportives en horari no lectiu en el propi centre educatiu i, alhora, emprar aquestes pr\u00e0ctiques per a la difusi\u00f3 i educaci\u00f3 en valors i per a l&#8217;adquisici\u00f3 d&#8217;h\u00e0bits saludables.<\/p>\n","protected":false},"excerpt":{"rendered":"<p>Les activitats i projectes significatius que s&#8217;han impulsat o dinamitzat des de la ZER s\u00f3n:<\/p>\n<ul>\n<li>IMPULS DE LA LECTURA (ILEC)<\/li>\n<\/ul>\n<p>Estrat\u00e8gia per a la millora de\u00a0 la compet\u00e8ncia lectora de tot l\u2019alumnat per afavorir l\u2019\u00e8xit educatiu, incorporant-la com a eix vertebrador de l\u2019aprenentatge en el projecte educatiu&hellip;  <a href=\"https:\/\/agora.xtec.cat\/zermontsant\/inici\/zer\/que-fem\/\" title=\"Read Qu\u00e8 fem\">Llegeix m\u00e9s\u00bb<\/a><\/p>\n","protected":false},"author":1,"featured_media":0,"parent":19,"menu_order":40,"comment_status":"closed","ping_status":"closed","template":"page-templates\/side-menu.php","meta":{"_bbp_topic_count":0,"_bbp_reply_count":0,"_bbp_total_topic_count":0,"_bbp_total_reply_count":0,"_bbp_voice_count":0,"_bbp_anonymous_reply_count":0,"_bbp_topic_count_hidden":0,"_bbp_reply_count_hidden":0,"_bbp_forum_subforum_count":0,"footnotes":""},"class_list":["post-297","page","type-page","status-publish","hentry"],"post_mailing_queue_ids":[],"_links":{"self":[{"href":"https:\/\/agora.xtec.cat\/zermontsant\/wp-json\/wp\/v2\/pages\/297","targetHints":{"allow":["GET"]}}],"collection":[{"href":"https:\/\/agora.xtec.cat\/zermontsant\/wp-json\/wp\/v2\/pages"}],"about":[{"href":"https:\/\/agora.xtec.cat\/zermontsant\/wp-json\/wp\/v2\/types\/page"}],"author":[{"embeddable":true,"href":"https:\/\/agora.xtec.cat\/zermontsant\/wp-json\/wp\/v2\/users\/1"}],"replies":[{"embeddable":true,"href":"https:\/\/agora.xtec.cat\/zermontsant\/wp-json\/wp\/v2\/comments?post=297"}],"version-history":[{"count":2,"href":"https:\/\/agora.xtec.cat\/zermontsant\/wp-json\/wp\/v2\/pages\/297\/revisions"}],"predecessor-version":[{"id":658,"href":"https:\/\/agora.xtec.cat\/zermontsant\/wp-json\/wp\/v2\/pages\/297\/revisions\/658"}],"up":[{"embeddable":true,"href":"https:\/\/agora.xtec.cat\/zermontsant\/wp-json\/wp\/v2\/pages\/19"}],"wp:attachment":[{"href":"https:\/\/agora.xtec.cat\/zermontsant\/wp-json\/wp\/v2\/media?parent=297"}],"curies":[{"name":"wp","href":"https:\/\/api.w.org\/{rel}","templated":true}]}}