{"id":272,"date":"2015-07-20T13:10:37","date_gmt":"2015-07-20T12:10:37","guid":{"rendered":"http:\/\/agora.xtec.cat\/zermontgri\/?page_id=272"},"modified":"2025-09-03T13:45:17","modified_gmt":"2025-09-03T11:45:17","slug":"qui-som-r","status":"publish","type":"page","link":"https:\/\/agora.xtec.cat\/zermontgri\/elrajaret\/qui-som-r\/","title":{"rendered":"Qui som?"},"content":{"rendered":"<ul>\n<li>Educadores I1 i I2 &#8211; Emy Espinola i Laura Triana (secret\u00e0ria del centre)<\/li>\n<li>Tutores de I3, I4 i I5 -Ester Mat\u00f3 i Imma Ferrer<\/li>\n<li>Tutora de 1r, 2n \u2013 Eva Torrent<\/li>\n<li>Tutora de 3r, 4t- Irene Pallarols<\/li>\n<li>Tutora de 5\u00e8, 6\u00e8- Llu\u00efsa Piferrer<\/li>\n<li>Mestra d\u2019angl\u00e8s \u2013 Irene Pallarols<\/li>\n<li>Mestre de m\u00fasica \u2013 Gemma Mart\u00ednez<\/li>\n<li>Mestre d\u2019educaci\u00f3 f\u00edsica \u2013 Cristina Rodr\u00edguez i Nelson Megia<\/li>\n<li>Mestres d\u2019educaci\u00f3 especial \u2013 Vict\u00f2ria Roura i Marta Reixach<\/li>\n<li>Mestra de religi\u00f3 &#8211; Cheli Chica<\/li>\n<li>Vetlladora &#8211; Nabila Rifi<\/li>\n<li>Psicopedagoga de l\u2019EAP &#8211; L\u00eddia Mas\u00f3<\/li>\n<li>Inspector de la zona: Cati Riembau<\/li>\n<\/ul>\n","protected":false},"excerpt":{"rendered":"<ul>\n<li>Educadores I1 i I2 &#8211; Emy Espinola i Laura Triana (secret\u00e0ria del centre)<\/li>\n<li>Tutores de I3, I4 i I5 -Ester Mat\u00f3 i Imma Ferrer<\/li>\n<li>Tutora de 1r, 2n \u2013 Eva Torrent<\/li>\n<li>Tutora de 3r, 4t- Irene Pallarols<\/li>\n<li>Tutora de 5\u00e8, 6\u00e8- Llu\u00efsa Piferrer<\/li>\n<li>Mestra d\u2019angl\u00e8s \u2013 Irene Pallarols<\/li>\n<li>Mestre de m\u00fasica&hellip;  <a href=\"https:\/\/agora.xtec.cat\/zermontgri\/elrajaret\/qui-som-r\/\" title=\"Read Qui som?\">Llegeix m\u00e9s\u00bb<\/a><br \/>\n","protected":false},"author":1,"featured_media":0,"parent":266,"menu_order":0,"comment_status":"closed","ping_status":"closed","template":"page-templates\/side-menu.php","meta":{"_bbp_topic_count":0,"_bbp_reply_count":0,"_bbp_total_topic_count":0,"_bbp_total_reply_count":0,"_bbp_voice_count":0,"_bbp_anonymous_reply_count":0,"_bbp_topic_count_hidden":0,"_bbp_reply_count_hidden":0,"_bbp_forum_subforum_count":0,"footnotes":""},"class_list":["post-272","page","type-page","status-publish","hentry"],"post_mailing_queue_ids":[],"_links":{"self":[{"href":"https:\/\/agora.xtec.cat\/zermontgri\/wp-json\/wp\/v2\/pages\/272","targetHints":{"allow":["GET"]}}],"collection":[{"href":"https:\/\/agora.xtec.cat\/zermontgri\/wp-json\/wp\/v2\/pages"}],"about":[{"href":"https:\/\/agora.xtec.cat\/zermontgri\/wp-json\/wp\/v2\/types\/page"}],"author":[{"embeddable":true,"href":"https:\/\/agora.xtec.cat\/zermontgri\/wp-json\/wp\/v2\/users\/1"}],"replies":[{"embeddable":true,"href":"https:\/\/agora.xtec.cat\/zermontgri\/wp-json\/wp\/v2\/comments?post=272"}],"version-history":[{"count":7,"href":"https:\/\/agora.xtec.cat\/zermontgri\/wp-json\/wp\/v2\/pages\/272\/revisions"}],"predecessor-version":[{"id":10132,"href":"https:\/\/agora.xtec.cat\/zermontgri\/wp-json\/wp\/v2\/pages\/272\/revisions\/10132"}],"up":[{"embeddable":true,"href":"https:\/\/agora.xtec.cat\/zermontgri\/wp-json\/wp\/v2\/pages\/266"}],"wp:attachment":[{"href":"https:\/\/agora.xtec.cat\/zermontgri\/wp-json\/wp\/v2\/media?parent=272"}],"curies":[{"name":"wp","href":"https:\/\/api.w.org\/{rel}","templated":true}]}}