{"id":9794,"date":"2023-10-16T09:21:41","date_gmt":"2023-10-16T07:21:41","guid":{"rendered":"https:\/\/agora.xtec.cat\/zermoianesllevant\/?page_id=9794"},"modified":"2023-10-17T18:54:31","modified_gmt":"2023-10-17T16:54:31","slug":"cuida-el-teu-pc","status":"publish","type":"page","link":"https:\/\/agora.xtec.cat\/zermoianesllevant\/steam\/extrescolars\/cuida-el-teu-pc\/","title":{"rendered":"El ordenador personal"},"content":{"rendered":"<p>El ordenador personal (PC), b\u00e1sicamente \u00e9s una computadora pensada para ser utilizada por s\u00f3lo una persona, es una herramienta que se hace servir para resolver muchas actividades como leer noticias, consultar enciclopedias, diccionarios, confeccionar documentos, realizar c\u00e1lculos, en resumen \u00e9s una herramienta de trabajo o de ayuda a las personas en muchos aspectos de su vida diaria.<\/p>\n<p>Con la ajuda del tutor los alumnos estructaran alg\u00fan ejemplo de lo que han aprendido ejercitando en los LEGOS EV3, Arduinos, Micro:bits etc en un formato parecido a este:<\/p>\n<table style=\"border-collapse: collapse; width: 91.2595%;\">\n<tbody>\n<tr>\n<td style=\"width: 46.0583%;\"><a href=\"https:\/\/agora.xtec.cat\/zermoianesllevant\/wp-content\/uploads\/usu130\/2023\/10\/Maquina.png\"><img loading=\"lazy\" decoding=\"async\" class=\"alignnone wp-image-9806\" src=\"https:\/\/agora.xtec.cat\/zermoianesllevant\/wp-content\/uploads\/usu130\/2023\/10\/Maquina.png\" alt=\"\" width=\"491\" height=\"354\" srcset=\"https:\/\/agora.xtec.cat\/zermoianesllevant\/wp-content\/uploads\/usu130\/2023\/10\/Maquina.png 601w, https:\/\/agora.xtec.cat\/zermoianesllevant\/wp-content\/uploads\/usu130\/2023\/10\/Maquina-300x216.png 300w\" sizes=\"auto, (max-width: 491px) 100vw, 491px\" \/><\/a><\/td>\n<td style=\"width: 45.2013%;\"><a href=\"https:\/\/agora.xtec.cat\/zermoianesllevant\/wp-content\/uploads\/usu130\/2023\/10\/Ordenador.jpg\"><img loading=\"lazy\" decoding=\"async\" class=\" wp-image-9796 aligncenter\" src=\"https:\/\/agora.xtec.cat\/zermoianesllevant\/wp-content\/uploads\/usu130\/2023\/10\/Ordenador.jpg\" alt=\"\" width=\"352\" height=\"311\" srcset=\"https:\/\/agora.xtec.cat\/zermoianesllevant\/wp-content\/uploads\/usu130\/2023\/10\/Ordenador.jpg 500w, https:\/\/agora.xtec.cat\/zermoianesllevant\/wp-content\/uploads\/usu130\/2023\/10\/Ordenador-300x265.jpg 300w\" sizes=\"auto, (max-width: 352px) 100vw, 352px\" \/><\/a><\/td>\n<\/tr>\n<\/tbody>\n<\/table>\n<p>&nbsp;<\/p>\n<p>&nbsp;<\/p>\n<p>C\u00f3mo trasladar a grandes rasgos los siguientes programas al esquema anterior y los diferentes casos capturados<\/p>\n<p>Caso &#8220;inicio&#8221;<\/p>\n<p><a href=\"https:\/\/agora.xtec.cat\/zermoianesllevant\/wp-content\/uploads\/usu130\/2023\/10\/Contador.png\"><br \/>\n<img loading=\"lazy\" decoding=\"async\" class=\"wp-image-9798 aligncenter\" src=\"https:\/\/agora.xtec.cat\/zermoianesllevant\/wp-content\/uploads\/usu130\/2023\/10\/Contador-1024x514.png\" alt=\"\" width=\"695\" height=\"349\" srcset=\"https:\/\/agora.xtec.cat\/zermoianesllevant\/wp-content\/uploads\/usu130\/2023\/10\/Contador-1024x514.png 1024w, https:\/\/agora.xtec.cat\/zermoianesllevant\/wp-content\/uploads\/usu130\/2023\/10\/Contador-300x151.png 300w, https:\/\/agora.xtec.cat\/zermoianesllevant\/wp-content\/uploads\/usu130\/2023\/10\/Contador-768x386.png 768w, https:\/\/agora.xtec.cat\/zermoianesllevant\/wp-content\/uploads\/usu130\/2023\/10\/Contador.png 1513w\" sizes=\"auto, (max-width: 695px) 100vw, 695px\" \/><\/a><\/p>\n<p>Caso pulsar bot\u00f3n A<\/p>\n<p><a href=\"https:\/\/agora.xtec.cat\/zermoianesllevant\/wp-content\/uploads\/usu130\/2023\/10\/Contador-1.png\"><img loading=\"lazy\" decoding=\"async\" class=\" wp-image-9800 aligncenter\" src=\"https:\/\/agora.xtec.cat\/zermoianesllevant\/wp-content\/uploads\/usu130\/2023\/10\/Contador-1-1024x523.png\" alt=\"\" width=\"719\" height=\"367\" srcset=\"https:\/\/agora.xtec.cat\/zermoianesllevant\/wp-content\/uploads\/usu130\/2023\/10\/Contador-1-1024x523.png 1024w, https:\/\/agora.xtec.cat\/zermoianesllevant\/wp-content\/uploads\/usu130\/2023\/10\/Contador-1-300x153.png 300w, https:\/\/agora.xtec.cat\/zermoianesllevant\/wp-content\/uploads\/usu130\/2023\/10\/Contador-1-768x393.png 768w, https:\/\/agora.xtec.cat\/zermoianesllevant\/wp-content\/uploads\/usu130\/2023\/10\/Contador-1.png 1522w\" sizes=\"auto, (max-width: 719px) 100vw, 719px\" \/><\/a><\/p>\n<p>&nbsp;<\/p>\n<p>Cuando el tutor lo considere oportuno podr\u00e1 trabajar en m\u00e1s detalle lo anterior <a href=\"https:\/\/ejerciciosmesa.com\/2022\/07\/11\/simulador-de-microprocesador-en-excel\/\">visitando este tutorial<\/a>.<\/p>\n<p><a href=\"https:\/\/agora.xtec.cat\/zermoianesllevant\/wp-content\/uploads\/usu130\/2023\/10\/simulador.png\"><img loading=\"lazy\" decoding=\"async\" class=\"wp-image-9804 aligncenter\" src=\"https:\/\/agora.xtec.cat\/zermoianesllevant\/wp-content\/uploads\/usu130\/2023\/10\/simulador-1024x579.png\" alt=\"\" width=\"711\" height=\"402\" srcset=\"https:\/\/agora.xtec.cat\/zermoianesllevant\/wp-content\/uploads\/usu130\/2023\/10\/simulador-1024x579.png 1024w, https:\/\/agora.xtec.cat\/zermoianesllevant\/wp-content\/uploads\/usu130\/2023\/10\/simulador-300x170.png 300w, https:\/\/agora.xtec.cat\/zermoianesllevant\/wp-content\/uploads\/usu130\/2023\/10\/simulador-768x434.png 768w, https:\/\/agora.xtec.cat\/zermoianesllevant\/wp-content\/uploads\/usu130\/2023\/10\/simulador-1536x869.png 1536w, https:\/\/agora.xtec.cat\/zermoianesllevant\/wp-content\/uploads\/usu130\/2023\/10\/simulador.png 1540w\" sizes=\"auto, (max-width: 711px) 100vw, 711px\" \/><\/a><\/p>\n<p>En este s\u00edtio de la WEB podemos encontrar muchas ayudas para <a href=\"http:\/\/calonge.org\/taller.html\">reparar ordenadores HP<\/a><\/p>\n","protected":false},"excerpt":{"rendered":"<p>El ordenador personal (PC), b\u00e1sicamente \u00e9s una computadora pensada para ser utilizada por s\u00f3lo una persona, es una herramienta que se hace servir para resolver muchas actividades como leer noticias, consultar enciclopedias, diccionarios, confeccionar documentos, realizar c\u00e1lculos, en resumen \u00e9s una herramienta de trabajo o&hellip;  <a href=\"https:\/\/agora.xtec.cat\/zermoianesllevant\/steam\/extrescolars\/cuida-el-teu-pc\/\" title=\"Read El ordenador personal\">Llegeix m\u00e9s\u00bb<\/a><\/p>\n","protected":false},"author":1,"featured_media":0,"parent":9792,"menu_order":10,"comment_status":"closed","ping_status":"closed","template":"page-templates\/side-menu.php","meta":{"_bbp_topic_count":0,"_bbp_reply_count":0,"_bbp_total_topic_count":0,"_bbp_total_reply_count":0,"_bbp_voice_count":0,"_bbp_anonymous_reply_count":0,"_bbp_topic_count_hidden":0,"_bbp_reply_count_hidden":0,"_bbp_forum_subforum_count":0,"footnotes":""},"class_list":["post-9794","page","type-page","status-publish","hentry"],"post_mailing_queue_ids":[],"_links":{"self":[{"href":"https:\/\/agora.xtec.cat\/zermoianesllevant\/wp-json\/wp\/v2\/pages\/9794","targetHints":{"allow":["GET"]}}],"collection":[{"href":"https:\/\/agora.xtec.cat\/zermoianesllevant\/wp-json\/wp\/v2\/pages"}],"about":[{"href":"https:\/\/agora.xtec.cat\/zermoianesllevant\/wp-json\/wp\/v2\/types\/page"}],"author":[{"embeddable":true,"href":"https:\/\/agora.xtec.cat\/zermoianesllevant\/wp-json\/wp\/v2\/users\/1"}],"replies":[{"embeddable":true,"href":"https:\/\/agora.xtec.cat\/zermoianesllevant\/wp-json\/wp\/v2\/comments?post=9794"}],"version-history":[{"count":6,"href":"https:\/\/agora.xtec.cat\/zermoianesllevant\/wp-json\/wp\/v2\/pages\/9794\/revisions"}],"predecessor-version":[{"id":9813,"href":"https:\/\/agora.xtec.cat\/zermoianesllevant\/wp-json\/wp\/v2\/pages\/9794\/revisions\/9813"}],"up":[{"embeddable":true,"href":"https:\/\/agora.xtec.cat\/zermoianesllevant\/wp-json\/wp\/v2\/pages\/9792"}],"wp:attachment":[{"href":"https:\/\/agora.xtec.cat\/zermoianesllevant\/wp-json\/wp\/v2\/media?parent=9794"}],"curies":[{"name":"wp","href":"https:\/\/api.w.org\/{rel}","templated":true}]}}