{"id":9773,"date":"2023-09-27T00:16:34","date_gmt":"2023-09-26T22:16:34","guid":{"rendered":"https:\/\/agora.xtec.cat\/zermoianesllevant\/?page_id=9773"},"modified":"2023-09-27T00:20:30","modified_gmt":"2023-09-26T22:20:30","slug":"10-aerogeneradors","status":"publish","type":"page","link":"https:\/\/agora.xtec.cat\/zermoianesllevant\/steam\/a-prenem-el-vent\/10-aerogeneradors\/","title":{"rendered":"10 AEROGENERADORS"},"content":{"rendered":"<p>Heu constru\u00eft i estudiat un generador el\u00e8ctric, de manera que ja sabeu que, en ess\u00e8ncia, el corrent altern es genera en una bobina de fil de coure quan un imant, convenientment posat, volta al seu interior. Per aix\u00f2, un dels grans problemes de la generaci\u00f3 d\u2019energia el\u00e8ctrica consisteix en obtenir l\u2019energia mec\u00e0nica necess\u00e0ria per tal que els generadors el\u00e8ctrics funcionin.<\/p>\n<p style=\"text-align: left;\">Aquesta energia \u00e9s pot obtenir de diferents maneres. Una d\u2019elles, que t\u00e9 l\u2019avantatge de ser una energia neta i renovable, \u00e9s la del vent, coneguda tamb\u00e9 com energia e\u00f2lica, nom que deriva del d\u00e9u Eol, divinitat que segons la mitologia grega produ\u00efa els vents.<\/p>\n<p style=\"text-align: left;\">Tothom t\u00e9 al cap els molins de vent amb les seves aspes. Aix\u00ed, doncs, el vent pot fer voltar diferents enginys com pales i turbines, que, acoblats al rotor del generador, faran que aquests produeixi corrent el\u00e8ctric.<\/p>\n<p>&nbsp;<\/p>\n<table class=\" aligncenter\" style=\"border-collapse: collapse; width: 51.6705%;\">\n<tbody>\n<tr>\n<td style=\"width: 26.0925%; text-align: left;\"><a href=\"https:\/\/agora.xtec.cat\/zermoianesllevant\/wp-content\/uploads\/usu130\/2023\/09\/fatarella.jpg\"><img loading=\"lazy\" decoding=\"async\" class=\"wp-image-9774 aligncenter\" src=\"https:\/\/agora.xtec.cat\/zermoianesllevant\/wp-content\/uploads\/usu130\/2023\/09\/fatarella.jpg\" alt=\"\" width=\"275\" height=\"439\" srcset=\"https:\/\/agora.xtec.cat\/zermoianesllevant\/wp-content\/uploads\/usu130\/2023\/09\/fatarella.jpg 460w, https:\/\/agora.xtec.cat\/zermoianesllevant\/wp-content\/uploads\/usu130\/2023\/09\/fatarella-188x300.jpg 188w\" sizes=\"auto, (max-width: 275px) 100vw, 275px\" \/><\/a><\/td>\n<td style=\"width: 25.5785%;\"><a href=\"https:\/\/agora.xtec.cat\/zermoianesllevant\/wp-content\/uploads\/usu130\/2023\/09\/darrieus.jpg\"><img loading=\"lazy\" decoding=\"async\" class=\"alignnone size-full wp-image-9775\" src=\"https:\/\/agora.xtec.cat\/zermoianesllevant\/wp-content\/uploads\/usu130\/2023\/09\/darrieus.jpg\" alt=\"\" width=\"466\" height=\"727\" srcset=\"https:\/\/agora.xtec.cat\/zermoianesllevant\/wp-content\/uploads\/usu130\/2023\/09\/darrieus.jpg 466w, https:\/\/agora.xtec.cat\/zermoianesllevant\/wp-content\/uploads\/usu130\/2023\/09\/darrieus-192x300.jpg 192w\" sizes=\"auto, (max-width: 466px) 100vw, 466px\" \/><\/a><\/td>\n<\/tr>\n<\/tbody>\n<\/table>\n<p>Guia did\u00e0ctica: <a href=\"https:\/\/agora.xtec.cat\/zermoianesllevant\/wp-content\/uploads\/usu130\/2023\/09\/10.-Aerogeneradors_0.pdf\">10. Aerogeneradors<\/a><\/p>\n","protected":false},"excerpt":{"rendered":"<p>Heu constru\u00eft i estudiat un generador el\u00e8ctric, de manera que ja sabeu que, en ess\u00e8ncia, el corrent altern es genera en una bobina de fil de coure quan un imant, convenientment posat, volta al seu interior. Per aix\u00f2, un dels grans problemes de la generaci\u00f3&hellip;  <a href=\"https:\/\/agora.xtec.cat\/zermoianesllevant\/steam\/a-prenem-el-vent\/10-aerogeneradors\/\" title=\"Read 10 AEROGENERADORS\">Llegeix m\u00e9s\u00bb<\/a><\/p>\n","protected":false},"author":1,"featured_media":0,"parent":9467,"menu_order":120,"comment_status":"closed","ping_status":"closed","template":"page-templates\/side-menu.php","meta":{"_bbp_topic_count":0,"_bbp_reply_count":0,"_bbp_total_topic_count":0,"_bbp_total_reply_count":0,"_bbp_voice_count":0,"_bbp_anonymous_reply_count":0,"_bbp_topic_count_hidden":0,"_bbp_reply_count_hidden":0,"_bbp_forum_subforum_count":0,"footnotes":""},"class_list":["post-9773","page","type-page","status-publish","hentry"],"post_mailing_queue_ids":[],"_links":{"self":[{"href":"https:\/\/agora.xtec.cat\/zermoianesllevant\/wp-json\/wp\/v2\/pages\/9773","targetHints":{"allow":["GET"]}}],"collection":[{"href":"https:\/\/agora.xtec.cat\/zermoianesllevant\/wp-json\/wp\/v2\/pages"}],"about":[{"href":"https:\/\/agora.xtec.cat\/zermoianesllevant\/wp-json\/wp\/v2\/types\/page"}],"author":[{"embeddable":true,"href":"https:\/\/agora.xtec.cat\/zermoianesllevant\/wp-json\/wp\/v2\/users\/1"}],"replies":[{"embeddable":true,"href":"https:\/\/agora.xtec.cat\/zermoianesllevant\/wp-json\/wp\/v2\/comments?post=9773"}],"version-history":[{"count":2,"href":"https:\/\/agora.xtec.cat\/zermoianesllevant\/wp-json\/wp\/v2\/pages\/9773\/revisions"}],"predecessor-version":[{"id":9779,"href":"https:\/\/agora.xtec.cat\/zermoianesllevant\/wp-json\/wp\/v2\/pages\/9773\/revisions\/9779"}],"up":[{"embeddable":true,"href":"https:\/\/agora.xtec.cat\/zermoianesllevant\/wp-json\/wp\/v2\/pages\/9467"}],"wp:attachment":[{"href":"https:\/\/agora.xtec.cat\/zermoianesllevant\/wp-json\/wp\/v2\/media?parent=9773"}],"curies":[{"name":"wp","href":"https:\/\/api.w.org\/{rel}","templated":true}]}}