{"id":9668,"date":"2023-09-08T11:31:02","date_gmt":"2023-09-08T09:31:02","guid":{"rendered":"https:\/\/agora.xtec.cat\/zermoianesllevant\/?page_id=9668"},"modified":"2023-09-12T16:20:27","modified_gmt":"2023-09-12T14:20:27","slug":"el-magnetismo-introduccion","status":"publish","type":"page","link":"https:\/\/agora.xtec.cat\/zermoianesllevant\/steam\/a-prenem-el-vent\/el-magnetismo-introduccion\/","title":{"rendered":"El magnetismo introducci\u00f3n"},"content":{"rendered":"<p>El magnetisme \u00e9s la propietat que tenen els cossos que s\u00f3n capaces d\u2019exercir forces d\u2019atracci\u00f3 o de repulsi\u00f3 sobre altres materials. En aquesta p\u00edndola es fa una introducci\u00f3 als imants, i als tipus d&#8217;imants que es pot trobar l&#8217;alumne. Tamb\u00e9 l&#8217;alumne descobrir\u00e0 que \u00e9s un camp magn\u00e8tic i es far\u00e0 focus en la atracci\u00f3 i repulsi\u00f3 dels imants finalitzant el taller amb la construcci\u00f3 de una br\u00faixola<\/p>\n<p>Petit taller d&#8217;introducci\u00f3\u00a0 taller introductorio al magnetisme: <a href=\"https:\/\/agora.xtec.cat\/zermoianesllevant\/wp-content\/uploads\/usu130\/2023\/09\/16.0.00-T-ESP-Magnetisme.pdf\">16.0.00-[T]-[ESP]- Magnetisme<\/a><\/p>\n","protected":false},"excerpt":{"rendered":"<p>El magnetisme \u00e9s la propietat que tenen els cossos que s\u00f3n capaces d\u2019exercir forces d\u2019atracci\u00f3 o de repulsi\u00f3 sobre altres materials. En aquesta p\u00edndola es fa una introducci\u00f3 als imants, i als tipus d&#8217;imants que es pot trobar l&#8217;alumne. Tamb\u00e9 l&#8217;alumne descobrir\u00e0 que \u00e9s un&hellip;  <a href=\"https:\/\/agora.xtec.cat\/zermoianesllevant\/steam\/a-prenem-el-vent\/el-magnetismo-introduccion\/\" title=\"Read El magnetismo introducci\u00f3n\">Llegeix m\u00e9s\u00bb<\/a><\/p>\n","protected":false},"author":1,"featured_media":0,"parent":9467,"menu_order":20,"comment_status":"closed","ping_status":"closed","template":"page-templates\/side-menu.php","meta":{"_bbp_topic_count":0,"_bbp_reply_count":0,"_bbp_total_topic_count":0,"_bbp_total_reply_count":0,"_bbp_voice_count":0,"_bbp_anonymous_reply_count":0,"_bbp_topic_count_hidden":0,"_bbp_reply_count_hidden":0,"_bbp_forum_subforum_count":0,"footnotes":""},"class_list":["post-9668","page","type-page","status-publish","hentry"],"post_mailing_queue_ids":[],"_links":{"self":[{"href":"https:\/\/agora.xtec.cat\/zermoianesllevant\/wp-json\/wp\/v2\/pages\/9668","targetHints":{"allow":["GET"]}}],"collection":[{"href":"https:\/\/agora.xtec.cat\/zermoianesllevant\/wp-json\/wp\/v2\/pages"}],"about":[{"href":"https:\/\/agora.xtec.cat\/zermoianesllevant\/wp-json\/wp\/v2\/types\/page"}],"author":[{"embeddable":true,"href":"https:\/\/agora.xtec.cat\/zermoianesllevant\/wp-json\/wp\/v2\/users\/1"}],"replies":[{"embeddable":true,"href":"https:\/\/agora.xtec.cat\/zermoianesllevant\/wp-json\/wp\/v2\/comments?post=9668"}],"version-history":[{"count":3,"href":"https:\/\/agora.xtec.cat\/zermoianesllevant\/wp-json\/wp\/v2\/pages\/9668\/revisions"}],"predecessor-version":[{"id":9684,"href":"https:\/\/agora.xtec.cat\/zermoianesllevant\/wp-json\/wp\/v2\/pages\/9668\/revisions\/9684"}],"up":[{"embeddable":true,"href":"https:\/\/agora.xtec.cat\/zermoianesllevant\/wp-json\/wp\/v2\/pages\/9467"}],"wp:attachment":[{"href":"https:\/\/agora.xtec.cat\/zermoianesllevant\/wp-json\/wp\/v2\/media?parent=9668"}],"curies":[{"name":"wp","href":"https:\/\/api.w.org\/{rel}","templated":true}]}}