{"id":9230,"date":"2022-05-08T11:15:09","date_gmt":"2022-05-08T09:15:09","guid":{"rendered":"https:\/\/agora.xtec.cat\/zermoianesllevant\/?page_id=9230"},"modified":"2022-05-08T18:42:03","modified_gmt":"2022-05-08T16:42:03","slug":"planta-solar-fotovoltaica","status":"publish","type":"page","link":"https:\/\/agora.xtec.cat\/zermoianesllevant\/steam\/tinkercad\/planta-solar-fotovoltaica\/","title":{"rendered":"Planta solar fotovolt\u00e1ica"},"content":{"rendered":"<p style=\"text-align: left;\">190La planta solar fotovoltaica que se estudia en esta p\u00edldora formativa est\u00e1 situada en el tejado de la piscina municipal de la poblaci\u00f3n de l&#8217;Estany y\u00a0 tiene como objetivo convertir la energ\u00eda que proporciona el sol en energ\u00eda el\u00e9ctrica alterna de 230 V.<\/p>\n<table class=\" aligncenter\" style=\"border-collapse: collapse; width: 74.0086%;\">\n<tbody>\n<tr>\n<td style=\"width: 35.6514%;\"><a href=\"https:\/\/agora.xtec.cat\/zermoianesllevant\/wp-content\/uploads\/usu130\/2022\/05\/Piscina_1.jpg\"><img loading=\"lazy\" decoding=\"async\" class=\"alignnone wp-image-9234\" src=\"https:\/\/agora.xtec.cat\/zermoianesllevant\/wp-content\/uploads\/usu130\/2022\/05\/Piscina_1.jpg\" alt=\"\" width=\"517\" height=\"640\" srcset=\"https:\/\/agora.xtec.cat\/zermoianesllevant\/wp-content\/uploads\/usu130\/2022\/05\/Piscina_1.jpg 805w, https:\/\/agora.xtec.cat\/zermoianesllevant\/wp-content\/uploads\/usu130\/2022\/05\/Piscina_1-242x300.jpg 242w, https:\/\/agora.xtec.cat\/zermoianesllevant\/wp-content\/uploads\/usu130\/2022\/05\/Piscina_1-768x951.jpg 768w\" sizes=\"auto, (max-width: 517px) 100vw, 517px\" \/><\/a><\/td>\n<td style=\"width: 38.3574%;\"><a href=\"https:\/\/agora.xtec.cat\/zermoianesllevant\/wp-content\/uploads\/usu130\/2022\/05\/Piscina_2.jpg\"><img loading=\"lazy\" decoding=\"async\" class=\"alignnone wp-image-9235\" src=\"https:\/\/agora.xtec.cat\/zermoianesllevant\/wp-content\/uploads\/usu130\/2022\/05\/Piscina_2-937x1024.jpg\" alt=\"\" width=\"590\" height=\"645\" srcset=\"https:\/\/agora.xtec.cat\/zermoianesllevant\/wp-content\/uploads\/usu130\/2022\/05\/Piscina_2-937x1024.jpg 937w, https:\/\/agora.xtec.cat\/zermoianesllevant\/wp-content\/uploads\/usu130\/2022\/05\/Piscina_2-274x300.jpg 274w, https:\/\/agora.xtec.cat\/zermoianesllevant\/wp-content\/uploads\/usu130\/2022\/05\/Piscina_2-768x839.jpg 768w, https:\/\/agora.xtec.cat\/zermoianesllevant\/wp-content\/uploads\/usu130\/2022\/05\/Piscina_2.jpg 1246w\" sizes=\"auto, (max-width: 590px) 100vw, 590px\" \/><\/a><\/td>\n<\/tr>\n<\/tbody>\n<\/table>\n<p>&nbsp;<\/p>\n<p style=\"text-align: left;\">La informaci\u00f3n detallada de esta instalaci\u00f3n fotovoltaica se encuentra en el siguiente pdf: <a href=\"https:\/\/agora.xtec.cat\/zermoianesllevant\/wp-content\/uploads\/usu130\/2022\/05\/15.0.40-T-ESP-Panel-solar-real-piscina.pdf\">15.0.40-[T]-[ESP]-Panel solar real piscina<\/a><\/p>\n<p style=\"text-align: left;\">La energia producida por la placa fotovoltaica est\u00e1 conectada en paralelo al cuadro el\u00e9ctrico general del edificio. De esta forma, la planta fotovoltaica realiza una aportaci\u00f3n directa de energ\u00eda de origen renovable a la instalaci\u00f3n de la piscina, reduciendo as\u00ed la energ\u00eda obtenida de la red el\u00e9ctrica p\u00fablica.<\/p>\n<p>La superficie en la que est\u00e1n ubicados los m\u00f3dulos fotovoltaicos es la cubierta plana de la piscina municipal. Al tratarse de una superficie plana no perforable se ha colocado una estructura prefabricada de hormig\u00f3n destinada a este tipo de instalaciones. Los paneles se han dispuesto de forma que se minimicen o anulen los efectos de las posibles sombras provocadas por elementos existentes en la cubierta o por elementos de la propia instalaci\u00f3n fotovoltaica. La orientaci\u00f3n de \u00e9stos es fija y est\u00e1 sujetas a la estructura de hormig\u00f3n, que est\u00e1 debidamente sostenida y calculada para resistir las habituales cargas de viento y de nieve.<\/p>\n","protected":false},"excerpt":{"rendered":"<p>190La planta solar fotovoltaica que se estudia en esta p\u00edldora formativa est\u00e1 situada en el tejado de la piscina municipal de la poblaci\u00f3n de l&#8217;Estany y\u00a0 tiene como objetivo convertir la energ\u00eda que proporciona el sol en energ\u00eda el\u00e9ctrica alterna de 230 V.<\/p>\n<p><a href=\"https:\/\/agora.xtec.cat\/zermoianesllevant\/wp-content\/uploads\/usu130\/2022\/05\/Piscina_1.jpg\"><\/a><br \/>\n<a href=\"https:\/\/agora.xtec.cat\/zermoianesllevant\/wp-content\/uploads\/usu130\/2022\/05\/Piscina_2.jpg\"><\/a><\/p>\n<p>&nbsp;<br \/>\nLa&hellip;  <a href=\"https:\/\/agora.xtec.cat\/zermoianesllevant\/steam\/tinkercad\/planta-solar-fotovoltaica\/\" title=\"Read Planta solar fotovolt\u00e1ica\">Llegeix m\u00e9s\u00bb<\/a><\/p>\n","protected":false},"author":1,"featured_media":0,"parent":8303,"menu_order":190,"comment_status":"closed","ping_status":"closed","template":"page-templates\/side-menu.php","meta":{"_bbp_topic_count":0,"_bbp_reply_count":0,"_bbp_total_topic_count":0,"_bbp_total_reply_count":0,"_bbp_voice_count":0,"_bbp_anonymous_reply_count":0,"_bbp_topic_count_hidden":0,"_bbp_reply_count_hidden":0,"_bbp_forum_subforum_count":0,"footnotes":""},"class_list":["post-9230","page","type-page","status-publish","hentry"],"post_mailing_queue_ids":[],"_links":{"self":[{"href":"https:\/\/agora.xtec.cat\/zermoianesllevant\/wp-json\/wp\/v2\/pages\/9230","targetHints":{"allow":["GET"]}}],"collection":[{"href":"https:\/\/agora.xtec.cat\/zermoianesllevant\/wp-json\/wp\/v2\/pages"}],"about":[{"href":"https:\/\/agora.xtec.cat\/zermoianesllevant\/wp-json\/wp\/v2\/types\/page"}],"author":[{"embeddable":true,"href":"https:\/\/agora.xtec.cat\/zermoianesllevant\/wp-json\/wp\/v2\/users\/1"}],"replies":[{"embeddable":true,"href":"https:\/\/agora.xtec.cat\/zermoianesllevant\/wp-json\/wp\/v2\/comments?post=9230"}],"version-history":[{"count":3,"href":"https:\/\/agora.xtec.cat\/zermoianesllevant\/wp-json\/wp\/v2\/pages\/9230\/revisions"}],"predecessor-version":[{"id":9240,"href":"https:\/\/agora.xtec.cat\/zermoianesllevant\/wp-json\/wp\/v2\/pages\/9230\/revisions\/9240"}],"up":[{"embeddable":true,"href":"https:\/\/agora.xtec.cat\/zermoianesllevant\/wp-json\/wp\/v2\/pages\/8303"}],"wp:attachment":[{"href":"https:\/\/agora.xtec.cat\/zermoianesllevant\/wp-json\/wp\/v2\/media?parent=9230"}],"curies":[{"name":"wp","href":"https:\/\/api.w.org\/{rel}","templated":true}]}}

Planta solar fotovoltáica

<p style="text-align: left;">190La planta solar fotovoltaica que se estudia en esta píldora formativa está situada en el tejado de la piscina municipal de la población de l&#8217;Estany y  tiene como objetivo convertir la energía que proporciona el sol en energía eléctrica alterna de 230 V.</p>
<table class=" aligncenter" style="border-collapse: collapse; width: 74.0086%;">
<tbody>
<tr>
<td style="width: 35.6514%;"><a href="https://agora.xtec.cat/zermoianesllevant/wp-content/uploads/usu130/2022/05/Piscina_1.jpg"><img loading="lazy" decoding="async" class="alignnone wp-image-9234" src="https://agora.xtec.cat/zermoianesllevant/wp-content/uploads/usu130/2022/05/Piscina_1.jpg" alt="" width="517" height="640" srcset="https://agora.xtec.cat/zermoianesllevant/wp-content/uploads/usu130/2022/05/Piscina_1.jpg 805w, https://agora.xtec.cat/zermoianesllevant/wp-content/uploads/usu130/2022/05/Piscina_1-242x300.jpg 242w, https://agora.xtec.cat/zermoianesllevant/wp-content/uploads/usu130/2022/05/Piscina_1-768x951.jpg 768w" sizes="auto, (max-width: 517px) 100vw, 517px" /></a></td>
<td style="width: 38.3574%;"><a href="https://agora.xtec.cat/zermoianesllevant/wp-content/uploads/usu130/2022/05/Piscina_2.jpg"><img loading="lazy" decoding="async" class="alignnone wp-image-9235" src="https://agora.xtec.cat/zermoianesllevant/wp-content/uploads/usu130/2022/05/Piscina_2-937x1024.jpg" alt="" width="590" height="645" srcset="https://agora.xtec.cat/zermoianesllevant/wp-content/uploads/usu130/2022/05/Piscina_2-937x1024.jpg 937w, https://agora.xtec.cat/zermoianesllevant/wp-content/uploads/usu130/2022/05/Piscina_2-274x300.jpg 274w, https://agora.xtec.cat/zermoianesllevant/wp-content/uploads/usu130/2022/05/Piscina_2-768x839.jpg 768w, https://agora.xtec.cat/zermoianesllevant/wp-content/uploads/usu130/2022/05/Piscina_2.jpg 1246w" sizes="auto, (max-width: 590px) 100vw, 590px" /></a></td>
</tr>
</tbody>
</table>
<p>&nbsp;</p>
<p style="text-align: left;">La información detallada de esta instalación fotovoltaica se encuentra en el siguiente pdf: <a href="https://agora.xtec.cat/zermoianesllevant/wp-content/uploads/usu130/2022/05/15.0.40-T-ESP-Panel-solar-real-piscina.pdf">15.0.40-[T]-[ESP]-Panel solar real piscina</a></p>
<p style="text-align: left;">La energia producida por la placa fotovoltaica está conectada en paralelo al cuadro eléctrico general del edificio. De esta forma, la planta fotovoltaica realiza una aportación directa de energía de origen renovable a la instalación de la piscina, reduciendo así la energía obtenida de la red eléctrica pública.</p>
<p>La superficie en la que están ubicados los módulos fotovoltaicos es la cubierta plana de la piscina municipal. Al tratarse de una superficie plana no perforable se ha colocado una estructura prefabricada de hormigón destinada a este tipo de instalaciones. Los paneles se han dispuesto de forma que se minimicen o anulen los efectos de las posibles sombras provocadas por elementos existentes en la cubierta o por elementos de la propia instalación fotovoltaica. La orientación de éstos es fija y está sujetas a la estructura de hormigón, que está debidamente sostenida y calculada para resistir las habituales cargas de viento y de nieve.</p>

<p>190La planta solar fotovoltaica que se estudia en esta píldora formativa está situada en el tejado de la piscina municipal de la población de l&#8217;Estany y  tiene como objetivo convertir la energía que proporciona el sol en energía eléctrica alterna de 230 V.</p>
<p><a href="https://agora.xtec.cat/zermoianesllevant/wp-content/uploads/usu130/2022/05/Piscina_1.jpg"></a><br />
<a href="https://agora.xtec.cat/zermoianesllevant/wp-content/uploads/usu130/2022/05/Piscina_2.jpg"></a></p>
<p>&nbsp;<br />
La&hellip;  <a href="https://agora.xtec.cat/zermoianesllevant/steam/tinkercad/planta-solar-fotovoltaica/" title="Read Planta solar fotovoltáica">Llegeix més»</a></p>
