{"id":9073,"date":"2022-04-16T18:12:17","date_gmt":"2022-04-16T16:12:17","guid":{"rendered":"https:\/\/agora.xtec.cat\/zermoianesllevant\/?page_id=9073"},"modified":"2022-04-17T21:40:58","modified_gmt":"2022-04-17T19:40:58","slug":"codigos-de-colores","status":"publish","type":"page","link":"https:\/\/agora.xtec.cat\/zermoianesllevant\/steam\/tinkercad\/codigos-de-colores\/","title":{"rendered":"C\u00f3digos de colores, decimales y hexadecimales"},"content":{"rendered":"<p>Todos los productos suelen tener una marca y un color asociado, por ejemplo LEGO:<\/p>\n<table style=\"border-collapse: collapse; width: 41.1768%;\">\n<tbody>\n<tr>\n<td style=\"width: 10.0615%;\"><a href=\"https:\/\/agora.xtec.cat\/zermoianesllevant\/wp-content\/uploads\/usu130\/2022\/04\/Color_LEGO_logo.jpg\"><img loading=\"lazy\" decoding=\"async\" class=\"alignnone wp-image-9082\" src=\"https:\/\/agora.xtec.cat\/zermoianesllevant\/wp-content\/uploads\/usu130\/2022\/04\/Color_LEGO_logo.jpg\" alt=\"\" width=\"260\" height=\"259\" srcset=\"https:\/\/agora.xtec.cat\/zermoianesllevant\/wp-content\/uploads\/usu130\/2022\/04\/Color_LEGO_logo.jpg 1000w, https:\/\/agora.xtec.cat\/zermoianesllevant\/wp-content\/uploads\/usu130\/2022\/04\/Color_LEGO_logo-300x300.jpg 300w, https:\/\/agora.xtec.cat\/zermoianesllevant\/wp-content\/uploads\/usu130\/2022\/04\/Color_LEGO_logo-150x150.jpg 150w, https:\/\/agora.xtec.cat\/zermoianesllevant\/wp-content\/uploads\/usu130\/2022\/04\/Color_LEGO_logo-768x768.jpg 768w\" sizes=\"auto, (max-width: 260px) 100vw, 260px\" \/><\/a><\/td>\n<td style=\"width: 23.1697%;\"><a href=\"https:\/\/agora.xtec.cat\/zermoianesllevant\/wp-content\/uploads\/usu130\/2022\/04\/Color_LEGO_logo_hex.jpg\"><img loading=\"lazy\" decoding=\"async\" class=\"alignnone size-full wp-image-9083\" src=\"https:\/\/agora.xtec.cat\/zermoianesllevant\/wp-content\/uploads\/usu130\/2022\/04\/Color_LEGO_logo_hex.jpg\" alt=\"\" width=\"798\" height=\"375\" srcset=\"https:\/\/agora.xtec.cat\/zermoianesllevant\/wp-content\/uploads\/usu130\/2022\/04\/Color_LEGO_logo_hex.jpg 798w, https:\/\/agora.xtec.cat\/zermoianesllevant\/wp-content\/uploads\/usu130\/2022\/04\/Color_LEGO_logo_hex-300x141.jpg 300w, https:\/\/agora.xtec.cat\/zermoianesllevant\/wp-content\/uploads\/usu130\/2022\/04\/Color_LEGO_logo_hex-768x361.jpg 768w\" sizes=\"auto, (max-width: 798px) 100vw, 798px\" \/><\/a><\/td>\n<\/tr>\n<\/tbody>\n<\/table>\n<p>Pero qu\u00e9 ocurre si se desea reproducir en &#8220;Tinkercad Circuits&#8221; estos colores, pues que se han de saber convertir a decimal estos colores RGB expresados en c\u00f3digo hexadecimal, por ejemplo para reproducir el color amarillo #F6EC35 de Lego,\u00a0 se deber\u00e1 averiguar que valor corresponde al rojo #F6, al verde #EC y al azul #35.<\/p>\n<p>Para lograrlo, a la ZER Moian\u00e8s Llevant, se trata de condicionar el juego <strong>N\u00fameros y Letras<\/strong> que es utilizado en clase a la siguiente estrategia. Disponer de los n\u00fameros de la serie\u00a0 1, 2, 4, 8, 16, 32, 64 y 128 y utilizando una sola vez cada uno de ellos, conseguir que la suma de los n\u00fameros seleccionados sea igual al n\u00famero buscado que ha de estar entre 0 y 255.<\/p>\n<p>Ejemplos<\/p>\n<p>El valor 129 ser\u00e1 el resultado de sumar 128 y 1<br \/>\nEl valor 131 ser\u00e1 el resultado de sumar 128, 2 y 1<br \/>\nEl valor 133 ser\u00e1 el resultado de sumar 128, 4 y 1 , etc.<\/p>\n<p>Para agilizar este juego, recordar que en clase se est\u00e1 haciendo uso de una tabla como la siguiente:<\/p>\n<p><a href=\"https:\/\/agora.xtec.cat\/zermoianesllevant\/wp-content\/uploads\/usu130\/2022\/04\/Excel_1.jpg\"><img loading=\"lazy\" decoding=\"async\" class=\"alignnone size-large wp-image-9086\" src=\"https:\/\/agora.xtec.cat\/zermoianesllevant\/wp-content\/uploads\/usu130\/2022\/04\/Excel_1-1024x242.jpg\" alt=\"\" width=\"1024\" height=\"242\" srcset=\"https:\/\/agora.xtec.cat\/zermoianesllevant\/wp-content\/uploads\/usu130\/2022\/04\/Excel_1-1024x242.jpg 1024w, https:\/\/agora.xtec.cat\/zermoianesllevant\/wp-content\/uploads\/usu130\/2022\/04\/Excel_1-300x71.jpg 300w, https:\/\/agora.xtec.cat\/zermoianesllevant\/wp-content\/uploads\/usu130\/2022\/04\/Excel_1-768x182.jpg 768w, https:\/\/agora.xtec.cat\/zermoianesllevant\/wp-content\/uploads\/usu130\/2022\/04\/Excel_1.jpg 1052w\" sizes=\"auto, (max-width: 1024px) 100vw, 1024px\" \/><\/a><\/p>\n<p>Donde un &#8220;1&#8221; indicaba se selecciona el n\u00famero de la serie y un &#8220;0&#8221; se indica que no se selecciona ese n\u00famero.<\/p>\n<p>Pues bien, hoy toca complicar el juego y debajo de la tabla se van a colocar dos series de n\u00fameros:<\/p>\n<p><a href=\"https:\/\/agora.xtec.cat\/zermoianesllevant\/wp-content\/uploads\/usu130\/2022\/04\/Excel_2.jpg\"><img loading=\"lazy\" decoding=\"async\" class=\"alignnone size-large wp-image-9087\" src=\"https:\/\/agora.xtec.cat\/zermoianesllevant\/wp-content\/uploads\/usu130\/2022\/04\/Excel_2-1024x303.jpg\" alt=\"\" width=\"1024\" height=\"303\" srcset=\"https:\/\/agora.xtec.cat\/zermoianesllevant\/wp-content\/uploads\/usu130\/2022\/04\/Excel_2-1024x303.jpg 1024w, https:\/\/agora.xtec.cat\/zermoianesllevant\/wp-content\/uploads\/usu130\/2022\/04\/Excel_2-300x89.jpg 300w, https:\/\/agora.xtec.cat\/zermoianesllevant\/wp-content\/uploads\/usu130\/2022\/04\/Excel_2-768x227.jpg 768w, https:\/\/agora.xtec.cat\/zermoianesllevant\/wp-content\/uploads\/usu130\/2022\/04\/Excel_2.jpg 1074w\" sizes=\"auto, (max-width: 1024px) 100vw, 1024px\" \/><\/a><\/p>\n<p>Con la ayuda de las dos nuevas series se van a construir nuevos valores, se sumar\u00e1n los valores de la serie seleccionados con un &#8220;1&#8221; y el resultado <strong>&#8220;se\u00a0<\/strong><b>exigir\u00e1<\/b>&#8221; que sea un n\u00famero de una sola cifra, veamos:<\/p>\n<p><a href=\"https:\/\/agora.xtec.cat\/zermoianesllevant\/wp-content\/uploads\/usu130\/2022\/04\/Excel_3.jpg\"><img loading=\"lazy\" decoding=\"async\" class=\"alignnone size-large wp-image-9088\" src=\"https:\/\/agora.xtec.cat\/zermoianesllevant\/wp-content\/uploads\/usu130\/2022\/04\/Excel_3-1024x269.jpg\" alt=\"\" width=\"1024\" height=\"269\" srcset=\"https:\/\/agora.xtec.cat\/zermoianesllevant\/wp-content\/uploads\/usu130\/2022\/04\/Excel_3-1024x269.jpg 1024w, https:\/\/agora.xtec.cat\/zermoianesllevant\/wp-content\/uploads\/usu130\/2022\/04\/Excel_3-300x79.jpg 300w, https:\/\/agora.xtec.cat\/zermoianesllevant\/wp-content\/uploads\/usu130\/2022\/04\/Excel_3-768x202.jpg 768w, https:\/\/agora.xtec.cat\/zermoianesllevant\/wp-content\/uploads\/usu130\/2022\/04\/Excel_3.jpg 1161w\" sizes=\"auto, (max-width: 1024px) 100vw, 1024px\" \/><\/a><\/p>\n<p>Pero que ocurre en la siguiente tabla:<\/p>\n<p><a href=\"https:\/\/agora.xtec.cat\/zermoianesllevant\/wp-content\/uploads\/usu130\/2022\/04\/Excel_4.jpg\"><img loading=\"lazy\" decoding=\"async\" class=\"alignnone size-large wp-image-9093\" src=\"https:\/\/agora.xtec.cat\/zermoianesllevant\/wp-content\/uploads\/usu130\/2022\/04\/Excel_4-1024x487.jpg\" alt=\"\" width=\"1024\" height=\"487\" srcset=\"https:\/\/agora.xtec.cat\/zermoianesllevant\/wp-content\/uploads\/usu130\/2022\/04\/Excel_4-1024x487.jpg 1024w, https:\/\/agora.xtec.cat\/zermoianesllevant\/wp-content\/uploads\/usu130\/2022\/04\/Excel_4-300x143.jpg 300w, https:\/\/agora.xtec.cat\/zermoianesllevant\/wp-content\/uploads\/usu130\/2022\/04\/Excel_4-768x365.jpg 768w, https:\/\/agora.xtec.cat\/zermoianesllevant\/wp-content\/uploads\/usu130\/2022\/04\/Excel_4.jpg 1165w\" sizes=\"auto, (max-width: 1024px) 100vw, 1024px\" \/><\/a><\/p>\n<p>El resultado de la suma de los n\u00fameros de la serie\u00a0 8, 4, 2, y 1 si est\u00e1n seleccionados o no, siempre estar\u00e1 comprendida entre 0 y 15, as\u00ed que para poder reflejar el resultado con una sola cifra ha sido necesario idear una nueva numeraci\u00f3n, que es la siguiente: 0, 1, 2, 3, 4, 5, 6,7, 8, 9, A, B, C, D, E, F<\/p>\n<p>Ahora se propone el siguiente reto: Averiguar cual son los valores RED, GREEN y BLUE entre 0 y 255 para poder ser programados en Tinkercad de los c\u00f3digos de los colores del logo de LEGO, #F6EC35 y #D11013.<\/p>\n<p>&nbsp;<\/p>\n<p><a href=\"https:\/\/agora.xtec.cat\/zermoianesllevant\/wp-content\/uploads\/usu130\/2022\/04\/EXCEL_6.jpg\"><img loading=\"lazy\" decoding=\"async\" class=\"alignnone size-large wp-image-9094\" src=\"https:\/\/agora.xtec.cat\/zermoianesllevant\/wp-content\/uploads\/usu130\/2022\/04\/EXCEL_6-1024x413.jpg\" alt=\"\" width=\"1024\" height=\"413\" srcset=\"https:\/\/agora.xtec.cat\/zermoianesllevant\/wp-content\/uploads\/usu130\/2022\/04\/EXCEL_6-1024x413.jpg 1024w, https:\/\/agora.xtec.cat\/zermoianesllevant\/wp-content\/uploads\/usu130\/2022\/04\/EXCEL_6-300x121.jpg 300w, https:\/\/agora.xtec.cat\/zermoianesllevant\/wp-content\/uploads\/usu130\/2022\/04\/EXCEL_6-768x310.jpg 768w, https:\/\/agora.xtec.cat\/zermoianesllevant\/wp-content\/uploads\/usu130\/2022\/04\/EXCEL_6.jpg 1367w\" sizes=\"auto, (max-width: 1024px) 100vw, 1024px\" \/><\/a><\/p>\n<p>Una vez obtenidos los c\u00f3digos decimales de los colores del logo de Lego, valores RGB entre 0 y 255, se ha de construir un reto consistente en conectar un diodo RGB a un procesador Arduino y hacer que el diodo RGB muestre los colores del logo de LEGO con una pausa entre colores de 2 segundos. No tener en cuenta el color negro<\/p>\n<p>Soluci\u00f3n: <a href=\"https:\/\/agora.xtec.cat\/zermoianesllevant\/wp-content\/uploads\/usu130\/2022\/04\/14.0.00-T-ESP-Colores-logo-de-LEGO.pdf\">14.0.00-[T]-[ESP]-Colores logo de LEGO<\/a><\/p>\n<p>&nbsp;<\/p>\n<p>&nbsp;<\/p>\n<p>&nbsp;<\/p>\n<p>&nbsp;<\/p>\n<p>&nbsp;<\/p>\n<p>&nbsp;<\/p>\n<p>&nbsp;<\/p>\n<p>&nbsp;<\/p>\n<p>&nbsp;<\/p>\n<p>&nbsp;<\/p>\n","protected":false},"excerpt":{"rendered":"<p>Todos los productos suelen tener una marca y un color asociado, por ejemplo LEGO:<\/p>\n<p><a href=\"https:\/\/agora.xtec.cat\/zermoianesllevant\/wp-content\/uploads\/usu130\/2022\/04\/Color_LEGO_logo.jpg\"><\/a><br \/>\n<a href=\"https:\/\/agora.xtec.cat\/zermoianesllevant\/wp-content\/uploads\/usu130\/2022\/04\/Color_LEGO_logo_hex.jpg\"><\/a><\/p>\n<p>Pero qu\u00e9 ocurre si se desea reproducir en &#8220;Tinkercad Circuits&#8221; estos colores, pues que se han de saber convertir a decimal estos colores RGB expresados en c\u00f3digo hexadecimal, por ejemplo&hellip;  <a href=\"https:\/\/agora.xtec.cat\/zermoianesllevant\/steam\/tinkercad\/codigos-de-colores\/\" title=\"Read C\u00f3digos de colores, decimales y hexadecimales\">Llegeix m\u00e9s\u00bb<\/a><\/p>\n","protected":false},"author":1,"featured_media":0,"parent":8303,"menu_order":150,"comment_status":"closed","ping_status":"closed","template":"page-templates\/side-menu.php","meta":{"_bbp_topic_count":0,"_bbp_reply_count":0,"_bbp_total_topic_count":0,"_bbp_total_reply_count":0,"_bbp_voice_count":0,"_bbp_anonymous_reply_count":0,"_bbp_topic_count_hidden":0,"_bbp_reply_count_hidden":0,"_bbp_forum_subforum_count":0,"footnotes":""},"class_list":["post-9073","page","type-page","status-publish","hentry"],"post_mailing_queue_ids":[],"_links":{"self":[{"href":"https:\/\/agora.xtec.cat\/zermoianesllevant\/wp-json\/wp\/v2\/pages\/9073","targetHints":{"allow":["GET"]}}],"collection":[{"href":"https:\/\/agora.xtec.cat\/zermoianesllevant\/wp-json\/wp\/v2\/pages"}],"about":[{"href":"https:\/\/agora.xtec.cat\/zermoianesllevant\/wp-json\/wp\/v2\/types\/page"}],"author":[{"embeddable":true,"href":"https:\/\/agora.xtec.cat\/zermoianesllevant\/wp-json\/wp\/v2\/users\/1"}],"replies":[{"embeddable":true,"href":"https:\/\/agora.xtec.cat\/zermoianesllevant\/wp-json\/wp\/v2\/comments?post=9073"}],"version-history":[{"count":4,"href":"https:\/\/agora.xtec.cat\/zermoianesllevant\/wp-json\/wp\/v2\/pages\/9073\/revisions"}],"predecessor-version":[{"id":9112,"href":"https:\/\/agora.xtec.cat\/zermoianesllevant\/wp-json\/wp\/v2\/pages\/9073\/revisions\/9112"}],"up":[{"embeddable":true,"href":"https:\/\/agora.xtec.cat\/zermoianesllevant\/wp-json\/wp\/v2\/pages\/8303"}],"wp:attachment":[{"href":"https:\/\/agora.xtec.cat\/zermoianesllevant\/wp-json\/wp\/v2\/media?parent=9073"}],"curies":[{"name":"wp","href":"https:\/\/api.w.org\/{rel}","templated":true}]}}