{"id":8961,"date":"2022-03-11T12:24:31","date_gmt":"2022-03-11T11:24:31","guid":{"rendered":"https:\/\/agora.xtec.cat\/zermoianesllevant\/?page_id=8961"},"modified":"2022-03-14T20:10:16","modified_gmt":"2022-03-14T19:10:16","slug":"rgb-toda-la-gama-de-colores","status":"publish","type":"page","link":"https:\/\/agora.xtec.cat\/zermoianesllevant\/steam\/tinkercad\/rgb-toda-la-gama-de-colores\/","title":{"rendered":"RGB, Toda la gama de colores"},"content":{"rendered":"<p>Para seleccionar un color a ser mostrado en una pantalla de PC, TV, etc, se utilizan tres c\u00f3digos hexadecimales encadenados. Ejemplo: #ffffff. Estos tres c\u00f3digos hexadecimales son la equivalencia a tres valores decimales que ya fueron estudiados en la p\u00edldora anterior,\u00a0 ALTO = 255 y ahora se introduce que 255 = ff Este tema se trabajar\u00e1 en la p\u00edldora formativa siguiente, que no ser\u00e1 nada m\u00e1s que una extensi\u00f3n del juego N\u00fameros y Letras que se realiza frecuentemente en la ZER Moian\u00e8s Llevant.<\/p>\n<p>En la figura siguiente se muestran unos colores que son el resultado de mezclas RGB con unos valores para R, G y B que van de 0 a 255 seleccionados al azar:<\/p>\n<p><a href=\"https:\/\/agora.xtec.cat\/zermoianesllevant\/wp-content\/uploads\/usu130\/2022\/03\/RGB-colors.jpg\"><img loading=\"lazy\" decoding=\"async\" class=\"size-large wp-image-8962\" src=\"https:\/\/agora.xtec.cat\/zermoianesllevant\/wp-content\/uploads\/usu130\/2022\/03\/RGB-colors-1024x400.jpg\" alt=\"\" width=\"1024\" height=\"400\" srcset=\"https:\/\/agora.xtec.cat\/zermoianesllevant\/wp-content\/uploads\/usu130\/2022\/03\/RGB-colors-1024x400.jpg 1024w, https:\/\/agora.xtec.cat\/zermoianesllevant\/wp-content\/uploads\/usu130\/2022\/03\/RGB-colors-300x117.jpg 300w, https:\/\/agora.xtec.cat\/zermoianesllevant\/wp-content\/uploads\/usu130\/2022\/03\/RGB-colors-768x300.jpg 768w, https:\/\/agora.xtec.cat\/zermoianesllevant\/wp-content\/uploads\/usu130\/2022\/03\/RGB-colors.jpg 1167w\" sizes=\"auto, (max-width: 1024px) 100vw, 1024px\" \/><\/a><\/p>\n<p>&nbsp;<\/p>\n<p>Programar una combinaci\u00f3n de colores al azar con Tinkercad y m\u00e1s tarde trasladar a Arduino es muy f\u00e1cil<\/p>\n<table style=\"border-collapse: collapse; width: 53.3573%; height: 208px;\">\n<tbody>\n<tr style=\"height: 176px;\">\n<td style=\"width: 100%; height: 176px;\"><a href=\"https:\/\/agora.xtec.cat\/zermoianesllevant\/wp-content\/uploads\/usu130\/2022\/03\/RGB-aleatorio-Arduino.jpg\"><img loading=\"lazy\" decoding=\"async\" class=\"alignnone size-full wp-image-8970\" src=\"https:\/\/agora.xtec.cat\/zermoianesllevant\/wp-content\/uploads\/usu130\/2022\/03\/RGB-aleatorio-Arduino.jpg\" alt=\"\" width=\"770\" height=\"122\" srcset=\"https:\/\/agora.xtec.cat\/zermoianesllevant\/wp-content\/uploads\/usu130\/2022\/03\/RGB-aleatorio-Arduino.jpg 770w, https:\/\/agora.xtec.cat\/zermoianesllevant\/wp-content\/uploads\/usu130\/2022\/03\/RGB-aleatorio-Arduino-300x48.jpg 300w, https:\/\/agora.xtec.cat\/zermoianesllevant\/wp-content\/uploads\/usu130\/2022\/03\/RGB-aleatorio-Arduino-768x122.jpg 768w\" sizes=\"auto, (max-width: 770px) 100vw, 770px\" \/><\/a><\/td>\n<\/tr>\n<tr style=\"height: 32px;\">\n<td style=\"width: 100%; height: 32px;\"><a href=\"https:\/\/agora.xtec.cat\/zermoianesllevant\/wp-content\/uploads\/usu130\/2022\/03\/RGB-aleatorio.jpg\"><img loading=\"lazy\" decoding=\"async\" class=\"alignnone size-full wp-image-8969\" src=\"https:\/\/agora.xtec.cat\/zermoianesllevant\/wp-content\/uploads\/usu130\/2022\/03\/RGB-aleatorio.jpg\" alt=\"\" width=\"690\" height=\"157\" srcset=\"https:\/\/agora.xtec.cat\/zermoianesllevant\/wp-content\/uploads\/usu130\/2022\/03\/RGB-aleatorio.jpg 690w, https:\/\/agora.xtec.cat\/zermoianesllevant\/wp-content\/uploads\/usu130\/2022\/03\/RGB-aleatorio-300x68.jpg 300w\" sizes=\"auto, (max-width: 690px) 100vw, 690px\" \/><\/a><\/td>\n<\/tr>\n<\/tbody>\n<\/table>\n<p>&nbsp;<\/p>\n<p>Pero como se a\u00f1adir\u00e1 una cierta complejidad a este ejercicio, en el siguiente pdf <a href=\"https:\/\/agora.xtec.cat\/zermoianesllevant\/wp-content\/uploads\/usu130\/2022\/03\/11.0.00-T-ESP-RGB-Toda-la-gama-de-colores.pdf\">11.0.00-[T]-[ESP]-RGB Toda la gama de colores<\/a>\u00a0 encontrar\u00e1 el alumno como lograr que adem\u00e1s de formarse colores RGB aleatoriamente, se impriman los c\u00f3digos en formato decimal, es decir se imprimir\u00e1 por el monitor serie el valor entre 0 y 255\u00a0 que ha recibido el LED rojo y el valor entre 0 y 255\u00a0 que ha recibido el LED verde y el valor entre 0 y 255\u00a0 que ha recibido el LED azul para crear la combinaci\u00f3n del color mostrado.<\/p>\n<p>&nbsp;<\/p>\n<p>&nbsp;<\/p>\n<p>&nbsp;<\/p>\n","protected":false},"excerpt":{"rendered":"<p>Para seleccionar un color a ser mostrado en una pantalla de PC, TV, etc, se utilizan tres c\u00f3digos hexadecimales encadenados. Ejemplo: #ffffff. Estos tres c\u00f3digos hexadecimales son la equivalencia a tres valores decimales que ya fueron estudiados en la p\u00edldora anterior,\u00a0 ALTO = 255 y&hellip;  <a href=\"https:\/\/agora.xtec.cat\/zermoianesllevant\/steam\/tinkercad\/rgb-toda-la-gama-de-colores\/\" title=\"Read RGB, Toda la gama de colores\">Llegeix m\u00e9s\u00bb<\/a><\/p>\n","protected":false},"author":1,"featured_media":0,"parent":8303,"menu_order":140,"comment_status":"closed","ping_status":"closed","template":"page-templates\/side-menu.php","meta":{"_bbp_topic_count":0,"_bbp_reply_count":0,"_bbp_total_topic_count":0,"_bbp_total_reply_count":0,"_bbp_voice_count":0,"_bbp_anonymous_reply_count":0,"_bbp_topic_count_hidden":0,"_bbp_reply_count_hidden":0,"_bbp_forum_subforum_count":0,"footnotes":""},"class_list":["post-8961","page","type-page","status-publish","hentry"],"post_mailing_queue_ids":[],"_links":{"self":[{"href":"https:\/\/agora.xtec.cat\/zermoianesllevant\/wp-json\/wp\/v2\/pages\/8961","targetHints":{"allow":["GET"]}}],"collection":[{"href":"https:\/\/agora.xtec.cat\/zermoianesllevant\/wp-json\/wp\/v2\/pages"}],"about":[{"href":"https:\/\/agora.xtec.cat\/zermoianesllevant\/wp-json\/wp\/v2\/types\/page"}],"author":[{"embeddable":true,"href":"https:\/\/agora.xtec.cat\/zermoianesllevant\/wp-json\/wp\/v2\/users\/1"}],"replies":[{"embeddable":true,"href":"https:\/\/agora.xtec.cat\/zermoianesllevant\/wp-json\/wp\/v2\/comments?post=8961"}],"version-history":[{"count":3,"href":"https:\/\/agora.xtec.cat\/zermoianesllevant\/wp-json\/wp\/v2\/pages\/8961\/revisions"}],"predecessor-version":[{"id":8987,"href":"https:\/\/agora.xtec.cat\/zermoianesllevant\/wp-json\/wp\/v2\/pages\/8961\/revisions\/8987"}],"up":[{"embeddable":true,"href":"https:\/\/agora.xtec.cat\/zermoianesllevant\/wp-json\/wp\/v2\/pages\/8303"}],"wp:attachment":[{"href":"https:\/\/agora.xtec.cat\/zermoianesllevant\/wp-json\/wp\/v2\/media?parent=8961"}],"curies":[{"name":"wp","href":"https:\/\/api.w.org\/{rel}","templated":true}]}}