{"id":8834,"date":"2022-01-26T18:51:58","date_gmt":"2022-01-26T17:51:58","guid":{"rendered":"https:\/\/agora.xtec.cat\/zermoianesllevant\/?page_id=8834"},"modified":"2022-02-14T19:28:30","modified_gmt":"2022-02-14T18:28:30","slug":"luz-roja-verde-y-azul-rgb-red-green-blue","status":"publish","type":"page","link":"https:\/\/agora.xtec.cat\/zermoianesllevant\/steam\/tinkercad\/luz-roja-verde-y-azul-rgb-red-green-blue\/","title":{"rendered":"El color: la luz y la pintura"},"content":{"rendered":"<p><strong>Colores primarios<\/strong><\/p>\n<p>En el mundo de la emisi\u00f3n de <strong>luz<\/strong> existen tres colores primarios, el rojo, el verde y el azul (RGB. Red, green and blue) que combinados pueden dar lugar a otros colores. Son dispositivos emisores de luz las televisiones, los proyectores, las pantallas de ordenadores port\u00e1tiles, los monitores de ordenadores de sobremesa, focos en discotecas, los LED, diodos emisores de luz, etc.<\/p>\n<table style=\"border-collapse: collapse; width: 100%;\">\n<tbody>\n<tr>\n<td style=\"width: 47.6384%;\"><a href=\"https:\/\/agora.xtec.cat\/zermoianesllevant\/wp-content\/uploads\/usu130\/2022\/01\/rgb.jpg\"><img loading=\"lazy\" decoding=\"async\" class=\"wp-image-8849 aligncenter\" src=\"https:\/\/agora.xtec.cat\/zermoianesllevant\/wp-content\/uploads\/usu130\/2022\/01\/rgb.jpg\" alt=\"\" width=\"450\" height=\"424\" \/><\/a><\/td>\n<td style=\"width: 52.3616%;\"><a href=\"https:\/\/agora.xtec.cat\/zermoianesllevant\/wp-content\/uploads\/usu130\/2022\/01\/tv.jpg\"><img loading=\"lazy\" decoding=\"async\" class=\"wp-image-8850 aligncenter\" src=\"https:\/\/agora.xtec.cat\/zermoianesllevant\/wp-content\/uploads\/usu130\/2022\/01\/tv.jpg\" alt=\"\" width=\"567\" height=\"412\" srcset=\"https:\/\/agora.xtec.cat\/zermoianesllevant\/wp-content\/uploads\/usu130\/2022\/01\/tv.jpg 776w, https:\/\/agora.xtec.cat\/zermoianesllevant\/wp-content\/uploads\/usu130\/2022\/01\/tv-300x218.jpg 300w, https:\/\/agora.xtec.cat\/zermoianesllevant\/wp-content\/uploads\/usu130\/2022\/01\/tv-768x557.jpg 768w\" sizes=\"auto, (max-width: 567px) 100vw, 567px\" \/><\/a><\/td>\n<\/tr>\n<\/tbody>\n<\/table>\n<p>En el mundo de la pintura, donde la luz es reflejada, hay dos modelos de colores b\u00e1sicos:<\/p>\n<ol>\n<li>El cian, el magenta y el amarillo (CMYK. Cyan, Magenta, Yelow and Blak or Key)<\/li>\n<li>El rojo, el amarillo y el azul (RYB. Red, yellow and blue)<\/li>\n<\/ol>\n<table style=\"border-collapse: collapse; width: 94.3165%;\">\n<tbody>\n<tr>\n<td style=\"width: 47.2809%;\"><a href=\"https:\/\/agora.xtec.cat\/zermoianesllevant\/wp-content\/uploads\/usu130\/2022\/01\/Colors-CMYK.jpg\"><img loading=\"lazy\" decoding=\"async\" class=\"size-full wp-image-8869 aligncenter\" src=\"https:\/\/agora.xtec.cat\/zermoianesllevant\/wp-content\/uploads\/usu130\/2022\/01\/Colors-CMYK.jpg\" alt=\"\" width=\"500\" height=\"461\" srcset=\"https:\/\/agora.xtec.cat\/zermoianesllevant\/wp-content\/uploads\/usu130\/2022\/01\/Colors-CMYK.jpg 500w, https:\/\/agora.xtec.cat\/zermoianesllevant\/wp-content\/uploads\/usu130\/2022\/01\/Colors-CMYK-300x277.jpg 300w\" sizes=\"auto, (max-width: 500px) 100vw, 500px\" \/><\/a><\/td>\n<td style=\"width: 46.9538%;\"><a href=\"https:\/\/agora.xtec.cat\/zermoianesllevant\/wp-content\/uploads\/usu130\/2022\/01\/paleta-de-pintor.jpg\"><img loading=\"lazy\" decoding=\"async\" class=\"alignnone size-full wp-image-8847\" src=\"https:\/\/agora.xtec.cat\/zermoianesllevant\/wp-content\/uploads\/usu130\/2022\/01\/paleta-de-pintor.jpg\" alt=\"\" width=\"975\" height=\"647\" srcset=\"https:\/\/agora.xtec.cat\/zermoianesllevant\/wp-content\/uploads\/usu130\/2022\/01\/paleta-de-pintor.jpg 975w, https:\/\/agora.xtec.cat\/zermoianesllevant\/wp-content\/uploads\/usu130\/2022\/01\/paleta-de-pintor-300x199.jpg 300w, https:\/\/agora.xtec.cat\/zermoianesllevant\/wp-content\/uploads\/usu130\/2022\/01\/paleta-de-pintor-768x510.jpg 768w\" sizes=\"auto, (max-width: 975px) 100vw, 975px\" \/><\/a><\/td>\n<\/tr>\n<\/tbody>\n<\/table>\n<p>&nbsp;<\/p>\n<p>Resumen de los modelos de colores b\u00e1sicos:<\/p>\n<p><a href=\"https:\/\/agora.xtec.cat\/zermoianesllevant\/wp-content\/uploads\/usu130\/2022\/01\/CMYK-RGB-RYB.jpg\"><img loading=\"lazy\" decoding=\"async\" class=\"size-full wp-image-8861 aligncenter\" src=\"https:\/\/agora.xtec.cat\/zermoianesllevant\/wp-content\/uploads\/usu130\/2022\/01\/CMYK-RGB-RYB.jpg\" alt=\"\" width=\"777\" height=\"342\" srcset=\"https:\/\/agora.xtec.cat\/zermoianesllevant\/wp-content\/uploads\/usu130\/2022\/01\/CMYK-RGB-RYB.jpg 777w, https:\/\/agora.xtec.cat\/zermoianesllevant\/wp-content\/uploads\/usu130\/2022\/01\/CMYK-RGB-RYB-300x132.jpg 300w, https:\/\/agora.xtec.cat\/zermoianesllevant\/wp-content\/uploads\/usu130\/2022\/01\/CMYK-RGB-RYB-768x338.jpg 768w\" sizes=\"auto, (max-width: 777px) 100vw, 777px\" \/><\/a><\/p>\n<ul>\n<li>\u00bfSon los colores secundarios del modelo CMYK los primarios del modelo RGB?<\/li>\n<li>\u00bfSon los colores secundarios del modelo RGB los primarios del modelo CMYK?<\/li>\n<\/ul>\n<p>En el mundo de los colores producidos por la emisi\u00f3n de luz se se puede considerar que el color es inmaterial. Cualquier color en el modelo de emisi\u00f3n de luz es el resultado de la suma de las radiaciones de las longitudes de onda en diferentes proporciones de rojo, verde y azul. Modelo aditivo<\/p>\n<p>En el mundo de los colores producidos por pigmentos se puede considerar que el color es material. Cualquier color se genera por la luz reflejada por ciertos pigmentos aplicados a las superficies. Cada color absorbe una determinada cantidad de luz y refleja el resto: Modelo sustractivo.<\/p>\n<p>Tambi\u00e9n se puede apreciar que en el modelo RGB la superposici\u00f3n de todos los colores dan lugar al blanco, sin embargo en modelo RYB o el CMYK (La K representa el negro, la B est\u00e1 reservada para el color Blue) la superposici\u00f3n de todos los colores dan lugar al negro. Los pigmentos blancos reflejan todo el espectro de luz y los pigmentos que dan lugar al negro absorben toda la luz y por lo tanto no reflejan ninguna luz<\/p>\n<p>&nbsp;<\/p>\n<p>&nbsp;<\/p>\n","protected":false},"excerpt":{"rendered":"<p>Colores primarios<br \/>\nEn el mundo de la emisi\u00f3n de luz existen tres colores primarios, el rojo, el verde y el azul (RGB. Red, green and blue) que combinados pueden dar lugar a otros colores. Son dispositivos emisores de luz las televisiones, los proyectores, las pantallas de&hellip;  <a href=\"https:\/\/agora.xtec.cat\/zermoianesllevant\/steam\/tinkercad\/luz-roja-verde-y-azul-rgb-red-green-blue\/\" title=\"Read El color: la luz y la pintura\">Llegeix m\u00e9s\u00bb<\/a><\/p>\n","protected":false},"author":1,"featured_media":0,"parent":8303,"menu_order":120,"comment_status":"closed","ping_status":"closed","template":"page-templates\/side-menu.php","meta":{"_bbp_topic_count":0,"_bbp_reply_count":0,"_bbp_total_topic_count":0,"_bbp_total_reply_count":0,"_bbp_voice_count":0,"_bbp_anonymous_reply_count":0,"_bbp_topic_count_hidden":0,"_bbp_reply_count_hidden":0,"_bbp_forum_subforum_count":0,"footnotes":""},"class_list":["post-8834","page","type-page","status-publish","hentry"],"post_mailing_queue_ids":[],"_links":{"self":[{"href":"https:\/\/agora.xtec.cat\/zermoianesllevant\/wp-json\/wp\/v2\/pages\/8834","targetHints":{"allow":["GET"]}}],"collection":[{"href":"https:\/\/agora.xtec.cat\/zermoianesllevant\/wp-json\/wp\/v2\/pages"}],"about":[{"href":"https:\/\/agora.xtec.cat\/zermoianesllevant\/wp-json\/wp\/v2\/types\/page"}],"author":[{"embeddable":true,"href":"https:\/\/agora.xtec.cat\/zermoianesllevant\/wp-json\/wp\/v2\/users\/1"}],"replies":[{"embeddable":true,"href":"https:\/\/agora.xtec.cat\/zermoianesllevant\/wp-json\/wp\/v2\/comments?post=8834"}],"version-history":[{"count":4,"href":"https:\/\/agora.xtec.cat\/zermoianesllevant\/wp-json\/wp\/v2\/pages\/8834\/revisions"}],"predecessor-version":[{"id":8931,"href":"https:\/\/agora.xtec.cat\/zermoianesllevant\/wp-json\/wp\/v2\/pages\/8834\/revisions\/8931"}],"up":[{"embeddable":true,"href":"https:\/\/agora.xtec.cat\/zermoianesllevant\/wp-json\/wp\/v2\/pages\/8303"}],"wp:attachment":[{"href":"https:\/\/agora.xtec.cat\/zermoianesllevant\/wp-json\/wp\/v2\/media?parent=8834"}],"curies":[{"name":"wp","href":"https:\/\/api.w.org\/{rel}","templated":true}]}}

<p><strong>Colores primarios</strong></p>
<p>En el mundo de la emisión de <strong>luz</strong> existen tres colores primarios, el rojo, el verde y el azul (RGB. Red, green and blue) que combinados pueden dar lugar a otros colores. Son dispositivos emisores de luz las televisiones, los proyectores, las pantallas de ordenadores portátiles, los monitores de ordenadores de sobremesa, focos en discotecas, los LED, diodos emisores de luz, etc.</p>
<table style="border-collapse: collapse; width: 100%;">
<tbody>
<tr>
<td style="width: 47.6384%;"><a href="https://agora.xtec.cat/zermoianesllevant/wp-content/uploads/usu130/2022/01/rgb.jpg"><img loading="lazy" decoding="async" class="wp-image-8849 aligncenter" src="https://agora.xtec.cat/zermoianesllevant/wp-content/uploads/usu130/2022/01/rgb.jpg" alt="" width="450" height="424" /></a></td>
<td style="width: 52.3616%;"><a href="https://agora.xtec.cat/zermoianesllevant/wp-content/uploads/usu130/2022/01/tv.jpg"><img loading="lazy" decoding="async" class="wp-image-8850 aligncenter" src="https://agora.xtec.cat/zermoianesllevant/wp-content/uploads/usu130/2022/01/tv.jpg" alt="" width="567" height="412" srcset="https://agora.xtec.cat/zermoianesllevant/wp-content/uploads/usu130/2022/01/tv.jpg 776w, https://agora.xtec.cat/zermoianesllevant/wp-content/uploads/usu130/2022/01/tv-300x218.jpg 300w, https://agora.xtec.cat/zermoianesllevant/wp-content/uploads/usu130/2022/01/tv-768x557.jpg 768w" sizes="auto, (max-width: 567px) 100vw, 567px" /></a></td>
</tr>
</tbody>
</table>
<p>En el mundo de la pintura, donde la luz es reflejada, hay dos modelos de colores básicos:</p>
<ol>
<li>El cian, el magenta y el amarillo (CMYK. Cyan, Magenta, Yelow and Blak or Key)</li>
<li>El rojo, el amarillo y el azul (RYB. Red, yellow and blue)</li>
</ol>
<table style="border-collapse: collapse; width: 94.3165%;">
<tbody>
<tr>
<td style="width: 47.2809%;"><a href="https://agora.xtec.cat/zermoianesllevant/wp-content/uploads/usu130/2022/01/Colors-CMYK.jpg"><img loading="lazy" decoding="async" class="size-full wp-image-8869 aligncenter" src="https://agora.xtec.cat/zermoianesllevant/wp-content/uploads/usu130/2022/01/Colors-CMYK.jpg" alt="" width="500" height="461" srcset="https://agora.xtec.cat/zermoianesllevant/wp-content/uploads/usu130/2022/01/Colors-CMYK.jpg 500w, https://agora.xtec.cat/zermoianesllevant/wp-content/uploads/usu130/2022/01/Colors-CMYK-300x277.jpg 300w" sizes="auto, (max-width: 500px) 100vw, 500px" /></a></td>
<td style="width: 46.9538%;"><a href="https://agora.xtec.cat/zermoianesllevant/wp-content/uploads/usu130/2022/01/paleta-de-pintor.jpg"><img loading="lazy" decoding="async" class="alignnone size-full wp-image-8847" src="https://agora.xtec.cat/zermoianesllevant/wp-content/uploads/usu130/2022/01/paleta-de-pintor.jpg" alt="" width="975" height="647" srcset="https://agora.xtec.cat/zermoianesllevant/wp-content/uploads/usu130/2022/01/paleta-de-pintor.jpg 975w, https://agora.xtec.cat/zermoianesllevant/wp-content/uploads/usu130/2022/01/paleta-de-pintor-300x199.jpg 300w, https://agora.xtec.cat/zermoianesllevant/wp-content/uploads/usu130/2022/01/paleta-de-pintor-768x510.jpg 768w" sizes="auto, (max-width: 975px) 100vw, 975px" /></a></td>
</tr>
</tbody>
</table>
<p>&nbsp;</p>
<p>Resumen de los modelos de colores básicos:</p>
<p><a href="https://agora.xtec.cat/zermoianesllevant/wp-content/uploads/usu130/2022/01/CMYK-RGB-RYB.jpg"><img loading="lazy" decoding="async" class="size-full wp-image-8861 aligncenter" src="https://agora.xtec.cat/zermoianesllevant/wp-content/uploads/usu130/2022/01/CMYK-RGB-RYB.jpg" alt="" width="777" height="342" srcset="https://agora.xtec.cat/zermoianesllevant/wp-content/uploads/usu130/2022/01/CMYK-RGB-RYB.jpg 777w, https://agora.xtec.cat/zermoianesllevant/wp-content/uploads/usu130/2022/01/CMYK-RGB-RYB-300x132.jpg 300w, https://agora.xtec.cat/zermoianesllevant/wp-content/uploads/usu130/2022/01/CMYK-RGB-RYB-768x338.jpg 768w" sizes="auto, (max-width: 777px) 100vw, 777px" /></a></p>
<ul>
<li>¿Son los colores secundarios del modelo CMYK los primarios del modelo RGB?</li>
<li>¿Son los colores secundarios del modelo RGB los primarios del modelo CMYK?</li>
</ul>
<p>En el mundo de los colores producidos por la emisión de luz se se puede considerar que el color es inmaterial. Cualquier color en el modelo de emisión de luz es el resultado de la suma de las radiaciones de las longitudes de onda en diferentes proporciones de rojo, verde y azul. Modelo aditivo</p>
<p>En el mundo de los colores producidos por pigmentos se puede considerar que el color es material. Cualquier color se genera por la luz reflejada por ciertos pigmentos aplicados a las superficies. Cada color absorbe una determinada cantidad de luz y refleja el resto: Modelo sustractivo.</p>
<p>También se puede apreciar que en el modelo RGB la superposición de todos los colores dan lugar al blanco, sin embargo en modelo RYB o el CMYK (La K representa el negro, la B está reservada para el color Blue) la superposición de todos los colores dan lugar al negro. Los pigmentos blancos reflejan todo el espectro de luz y los pigmentos que dan lugar al negro absorben toda la luz y por lo tanto no reflejan ninguna luz</p>
<p>&nbsp;</p>
<p>&nbsp;</p>

<p>Colores primarios<br />
En el mundo de la emisión de luz existen tres colores primarios, el rojo, el verde y el azul (RGB. Red, green and blue) que combinados pueden dar lugar a otros colores. Son dispositivos emisores de luz las televisiones, los proyectores, las pantallas de&hellip;  <a href="https://agora.xtec.cat/zermoianesllevant/steam/tinkercad/luz-roja-verde-y-azul-rgb-red-green-blue/" title="Read El color: la luz y la pintura">Llegeix més»</a></p>
