{"id":8454,"date":"2021-10-04T09:04:51","date_gmt":"2021-10-04T07:04:51","guid":{"rendered":"https:\/\/agora.xtec.cat\/zermoianesllevant\/?page_id=8454"},"modified":"2024-02-13T10:28:16","modified_gmt":"2024-02-13T09:28:16","slug":"andre-marie-ampere","status":"publish","type":"page","link":"https:\/\/agora.xtec.cat\/zermoianesllevant\/steam\/a-prenem-el-sol\/andre-marie-ampere\/","title":{"rendered":"Qui \u00e9s Andr\u00e9-Marie Amp\u00e8re?"},"content":{"rendered":"<p>Andr\u00e9-Marie Amp\u00e8re va ser un f\u00edsic i matem\u00e0tic franc\u00e8s. Va formular el 1827 la teoria de l\u2019electrodin\u00e0mica, essencial pel desenvolupament de l\u2019electromagnetisme . Va inventar el solenoide. Va imaginar la primera teoria microsc\u00f2pica del magnetisme de materials y una teoria del magnetisme terrestre.<\/p>\n<p>La unitat de mesura del Sistema Internacional del corrent el\u00e8ctric \u00e9s l&#8217;amper que rep el seu nom en honor a \u00a0Andr\u00e9-Marie Amp\u00e8re.<\/p>\n<p>El nom d\u2019Andr\u00e9-Marie Amp\u00e8re \u00e9s un dels 72 noms inscrits a la Torre Eiffel.<\/p>\n<p>&nbsp;<\/p>\n<p>&nbsp;<\/p>\n<p><a href=\"https:\/\/agora.xtec.cat\/zermoianesllevant\/wp-content\/uploads\/usu130\/2021\/12\/ccm1.jpg\"><img loading=\"lazy\" decoding=\"async\" class=\" wp-image-8592\" src=\"https:\/\/agora.xtec.cat\/zermoianesllevant\/wp-content\/uploads\/usu130\/2021\/12\/ccm1-1024x317.jpg\" alt=\"\" width=\"300\" height=\"93\" srcset=\"https:\/\/agora.xtec.cat\/zermoianesllevant\/wp-content\/uploads\/usu130\/2021\/12\/ccm1-1024x317.jpg 1024w, https:\/\/agora.xtec.cat\/zermoianesllevant\/wp-content\/uploads\/usu130\/2021\/12\/ccm1-300x93.jpg 300w, https:\/\/agora.xtec.cat\/zermoianesllevant\/wp-content\/uploads\/usu130\/2021\/12\/ccm1-768x237.jpg 768w, https:\/\/agora.xtec.cat\/zermoianesllevant\/wp-content\/uploads\/usu130\/2021\/12\/ccm1-1536x475.jpg 1536w, https:\/\/agora.xtec.cat\/zermoianesllevant\/wp-content\/uploads\/usu130\/2021\/12\/ccm1.jpg 1863w\" sizes=\"auto, (max-width: 300px) 100vw, 300px\" \/><\/a><\/p>\n<p>&nbsp;<\/p>\n","protected":false},"excerpt":{"rendered":"<p>Andr\u00e9-Marie Amp\u00e8re va ser un f\u00edsic i matem\u00e0tic franc\u00e8s. Va formular el 1827 la teoria de l\u2019electrodin\u00e0mica, essencial pel desenvolupament de l\u2019electromagnetisme . Va inventar el solenoide. Va imaginar la primera teoria microsc\u00f2pica del magnetisme de materials y una teoria del magnetisme terrestre.<br \/>\nLa unitat de&hellip;  <a href=\"https:\/\/agora.xtec.cat\/zermoianesllevant\/steam\/a-prenem-el-sol\/andre-marie-ampere\/\" title=\"Read Qui \u00e9s Andr\u00e9-Marie Amp\u00e8re?\">Llegeix m\u00e9s\u00bb<\/a><\/p>\n","protected":false},"author":1,"featured_media":0,"parent":8594,"menu_order":80,"comment_status":"closed","ping_status":"closed","template":"page-templates\/side-menu.php","meta":{"_bbp_topic_count":0,"_bbp_reply_count":0,"_bbp_total_topic_count":0,"_bbp_total_reply_count":0,"_bbp_voice_count":0,"_bbp_anonymous_reply_count":0,"_bbp_topic_count_hidden":0,"_bbp_reply_count_hidden":0,"_bbp_forum_subforum_count":0,"footnotes":""},"class_list":["post-8454","page","type-page","status-publish","hentry"],"post_mailing_queue_ids":[],"_links":{"self":[{"href":"https:\/\/agora.xtec.cat\/zermoianesllevant\/wp-json\/wp\/v2\/pages\/8454","targetHints":{"allow":["GET"]}}],"collection":[{"href":"https:\/\/agora.xtec.cat\/zermoianesllevant\/wp-json\/wp\/v2\/pages"}],"about":[{"href":"https:\/\/agora.xtec.cat\/zermoianesllevant\/wp-json\/wp\/v2\/types\/page"}],"author":[{"embeddable":true,"href":"https:\/\/agora.xtec.cat\/zermoianesllevant\/wp-json\/wp\/v2\/users\/1"}],"replies":[{"embeddable":true,"href":"https:\/\/agora.xtec.cat\/zermoianesllevant\/wp-json\/wp\/v2\/comments?post=8454"}],"version-history":[{"count":4,"href":"https:\/\/agora.xtec.cat\/zermoianesllevant\/wp-json\/wp\/v2\/pages\/8454\/revisions"}],"predecessor-version":[{"id":10018,"href":"https:\/\/agora.xtec.cat\/zermoianesllevant\/wp-json\/wp\/v2\/pages\/8454\/revisions\/10018"}],"up":[{"embeddable":true,"href":"https:\/\/agora.xtec.cat\/zermoianesllevant\/wp-json\/wp\/v2\/pages\/8594"}],"wp:attachment":[{"href":"https:\/\/agora.xtec.cat\/zermoianesllevant\/wp-json\/wp\/v2\/media?parent=8454"}],"curies":[{"name":"wp","href":"https:\/\/api.w.org\/{rel}","templated":true}]}}