{"id":8389,"date":"2021-09-22T23:49:46","date_gmt":"2021-09-22T21:49:46","guid":{"rendered":"https:\/\/agora.xtec.cat\/zermoianesllevant\/?page_id=8389"},"modified":"2022-01-08T20:59:46","modified_gmt":"2022-01-08T19:59:46","slug":"circuito-sobre-placa-de-pruebas","status":"publish","type":"page","link":"https:\/\/agora.xtec.cat\/zermoianesllevant\/steam\/tinkercad\/circuito-sobre-placa-de-pruebas\/","title":{"rendered":"Circuito sobre placa de pruebas"},"content":{"rendered":"<p>En esta p\u00edldora formativa el alumno construir\u00e1 un circuito b\u00e1sico compuesto por una fuente de energ\u00eda, una resistencia y un LED, todo ello sobre una placa de pruebas o prototipado. La placa de pruebas ser\u00e1 de utilidad para realizar la conexi\u00f3n de los componentes del circuito sin necesidad de soldaduras.<\/p>\n<p>A partir de este momento el alumno entra en una nueva dimensi\u00f3n, todo aquello que dise\u00f1e con TinkerCAD y funcione correctamente en el simulador en el ciberespacio, podr\u00e1 ser repetido en el mundo f\u00edsico con much\u00edsimas posibilidades de \u00e9xito.<\/p>\n<p>La gu\u00eda de trabajo para realizar el ejercicio en el ciberespacio se encuentra en este fichero pdf: <a href=\"https:\/\/agora.xtec.cat\/zermoianesllevant\/wp-content\/uploads\/usu130\/2021\/10\/01.5.00-T-ESP-Mi-primer-circuito-LED-sobre-placa-pruebas.pdf\">01.5.00-[T]-[ESP]-Mi primer circuito LED sobre placa pruebas<\/a><\/p>\n<p>Ahora, una vez validado el buen funcionamiento del circuito en el mundo virtual, el alumno podr\u00e1 leer en TinkerCAD la lista de materiales que necesita par\u00e1 construir la misma soluci\u00f3n en el mundo f\u00edsico. As\u00ed que con la lista de materiales seleccionar\u00e1 el material necesario entre los que se muestran a continuaci\u00f3n:<\/p>\n<figure class=\"figure wp-caption alignnone\"><a href=\"https:\/\/agora.xtec.cat\/zermoianesllevant\/wp-content\/uploads\/usu130\/2021\/09\/IMG-20210929-WA0009.jpg\"><img loading=\"lazy\" decoding=\"async\" class=\" wp-image-8423\" src=\"https:\/\/agora.xtec.cat\/zermoianesllevant\/wp-content\/uploads\/usu130\/2021\/09\/IMG-20210929-WA0009-1024x576.jpg\" alt=\"\" width=\"574\" height=\"323\" srcset=\"https:\/\/agora.xtec.cat\/zermoianesllevant\/wp-content\/uploads\/usu130\/2021\/09\/IMG-20210929-WA0009-1024x576.jpg 1024w, https:\/\/agora.xtec.cat\/zermoianesllevant\/wp-content\/uploads\/usu130\/2021\/09\/IMG-20210929-WA0009-300x169.jpg 300w, https:\/\/agora.xtec.cat\/zermoianesllevant\/wp-content\/uploads\/usu130\/2021\/09\/IMG-20210929-WA0009-768x432.jpg 768w, https:\/\/agora.xtec.cat\/zermoianesllevant\/wp-content\/uploads\/usu130\/2021\/09\/IMG-20210929-WA0009-1536x864.jpg 1536w, https:\/\/agora.xtec.cat\/zermoianesllevant\/wp-content\/uploads\/usu130\/2021\/09\/IMG-20210929-WA0009.jpg 2016w\" sizes=\"auto, (max-width: 574px) 100vw, 574px\" \/><\/a><figcaption class=\"wp-caption-text\">Componentes circuito LED b\u00e1sico<\/figcaption><\/figure>\n<p>&nbsp;<\/p>\n<p>Al buscar los materiales, el alumno, se ha de enfrentar a un peque\u00f1o problema, las resistencias no llevan impreso su valor, si no que incorporan un c\u00f3digo\u00a0 de colores. Como todo <strong>c\u00f3digo<\/strong> se ha de saber interpretar, la <strong>clave<\/strong> para interpretarlo est\u00e1 en estas im\u00e1genes:<\/p>\n<p>1.- La resistencia tiene cuatro anillos de colore, Tres agrupados y uno separado:<\/p>\n<table style=\"border-collapse: collapse; width: 100%;\">\n<tbody>\n<tr>\n<td style=\"width: 28.2348%;\"><a href=\"https:\/\/agora.xtec.cat\/zermoianesllevant\/wp-content\/uploads\/usu130\/2021\/09\/Resistencia-de-27MR.jpg\"><img loading=\"lazy\" decoding=\"async\" class=\"alignnone wp-image-8429\" src=\"https:\/\/agora.xtec.cat\/zermoianesllevant\/wp-content\/uploads\/usu130\/2021\/09\/Resistencia-de-27MR.jpg\" alt=\"\" width=\"281\" height=\"138\" srcset=\"https:\/\/agora.xtec.cat\/zermoianesllevant\/wp-content\/uploads\/usu130\/2021\/09\/Resistencia-de-27MR.jpg 390w, https:\/\/agora.xtec.cat\/zermoianesllevant\/wp-content\/uploads\/usu130\/2021\/09\/Resistencia-de-27MR-300x148.jpg 300w\" sizes=\"auto, (max-width: 281px) 100vw, 281px\" \/><\/a><\/td>\n<td style=\"width: 71.7652%;\"><a href=\"https:\/\/agora.xtec.cat\/zermoianesllevant\/wp-content\/uploads\/usu130\/2021\/09\/Codi-colors-resistencies-4-bandas.jpg\"><img loading=\"lazy\" decoding=\"async\" class=\"alignnone size-large wp-image-8431\" src=\"https:\/\/agora.xtec.cat\/zermoianesllevant\/wp-content\/uploads\/usu130\/2021\/09\/Codi-colors-resistencies-4-bandas-1024x581.jpg\" alt=\"\" width=\"1024\" height=\"581\" srcset=\"https:\/\/agora.xtec.cat\/zermoianesllevant\/wp-content\/uploads\/usu130\/2021\/09\/Codi-colors-resistencies-4-bandas-1024x581.jpg 1024w, https:\/\/agora.xtec.cat\/zermoianesllevant\/wp-content\/uploads\/usu130\/2021\/09\/Codi-colors-resistencies-4-bandas-300x170.jpg 300w, https:\/\/agora.xtec.cat\/zermoianesllevant\/wp-content\/uploads\/usu130\/2021\/09\/Codi-colors-resistencies-4-bandas-768x435.jpg 768w, https:\/\/agora.xtec.cat\/zermoianesllevant\/wp-content\/uploads\/usu130\/2021\/09\/Codi-colors-resistencies-4-bandas.jpg 1143w\" sizes=\"auto, (max-width: 1024px) 100vw, 1024px\" \/><\/a><\/td>\n<\/tr>\n<\/tbody>\n<\/table>\n<figure class=\"figure wp-caption aligncenter\"><a href=\"https:\/\/agora.xtec.cat\/zermoianesllevant\/wp-content\/uploads\/usu130\/2021\/11\/ohmio.jpg\"><img loading=\"lazy\" decoding=\"async\" class=\" wp-image-8540\" src=\"https:\/\/agora.xtec.cat\/zermoianesllevant\/wp-content\/uploads\/usu130\/2021\/11\/ohmio-1024x773.jpg\" alt=\"\" width=\"661\" height=\"499\" srcset=\"https:\/\/agora.xtec.cat\/zermoianesllevant\/wp-content\/uploads\/usu130\/2021\/11\/ohmio-1024x773.jpg 1024w, https:\/\/agora.xtec.cat\/zermoianesllevant\/wp-content\/uploads\/usu130\/2021\/11\/ohmio-300x226.jpg 300w, https:\/\/agora.xtec.cat\/zermoianesllevant\/wp-content\/uploads\/usu130\/2021\/11\/ohmio-768x580.jpg 768w, https:\/\/agora.xtec.cat\/zermoianesllevant\/wp-content\/uploads\/usu130\/2021\/11\/ohmio-200x150.jpg 200w, https:\/\/agora.xtec.cat\/zermoianesllevant\/wp-content\/uploads\/usu130\/2021\/11\/ohmio.jpg 1085w\" sizes=\"auto, (max-width: 661px) 100vw, 661px\" \/><\/a><figcaption class=\"wp-caption-text\">M\u00faltiplos del ohmio<\/figcaption><\/figure>\n<p>2.- La resistencia tiene cinco anillos de colores. Cuatro agrupados y uno separado:<\/p>\n<table style=\"border-collapse: collapse; width: 100%;\">\n<tbody>\n<tr>\n<td style=\"width: 28.3205%;\"><a href=\"https:\/\/agora.xtec.cat\/zermoianesllevant\/wp-content\/uploads\/usu130\/2021\/09\/Como-leer-las-bandas.jpg\"><img loading=\"lazy\" decoding=\"async\" class=\"alignnone wp-image-8432\" src=\"https:\/\/agora.xtec.cat\/zermoianesllevant\/wp-content\/uploads\/usu130\/2021\/09\/Como-leer-las-bandas.jpg\" alt=\"\" width=\"295\" height=\"215\" srcset=\"https:\/\/agora.xtec.cat\/zermoianesllevant\/wp-content\/uploads\/usu130\/2021\/09\/Como-leer-las-bandas.jpg 730w, https:\/\/agora.xtec.cat\/zermoianesllevant\/wp-content\/uploads\/usu130\/2021\/09\/Como-leer-las-bandas-300x219.jpg 300w\" sizes=\"auto, (max-width: 295px) 100vw, 295px\" \/><\/a><\/td>\n<td style=\"width: 71.6795%;\"><a href=\"https:\/\/agora.xtec.cat\/zermoianesllevant\/wp-content\/uploads\/usu130\/2021\/09\/Codi-colors-resistencies-5-BANDAS.jpg\"><img loading=\"lazy\" decoding=\"async\" class=\"alignnone size-full wp-image-8433\" src=\"https:\/\/agora.xtec.cat\/zermoianesllevant\/wp-content\/uploads\/usu130\/2021\/09\/Codi-colors-resistencies-5-BANDAS.jpg\" alt=\"\" width=\"884\" height=\"530\" srcset=\"https:\/\/agora.xtec.cat\/zermoianesllevant\/wp-content\/uploads\/usu130\/2021\/09\/Codi-colors-resistencies-5-BANDAS.jpg 884w, https:\/\/agora.xtec.cat\/zermoianesllevant\/wp-content\/uploads\/usu130\/2021\/09\/Codi-colors-resistencies-5-BANDAS-300x180.jpg 300w, https:\/\/agora.xtec.cat\/zermoianesllevant\/wp-content\/uploads\/usu130\/2021\/09\/Codi-colors-resistencies-5-BANDAS-768x460.jpg 768w\" sizes=\"auto, (max-width: 884px) 100vw, 884px\" \/><\/a><\/td>\n<\/tr>\n<\/tbody>\n<\/table>\n<p>Finalmente, aqu\u00ed se detallan aspectos trabajados del curr\u00edculo de primaria: <a href=\"https:\/\/agora.xtec.cat\/zermoianesllevant\/wp-content\/uploads\/usu130\/2021\/10\/Sessio3.docx.pdf\">Sessi\u00f33.docx<\/a><\/p>\n<p>&nbsp;<\/p>\n<p><a href=\"https:\/\/agora.xtec.cat\/zermoianesllevant\/wp-content\/uploads\/usu130\/2021\/12\/ccm1.jpg\"><img loading=\"lazy\" decoding=\"async\" class=\" wp-image-8592\" src=\"https:\/\/agora.xtec.cat\/zermoianesllevant\/wp-content\/uploads\/usu130\/2021\/12\/ccm1-1024x317.jpg\" alt=\"\" width=\"300\" height=\"93\" srcset=\"https:\/\/agora.xtec.cat\/zermoianesllevant\/wp-content\/uploads\/usu130\/2021\/12\/ccm1-1024x317.jpg 1024w, https:\/\/agora.xtec.cat\/zermoianesllevant\/wp-content\/uploads\/usu130\/2021\/12\/ccm1-300x93.jpg 300w, https:\/\/agora.xtec.cat\/zermoianesllevant\/wp-content\/uploads\/usu130\/2021\/12\/ccm1-768x237.jpg 768w, https:\/\/agora.xtec.cat\/zermoianesllevant\/wp-content\/uploads\/usu130\/2021\/12\/ccm1-1536x475.jpg 1536w, https:\/\/agora.xtec.cat\/zermoianesllevant\/wp-content\/uploads\/usu130\/2021\/12\/ccm1.jpg 1863w\" sizes=\"auto, (max-width: 300px) 100vw, 300px\" \/><\/a><\/p>\n","protected":false},"excerpt":{"rendered":"<p>En esta p\u00edldora formativa el alumno construir\u00e1 un circuito b\u00e1sico compuesto por una fuente de energ\u00eda, una resistencia y un LED, todo ello sobre una placa de pruebas o prototipado. La placa de pruebas ser\u00e1 de utilidad para realizar la conexi\u00f3n de los componentes del&hellip;  <a href=\"https:\/\/agora.xtec.cat\/zermoianesllevant\/steam\/tinkercad\/circuito-sobre-placa-de-pruebas\/\" title=\"Read Circuito sobre placa de pruebas\">Llegeix m\u00e9s\u00bb<\/a><\/p>\n","protected":false},"author":1,"featured_media":0,"parent":8303,"menu_order":25,"comment_status":"closed","ping_status":"closed","template":"page-templates\/side-menu.php","meta":{"_bbp_topic_count":0,"_bbp_reply_count":0,"_bbp_total_topic_count":0,"_bbp_total_reply_count":0,"_bbp_voice_count":0,"_bbp_anonymous_reply_count":0,"_bbp_topic_count_hidden":0,"_bbp_reply_count_hidden":0,"_bbp_forum_subforum_count":0,"footnotes":""},"class_list":["post-8389","page","type-page","status-publish","hentry"],"post_mailing_queue_ids":[],"_links":{"self":[{"href":"https:\/\/agora.xtec.cat\/zermoianesllevant\/wp-json\/wp\/v2\/pages\/8389","targetHints":{"allow":["GET"]}}],"collection":[{"href":"https:\/\/agora.xtec.cat\/zermoianesllevant\/wp-json\/wp\/v2\/pages"}],"about":[{"href":"https:\/\/agora.xtec.cat\/zermoianesllevant\/wp-json\/wp\/v2\/types\/page"}],"author":[{"embeddable":true,"href":"https:\/\/agora.xtec.cat\/zermoianesllevant\/wp-json\/wp\/v2\/users\/1"}],"replies":[{"embeddable":true,"href":"https:\/\/agora.xtec.cat\/zermoianesllevant\/wp-json\/wp\/v2\/comments?post=8389"}],"version-history":[{"count":4,"href":"https:\/\/agora.xtec.cat\/zermoianesllevant\/wp-json\/wp\/v2\/pages\/8389\/revisions"}],"predecessor-version":[{"id":8727,"href":"https:\/\/agora.xtec.cat\/zermoianesllevant\/wp-json\/wp\/v2\/pages\/8389\/revisions\/8727"}],"up":[{"embeddable":true,"href":"https:\/\/agora.xtec.cat\/zermoianesllevant\/wp-json\/wp\/v2\/pages\/8303"}],"wp:attachment":[{"href":"https:\/\/agora.xtec.cat\/zermoianesllevant\/wp-json\/wp\/v2\/media?parent=8389"}],"curies":[{"name":"wp","href":"https:\/\/api.w.org\/{rel}","templated":true}]}}