{"id":7990,"date":"2020-10-03T00:32:28","date_gmt":"2020-10-02T22:32:28","guid":{"rendered":"https:\/\/agora.xtec.cat\/zermoianesllevant\/?page_id=7990"},"modified":"2021-05-27T17:51:42","modified_gmt":"2021-05-27T15:51:42","slug":"10-bloques-de-datos","status":"publish","type":"page","link":"https:\/\/agora.xtec.cat\/zermoianesllevant\/steam\/lego-mindstorm-ev3\/10-bloques-de-datos\/","title":{"rendered":"10. Cron\u00f3metro &#8211; Bloques de datos"},"content":{"rendered":"<p>En este ejercicio se construir\u00e1 un cron\u00f3metro de segundos.<\/p>\n<p>Gu\u00eda de soporte:<br \/>\n<a href=\"https:\/\/agora.xtec.cat\/zermoianesllevant\/wp-content\/uploads\/usu130\/2020\/10\/10-Bloques-de-datos-cron\u00f3metro.pdf\" target=\"_blank\" rel=\"noopener noreferrer\">10 Bloques de datos &#8211; cron\u00f3metro<\/a><\/p>\n","protected":false},"excerpt":{"rendered":"<p>En este ejercicio se construir\u00e1 un cron\u00f3metro de segundos.<br \/>\nGu\u00eda de soporte:<br \/>\n<a href=\"https:\/\/agora.xtec.cat\/zermoianesllevant\/wp-content\/uploads\/usu130\/2020\/10\/10-Bloques-de-datos-cron\u00f3metro.pdf\" target=\"_blank\" rel=\"noopener noreferrer\">10 Bloques de datos &#8211; cron\u00f3metro<\/a><\/p>\n","protected":false},"author":1,"featured_media":0,"parent":7873,"menu_order":100,"comment_status":"closed","ping_status":"closed","template":"page-templates\/side-menu.php","meta":{"_bbp_topic_count":0,"_bbp_reply_count":0,"_bbp_total_topic_count":0,"_bbp_total_reply_count":0,"_bbp_voice_count":0,"_bbp_anonymous_reply_count":0,"_bbp_topic_count_hidden":0,"_bbp_reply_count_hidden":0,"_bbp_forum_subforum_count":0,"footnotes":""},"class_list":["post-7990","page","type-page","status-publish","hentry"],"post_mailing_queue_ids":[],"_links":{"self":[{"href":"https:\/\/agora.xtec.cat\/zermoianesllevant\/wp-json\/wp\/v2\/pages\/7990","targetHints":{"allow":["GET"]}}],"collection":[{"href":"https:\/\/agora.xtec.cat\/zermoianesllevant\/wp-json\/wp\/v2\/pages"}],"about":[{"href":"https:\/\/agora.xtec.cat\/zermoianesllevant\/wp-json\/wp\/v2\/types\/page"}],"author":[{"embeddable":true,"href":"https:\/\/agora.xtec.cat\/zermoianesllevant\/wp-json\/wp\/v2\/users\/1"}],"replies":[{"embeddable":true,"href":"https:\/\/agora.xtec.cat\/zermoianesllevant\/wp-json\/wp\/v2\/comments?post=7990"}],"version-history":[{"count":3,"href":"https:\/\/agora.xtec.cat\/zermoianesllevant\/wp-json\/wp\/v2\/pages\/7990\/revisions"}],"predecessor-version":[{"id":8291,"href":"https:\/\/agora.xtec.cat\/zermoianesllevant\/wp-json\/wp\/v2\/pages\/7990\/revisions\/8291"}],"up":[{"embeddable":true,"href":"https:\/\/agora.xtec.cat\/zermoianesllevant\/wp-json\/wp\/v2\/pages\/7873"}],"wp:attachment":[{"href":"https:\/\/agora.xtec.cat\/zermoianesllevant\/wp-json\/wp\/v2\/media?parent=7990"}],"curies":[{"name":"wp","href":"https:\/\/api.w.org\/{rel}","templated":true}]}}