{"id":7987,"date":"2020-10-03T00:29:58","date_gmt":"2020-10-02T22:29:58","guid":{"rendered":"https:\/\/agora.xtec.cat\/zermoianesllevant\/?page_id=7987"},"modified":"2021-05-27T18:09:54","modified_gmt":"2021-05-27T16:09:54","slug":"9-cables-de-datos","status":"publish","type":"page","link":"https:\/\/agora.xtec.cat\/zermoianesllevant\/steam\/lego-mindstorm-ev3\/9-cables-de-datos\/","title":{"rendered":"9. Frenar suavemente &#8211; Cables de datos"},"content":{"rendered":"<p>En este ejercicio el alumno convertir\u00e1 la distancia desde el tribot a un objeto a porcentajes de potencia de los motores. Esta conversi\u00f3n comenzar\u00e1 cuando la distancia baje de un determinado valor en cent\u00edmetros. Ejemplo<\/p>\n<p>Distancia 100cm, potencia de motores 100%<br \/>\nDistancia 80cm, potencia de motores 80%<br \/>\nDistancia 70cm, potencia de motores 70%<br \/>\nDistancia 60cm, potencia de motores 60%<br \/>\n&#8230;<\/p>\n<p>Gu\u00eda de soporte:<br \/>\n<a href=\"https:\/\/agora.xtec.cat\/zermoianesllevant\/wp-content\/uploads\/usu130\/2020\/10\/9-Cables-de-datos-Controlar-velocidad.pdf\" target=\"_blank\" rel=\"noopener noreferrer\">9 Cables de datos &#8211; Controlar velocidad<\/a><\/p>\n","protected":false},"excerpt":{"rendered":"<p>En este ejercicio el alumno convertir\u00e1 la distancia desde el tribot a un objeto a porcentajes de potencia de los motores. Esta conversi\u00f3n comenzar\u00e1 cuando la distancia baje de un determinado valor en cent\u00edmetros. Ejemplo<br \/>\nDistancia 100cm, potencia de motores 100%<br \/>\nDistancia 80cm, potencia de motores 80%<br \/>\nDistancia&hellip;  <a href=\"https:\/\/agora.xtec.cat\/zermoianesllevant\/steam\/lego-mindstorm-ev3\/9-cables-de-datos\/\" title=\"Read 9. Frenar suavemente &#8211; Cables de datos\">Llegeix m\u00e9s\u00bb<\/a><\/p>\n","protected":false},"author":1,"featured_media":0,"parent":7873,"menu_order":90,"comment_status":"closed","ping_status":"closed","template":"page-templates\/side-menu.php","meta":{"_bbp_topic_count":0,"_bbp_reply_count":0,"_bbp_total_topic_count":0,"_bbp_total_reply_count":0,"_bbp_voice_count":0,"_bbp_anonymous_reply_count":0,"_bbp_topic_count_hidden":0,"_bbp_reply_count_hidden":0,"_bbp_forum_subforum_count":0,"footnotes":""},"class_list":["post-7987","page","type-page","status-publish","hentry"],"post_mailing_queue_ids":[],"_links":{"self":[{"href":"https:\/\/agora.xtec.cat\/zermoianesllevant\/wp-json\/wp\/v2\/pages\/7987","targetHints":{"allow":["GET"]}}],"collection":[{"href":"https:\/\/agora.xtec.cat\/zermoianesllevant\/wp-json\/wp\/v2\/pages"}],"about":[{"href":"https:\/\/agora.xtec.cat\/zermoianesllevant\/wp-json\/wp\/v2\/types\/page"}],"author":[{"embeddable":true,"href":"https:\/\/agora.xtec.cat\/zermoianesllevant\/wp-json\/wp\/v2\/users\/1"}],"replies":[{"embeddable":true,"href":"https:\/\/agora.xtec.cat\/zermoianesllevant\/wp-json\/wp\/v2\/comments?post=7987"}],"version-history":[{"count":4,"href":"https:\/\/agora.xtec.cat\/zermoianesllevant\/wp-json\/wp\/v2\/pages\/7987\/revisions"}],"predecessor-version":[{"id":8295,"href":"https:\/\/agora.xtec.cat\/zermoianesllevant\/wp-json\/wp\/v2\/pages\/7987\/revisions\/8295"}],"up":[{"embeddable":true,"href":"https:\/\/agora.xtec.cat\/zermoianesllevant\/wp-json\/wp\/v2\/pages\/7873"}],"wp:attachment":[{"href":"https:\/\/agora.xtec.cat\/zermoianesllevant\/wp-json\/wp\/v2\/media?parent=7987"}],"curies":[{"name":"wp","href":"https:\/\/api.w.org\/{rel}","templated":true}]}}