{"id":7926,"date":"2020-10-02T05:47:24","date_gmt":"2020-10-02T03:47:24","guid":{"rendered":"https:\/\/agora.xtec.cat\/zermoianesllevant\/?page_id=7926"},"modified":"2021-09-04T22:37:28","modified_gmt":"2021-09-04T20:37:28","slug":"mision-alba","status":"publish","type":"page","link":"https:\/\/agora.xtec.cat\/zermoianesllevant\/steam\/mision-alba\/","title":{"rendered":"MISI\u00d3N ALBA"},"content":{"rendered":"<p>LA MISSI\u00d3N<\/p>\n<p>El Sincrotr\u00f3n ALBA, una de las infraestructuras cient\u00edficas m\u00e1s importantes del Mediterr\u00e1neo, busca estudiantes de Ciclo Superior de Primaria de toda Espa\u00f1a para embarcarse en una aventura hacia lo desconocido. Una experiencia que cambiar\u00e1 definitivamente la visi\u00f3n que tienen del mundo y de la ciencia.<\/p>\n<p>HACER VISIBLE LO INVISIBLE<\/p>\n<p>Quienes superen las cuatro etapas ser\u00e1n capaces de ver lo invisible y explicar lo inexplicable.<\/p>\n<p>MATERIA<br \/>\n\u00bfSolo existe lo que vemos?<\/p>\n<p>FUERZA<br \/>\n\u00bfPor qu\u00e9 se mueven las cosas?<\/p>\n<p>ENERG\u00cdA<br \/>\n\u00bfQu\u00e9 provoca los cambios en la materia?<\/p>\n<p>LUZ<br \/>\n\u00bfPodemos ver con luz invisible?<\/p>\n","protected":false},"excerpt":{"rendered":"<p>LA MISSI\u00d3N<br \/>\nEl Sincrotr\u00f3n ALBA, una de las infraestructuras cient\u00edficas m\u00e1s importantes del Mediterr\u00e1neo, busca estudiantes de Ciclo Superior de Primaria de toda Espa\u00f1a para embarcarse en una aventura hacia lo desconocido. Una experiencia que cambiar\u00e1 definitivamente la visi\u00f3n que tienen del mundo y de la&hellip;  <a href=\"https:\/\/agora.xtec.cat\/zermoianesllevant\/steam\/mision-alba\/\" title=\"Read MISI\u00d3N ALBA\">Llegeix m\u00e9s\u00bb<\/a><\/p>\n","protected":false},"author":1,"featured_media":0,"parent":7808,"menu_order":30,"comment_status":"closed","ping_status":"closed","template":"page-templates\/side-menu.php","meta":{"_bbp_topic_count":0,"_bbp_reply_count":0,"_bbp_total_topic_count":0,"_bbp_total_reply_count":0,"_bbp_voice_count":0,"_bbp_anonymous_reply_count":0,"_bbp_topic_count_hidden":0,"_bbp_reply_count_hidden":0,"_bbp_forum_subforum_count":0,"footnotes":""},"class_list":["post-7926","page","type-page","status-publish","hentry"],"post_mailing_queue_ids":[],"_links":{"self":[{"href":"https:\/\/agora.xtec.cat\/zermoianesllevant\/wp-json\/wp\/v2\/pages\/7926","targetHints":{"allow":["GET"]}}],"collection":[{"href":"https:\/\/agora.xtec.cat\/zermoianesllevant\/wp-json\/wp\/v2\/pages"}],"about":[{"href":"https:\/\/agora.xtec.cat\/zermoianesllevant\/wp-json\/wp\/v2\/types\/page"}],"author":[{"embeddable":true,"href":"https:\/\/agora.xtec.cat\/zermoianesllevant\/wp-json\/wp\/v2\/users\/1"}],"replies":[{"embeddable":true,"href":"https:\/\/agora.xtec.cat\/zermoianesllevant\/wp-json\/wp\/v2\/comments?post=7926"}],"version-history":[{"count":2,"href":"https:\/\/agora.xtec.cat\/zermoianesllevant\/wp-json\/wp\/v2\/pages\/7926\/revisions"}],"predecessor-version":[{"id":7931,"href":"https:\/\/agora.xtec.cat\/zermoianesllevant\/wp-json\/wp\/v2\/pages\/7926\/revisions\/7931"}],"up":[{"embeddable":true,"href":"https:\/\/agora.xtec.cat\/zermoianesllevant\/wp-json\/wp\/v2\/pages\/7808"}],"wp:attachment":[{"href":"https:\/\/agora.xtec.cat\/zermoianesllevant\/wp-json\/wp\/v2\/media?parent=7926"}],"curies":[{"name":"wp","href":"https:\/\/api.w.org\/{rel}","templated":true}]}}