{"id":7884,"date":"2020-09-17T19:32:02","date_gmt":"2020-09-17T17:32:02","guid":{"rendered":"https:\/\/agora.xtec.cat\/zermoianesllevant\/?page_id=7884"},"modified":"2022-05-18T00:14:14","modified_gmt":"2022-05-17T22:14:14","slug":"reloj","status":"publish","type":"page","link":"https:\/\/agora.xtec.cat\/zermoianesllevant\/steam\/scratch-3-0\/reloj\/","title":{"rendered":"Reloj con sincronizaci\u00f3n autom\u00e1tica"},"content":{"rendered":"<p>La construcci\u00f3n de este reloj introduce al alumno a comprender como la mayor\u00eda de computadores, tabletas, m\u00f3viles etc, siempre disponen de la hora exacta correspondientes a su huso horario.<\/p>\n<table>\n<tbody>\n<tr>\n<td><\/td>\n<td><iframe loading=\"lazy\" src=\"https:\/\/scratch.mit.edu\/projects\/417894465\/embed\" width=\"485\" height=\"402\" frameborder=\"0\"><\/iframe><\/td>\n<td>\n<p><figure class=\"figure wp-caption aligncenter\"><a href=\"https:\/\/agora.xtec.cat\/zermoianesllevant\/wp-content\/uploads\/usu130\/2021\/04\/EsferaSimple.jpg\"><img loading=\"lazy\" decoding=\"async\" class=\" wp-image-8206\" src=\"https:\/\/agora.xtec.cat\/zermoianesllevant\/wp-content\/uploads\/usu130\/2021\/04\/EsferaSimple.jpg\" alt=\"Esfera reloj\" width=\"289\" height=\"375\" srcset=\"https:\/\/agora.xtec.cat\/zermoianesllevant\/wp-content\/uploads\/usu130\/2021\/04\/EsferaSimple.jpg 278w, https:\/\/agora.xtec.cat\/zermoianesllevant\/wp-content\/uploads\/usu130\/2021\/04\/EsferaSimple-231x300.jpg 231w\" sizes=\"auto, (max-width: 289px) 100vw, 289px\" \/><\/a><figcaption class=\"wp-caption-text\">Esfera reloj<\/figcaption><\/figure><\/td>\n<\/tr>\n<tr>\n<td style=\"text-align: center;\">\n<p><figure class=\"figure wp-caption alignnone\"><a href=\"https:\/\/agora.xtec.cat\/zermoianesllevant\/wp-content\/uploads\/usu130\/2021\/04\/SegunderoSimple.jpg\"><img loading=\"lazy\" decoding=\"async\" class=\" wp-image-8207\" src=\"https:\/\/agora.xtec.cat\/zermoianesllevant\/wp-content\/uploads\/usu130\/2021\/04\/SegunderoSimple.jpg\" alt=\"Segundero\" width=\"367\" height=\"322\" srcset=\"https:\/\/agora.xtec.cat\/zermoianesllevant\/wp-content\/uploads\/usu130\/2021\/04\/SegunderoSimple.jpg 472w, https:\/\/agora.xtec.cat\/zermoianesllevant\/wp-content\/uploads\/usu130\/2021\/04\/SegunderoSimple-300x263.jpg 300w\" sizes=\"auto, (max-width: 367px) 100vw, 367px\" \/><\/a><figcaption class=\"wp-caption-text\">Segundero<\/figcaption><\/figure><\/td>\n<td style=\"text-align: center;\">\n<p><figure class=\"figure wp-caption aligncenter\"><a href=\"https:\/\/agora.xtec.cat\/zermoianesllevant\/wp-content\/uploads\/usu130\/2021\/04\/MinuteroSimple.jpg\"><img loading=\"lazy\" decoding=\"async\" class=\" wp-image-8208\" src=\"https:\/\/agora.xtec.cat\/zermoianesllevant\/wp-content\/uploads\/usu130\/2021\/04\/MinuteroSimple.jpg\" alt=\"Minutero\" width=\"320\" height=\"314\" srcset=\"https:\/\/agora.xtec.cat\/zermoianesllevant\/wp-content\/uploads\/usu130\/2021\/04\/MinuteroSimple.jpg 460w, https:\/\/agora.xtec.cat\/zermoianesllevant\/wp-content\/uploads\/usu130\/2021\/04\/MinuteroSimple-300x295.jpg 300w\" sizes=\"auto, (max-width: 320px) 100vw, 320px\" \/><\/a><figcaption class=\"wp-caption-text\">Minutero<\/figcaption><\/figure><\/td>\n<td style=\"text-align: center;\">\n<p><figure class=\"figure wp-caption alignnone\"><a href=\"https:\/\/agora.xtec.cat\/zermoianesllevant\/wp-content\/uploads\/usu130\/2021\/04\/HoraSimple.jpg\"><img loading=\"lazy\" decoding=\"async\" class=\" wp-image-8209\" src=\"https:\/\/agora.xtec.cat\/zermoianesllevant\/wp-content\/uploads\/usu130\/2021\/04\/HoraSimple.jpg\" alt=\"Horas\" width=\"540\" height=\"333\" srcset=\"https:\/\/agora.xtec.cat\/zermoianesllevant\/wp-content\/uploads\/usu130\/2021\/04\/HoraSimple.jpg 746w, https:\/\/agora.xtec.cat\/zermoianesllevant\/wp-content\/uploads\/usu130\/2021\/04\/HoraSimple-300x185.jpg 300w\" sizes=\"auto, (max-width: 540px) 100vw, 540px\" \/><\/a><figcaption class=\"wp-caption-text\">Horas<\/figcaption><\/figure><\/td>\n<\/tr>\n<\/tbody>\n<\/table>\n<p>El siguiente pdf: <a href=\"https:\/\/agora.xtec.cat\/zermoianesllevant\/wp-content\/uploads\/usu130\/2022\/05\/Reloj-Sincronizacion-automatica.pdf\">Reloj Sincronizaci\u00f3n autom\u00e1tica<\/a>, que es una gu\u00eda para el profesor, ilustra como encontrar una soluci\u00f3n a esta propuesta. El alumno si ya ha trabajado de forma manipulativa el cron\u00f3metro\u00a0 en el entorno LEGO MINDSTORMS EV3 tendr\u00e1 una aprendizaje bastante f\u00e1cil de esta p\u00edldora formativa. Un conocimiento previo por parte del alumno de \u00e1ngulos y de las magnitudes que miden el tiempo tambi\u00e9n es positivo. Si no se da ninguno de los casos anteriores, es un buen momento para trabajar \u00e1ngulos, como medir el tiempo y reflejarlo en una esfera, aunque el tiempo de realizar esta p\u00edldora formativa ser\u00e1 algo mayor.<\/p>\n<p>&nbsp;<\/p>\n<p>Ejercicios derivados de este trabajo, entre otros, ser\u00e1 pedirle al alumno que incorpore en el escenario un nuevo personaje. El personaje AM\/PM. Una soluci\u00f3n podr\u00eda ser esta:<\/p>\n<p>&nbsp;<\/p>\n<table>\n<tbody>\n<tr>\n<td><iframe loading=\"lazy\" src=\"https:\/\/scratch.mit.edu\/projects\/518894424\/embed\" width=\"485\" height=\"402\" frameborder=\"0\"><\/iframe><\/td>\n<td>\n<p><figure class=\"figure wp-caption aligncenter\"><a href=\"https:\/\/agora.xtec.cat\/zermoianesllevant\/wp-content\/uploads\/usu130\/2021\/04\/64-S-ESP-C\u00f3digo-AM-PM.jpg\"><img loading=\"lazy\" decoding=\"async\" class=\" wp-image-8230\" src=\"https:\/\/agora.xtec.cat\/zermoianesllevant\/wp-content\/uploads\/usu130\/2021\/04\/64-S-ESP-C\u00f3digo-AM-PM.jpg\" alt=\"C\u00f3digo AM-PM\" width=\"392\" height=\"402\" \/><\/a><figcaption class=\"wp-caption-text\">C\u00f3digo AM-PM<\/figcaption><\/figure><\/td>\n<\/tr>\n<\/tbody>\n<\/table>\n<p>&nbsp;<\/p>\n","protected":false},"excerpt":{"rendered":"<p>La construcci\u00f3n de este reloj introduce al alumno a comprender como la mayor\u00eda de computadores, tabletas, m\u00f3viles etc, siempre disponen de la hora exacta correspondientes a su huso horario.<\/p>\n<p><a href=\"https:\/\/agora.xtec.cat\/zermoianesllevant\/wp-content\/uploads\/usu130\/2021\/04\/EsferaSimple.jpg\"><\/a>Esfera reloj<\/p>\n<p><a href=\"https:\/\/agora.xtec.cat\/zermoianesllevant\/wp-content\/uploads\/usu130\/2021\/04\/SegunderoSimple.jpg\"><\/a>Segundero<\/p>\n<p><a href=\"https:\/\/agora.xtec.cat\/zermoianesllevant\/wp-content\/uploads\/usu130\/2021\/04\/MinuteroSimple.jpg\"><\/a>Minutero<\/p>\n<p><a href=\"https:\/\/agora.xtec.cat\/zermoianesllevant\/wp-content\/uploads\/usu130\/2021\/04\/HoraSimple.jpg\"><\/a>Horas<\/p>\n<p>El siguiente pdf: <a href=\"https:\/\/agora.xtec.cat\/zermoianesllevant\/wp-content\/uploads\/usu130\/2022\/05\/Reloj-Sincronizacion-automatica.pdf\">Reloj Sincronizaci\u00f3n autom\u00e1tica<\/a>, que es una gu\u00eda para&hellip;  <a href=\"https:\/\/agora.xtec.cat\/zermoianesllevant\/steam\/scratch-3-0\/reloj\/\" title=\"Read Reloj con sincronizaci\u00f3n autom\u00e1tica\">Llegeix m\u00e9s\u00bb<\/a><\/p>\n","protected":false},"author":1,"featured_media":0,"parent":7878,"menu_order":50,"comment_status":"closed","ping_status":"closed","template":"page-templates\/side-menu.php","meta":{"_bbp_topic_count":0,"_bbp_reply_count":0,"_bbp_total_topic_count":0,"_bbp_total_reply_count":0,"_bbp_voice_count":0,"_bbp_anonymous_reply_count":0,"_bbp_topic_count_hidden":0,"_bbp_reply_count_hidden":0,"_bbp_forum_subforum_count":0,"footnotes":""},"class_list":["post-7884","page","type-page","status-publish","hentry"],"post_mailing_queue_ids":[],"_links":{"self":[{"href":"https:\/\/agora.xtec.cat\/zermoianesllevant\/wp-json\/wp\/v2\/pages\/7884","targetHints":{"allow":["GET"]}}],"collection":[{"href":"https:\/\/agora.xtec.cat\/zermoianesllevant\/wp-json\/wp\/v2\/pages"}],"about":[{"href":"https:\/\/agora.xtec.cat\/zermoianesllevant\/wp-json\/wp\/v2\/types\/page"}],"author":[{"embeddable":true,"href":"https:\/\/agora.xtec.cat\/zermoianesllevant\/wp-json\/wp\/v2\/users\/1"}],"replies":[{"embeddable":true,"href":"https:\/\/agora.xtec.cat\/zermoianesllevant\/wp-json\/wp\/v2\/comments?post=7884"}],"version-history":[{"count":3,"href":"https:\/\/agora.xtec.cat\/zermoianesllevant\/wp-json\/wp\/v2\/pages\/7884\/revisions"}],"predecessor-version":[{"id":7894,"href":"https:\/\/agora.xtec.cat\/zermoianesllevant\/wp-json\/wp\/v2\/pages\/7884\/revisions\/7894"}],"up":[{"embeddable":true,"href":"https:\/\/agora.xtec.cat\/zermoianesllevant\/wp-json\/wp\/v2\/pages\/7878"}],"wp:attachment":[{"href":"https:\/\/agora.xtec.cat\/zermoianesllevant\/wp-json\/wp\/v2\/media?parent=7884"}],"curies":[{"name":"wp","href":"https:\/\/api.w.org\/{rel}","templated":true}]}}