{"id":10364,"date":"2024-12-09T16:51:53","date_gmt":"2024-12-09T15:51:53","guid":{"rendered":"https:\/\/agora.xtec.cat\/zermoianesllevant\/?page_id=10364"},"modified":"2024-12-09T16:55:26","modified_gmt":"2024-12-09T15:55:26","slug":"pedra-paper-i-tisora","status":"publish","type":"page","link":"https:\/\/agora.xtec.cat\/zermoianesllevant\/steam\/ev4-electric-vehicle-v-4\/pedra-paper-i-tisora\/","title":{"rendered":"Pedra, paper i tisora"},"content":{"rendered":"<div class=\"entry-content\">\n<p><strong>Introducci\u00f3n<\/strong><\/p>\n<p><a href=\"https:\/\/microbit.org\/es-es\/projects\/make-it-code-it\/rock-paper-scissors\/\">Piedra, papel y tijeras<\/a> es un juego cl\u00e1sico de azar para dos personas. Las dos personas\u00a0 agitan los pu\u00f1os 3 veces y luego hacen gestos al azar para mostrar una piedra, papel o tijera. La piedra gana a las tijeras, las tijeras al papel y el papel a la piedra (\u00a1envolvi\u00e9ndola!)<\/p>\n<p><strong><a href=\"https:\/\/agora.xtec.cat\/ceipsesmondolo\/wp-content\/uploads\/usu311\/2024\/09\/PiedraPapelTijera.png\"><img loading=\"lazy\" decoding=\"async\" class=\"wp-image-9375 aligncenter\" src=\"https:\/\/agora.xtec.cat\/ceipsesmondolo\/wp-content\/uploads\/usu311\/2024\/09\/PiedraPapelTijera-1024x979.png\" sizes=\"auto, (max-width: 318px) 100vw, 318px\" srcset=\"https:\/\/agora.xtec.cat\/ceipsesmondolo\/wp-content\/uploads\/usu311\/2024\/09\/PiedraPapelTijera-1024x979.png 1024w, https:\/\/agora.xtec.cat\/ceipsesmondolo\/wp-content\/uploads\/usu311\/2024\/09\/PiedraPapelTijera-300x287.png 300w, https:\/\/agora.xtec.cat\/ceipsesmondolo\/wp-content\/uploads\/usu311\/2024\/09\/PiedraPapelTijera-768x734.png 768w, https:\/\/agora.xtec.cat\/ceipsesmondolo\/wp-content\/uploads\/usu311\/2024\/09\/PiedraPapelTijera.png 1280w\" alt=\"\" width=\"318\" height=\"304\" \/><\/a><\/strong><\/p>\n<p>Cuando el\u00a0<a href=\"https:\/\/microbit.org\/es-es\/get-started\/features\/sensors\/#accelerometer\">aceler\u00f3metro<\/a> del micro:bit detecta una sacudida, el programa establece la variable \u201cPiedraPapelTijera\u201d\u00a0 a un n\u00famero al azar: 0, 1 \u00f3 2. Usamos 0 porque los ordenadores empiezan a contar en cero, y de paso recordamos que el 0 es un n\u00famero igual que cualquier otro!<\/p>\n<p>El programa utiliza\u00a0<strong>selecci\u00f3n (S\u00ed, si no)<\/strong>\u00a0para decidir qu\u00e9 im\u00e1gen mostrar en la\u00a0<a href=\"https:\/\/microbit.org\/es-es\/get-started\/features\/leds-and-buttons\/#leds\">pantalla LED<\/a>. Si el n\u00famero era 0, muestra una el icono de una piedra. Si era un 1, muestra un icono representando al papel. Si no era ni 0 ni 1, <strong>debe<\/strong>\u00a0ser 2 porque le hemos indicado al micro:bit que s\u00f3lo genere n\u00fameros aleatorios entre 0 y 2, as\u00ed que mostramos unas tijeras.<\/p>\n<p><strong>Especificaciones del juego<\/strong><\/p>\n<ol>\n<li>\n<ol>\n<li>Pensamos un elemento (Piedra, papel o tijera)<\/li>\n<li>Lo guardamos en nuestra mem\u00f3ria.<\/li>\n<li>Mostramos un s\u00edmbolo que representa el elemento pensado.<\/li>\n<\/ol>\n<\/li>\n<\/ol>\n<table class=\" aligncenter\">\n<tbody>\n<tr>\n<td><a href=\"https:\/\/agora.xtec.cat\/ceipsesmondolo\/wp-content\/uploads\/usu311\/2024\/09\/Piedra.png\"><img loading=\"lazy\" decoding=\"async\" class=\"alignnone wp-image-9396\" src=\"https:\/\/agora.xtec.cat\/ceipsesmondolo\/wp-content\/uploads\/usu311\/2024\/09\/Piedra.png\" alt=\"\" width=\"159\" height=\"155\" \/><\/a><\/td>\n<td><a href=\"https:\/\/agora.xtec.cat\/ceipsesmondolo\/wp-content\/uploads\/usu311\/2024\/09\/Papel.png\"><img loading=\"lazy\" decoding=\"async\" class=\"alignnone wp-image-9397\" src=\"https:\/\/agora.xtec.cat\/ceipsesmondolo\/wp-content\/uploads\/usu311\/2024\/09\/Papel.png\" alt=\"\" width=\"153\" height=\"150\" \/><\/a><\/td>\n<td><a href=\"https:\/\/agora.xtec.cat\/ceipsesmondolo\/wp-content\/uploads\/usu311\/2024\/09\/Tijera.png\"><img loading=\"lazy\" decoding=\"async\" class=\"alignnone wp-image-9398\" src=\"https:\/\/agora.xtec.cat\/ceipsesmondolo\/wp-content\/uploads\/usu311\/2024\/09\/Tijera.png\" alt=\"\" width=\"136\" height=\"133\" \/><\/a><\/td>\n<\/tr>\n<tr>\n<td><strong>Piedra<\/strong><\/td>\n<td><strong>Papel<\/strong><\/td>\n<td><strong>Tijera<\/strong><\/td>\n<\/tr>\n<\/tbody>\n<\/table>\n<p>&nbsp;<\/p>\n<p><strong>Base de orientaci\u00f3n o diagrama de flujo del juego<\/strong>.<\/p>\n<p><a href=\"https:\/\/agora.xtec.cat\/ceipsesmondolo\/wp-content\/uploads\/usu311\/2024\/09\/PedraPapelTissora.jpg\"><img loading=\"lazy\" decoding=\"async\" class=\" wp-image-9391 aligncenter\" src=\"https:\/\/agora.xtec.cat\/ceipsesmondolo\/wp-content\/uploads\/usu311\/2024\/09\/PedraPapelTissora.jpg\" sizes=\"auto, (max-width: 318px) 100vw, 318px\" srcset=\"https:\/\/agora.xtec.cat\/ceipsesmondolo\/wp-content\/uploads\/usu311\/2024\/09\/PedraPapelTissora.jpg 368w, https:\/\/agora.xtec.cat\/ceipsesmondolo\/wp-content\/uploads\/usu311\/2024\/09\/PedraPapelTissora-178x300.jpg 178w\" alt=\"\" width=\"318\" height=\"537\" \/><\/a><\/p>\n<p><strong>Programa del juego<\/strong><\/p>\n<table>\n<tbody>\n<tr>\n<td><a href=\"https:\/\/agora.xtec.cat\/ceipsesmondolo\/wp-content\/uploads\/usu311\/2024\/12\/PedraPaper-1.png\"><img loading=\"lazy\" decoding=\"async\" class=\"alignnone size-full wp-image-9833\" src=\"https:\/\/agora.xtec.cat\/ceipsesmondolo\/wp-content\/uploads\/usu311\/2024\/12\/PedraPaper-1.png\" sizes=\"auto, (max-width: 937px) 100vw, 937px\" srcset=\"https:\/\/agora.xtec.cat\/ceipsesmondolo\/wp-content\/uploads\/usu311\/2024\/12\/PedraPaper-1.png 937w, https:\/\/agora.xtec.cat\/ceipsesmondolo\/wp-content\/uploads\/usu311\/2024\/12\/PedraPaper-1-300x232.png 300w, https:\/\/agora.xtec.cat\/ceipsesmondolo\/wp-content\/uploads\/usu311\/2024\/12\/PedraPaper-1-768x595.png 768w\" alt=\"\" width=\"937\" height=\"726\" \/><\/a><\/td>\n<td><a href=\"https:\/\/agora.xtec.cat\/ceipsesmondolo\/wp-content\/uploads\/usu311\/2024\/12\/PedraPaper.png\"><img loading=\"lazy\" decoding=\"async\" class=\"wp-image-9831 aligncenter\" src=\"https:\/\/agora.xtec.cat\/ceipsesmondolo\/wp-content\/uploads\/usu311\/2024\/12\/PedraPaper.png\" sizes=\"auto, (max-width: 495px) 100vw, 495px\" srcset=\"https:\/\/agora.xtec.cat\/ceipsesmondolo\/wp-content\/uploads\/usu311\/2024\/12\/PedraPaper.png 945w, https:\/\/agora.xtec.cat\/ceipsesmondolo\/wp-content\/uploads\/usu311\/2024\/12\/PedraPaper-300x231.png 300w, https:\/\/agora.xtec.cat\/ceipsesmondolo\/wp-content\/uploads\/usu311\/2024\/12\/PedraPaper-768x591.png 768w\" alt=\"\" width=\"495\" height=\"381\" \/><\/a><\/td>\n<\/tr>\n<\/tbody>\n<\/table>\n<p>&nbsp;<\/p>\n<p><strong>Material requerido<\/strong><\/p>\n<p>Una placa micro:bit con bater\u00eda<\/p>\n<p>y tambi\u00e9n:<\/p>\n<p><iframe loading=\"lazy\" class=\"wp-embedded-content\" title=\"\u201cTreballem la probabilitat amb la micro:bit\u201d \u2014 Pensament computacional\" src=\"https:\/\/projectes.xtec.cat\/pensament-computacional\/recursos\/treballem-la-probabilitat-amb-la-microbit\/embed\/#?secret=85OAetfqMX#?secret=AiduKs6n4X\" width=\"500\" height=\"305\" frameborder=\"0\" marginwidth=\"0\" marginheight=\"0\" scrolling=\"no\" sandbox=\"allow-scripts\" data-secret=\"AiduKs6n4X\" data-mce-fragment=\"1\"><\/iframe><\/p>\n<p><a href=\"https:\/\/microbit.org\/ca\/projects\/make-it-code-it\/rock-paper-scissors\/\">Enlla\u00e7 a la p\u00e0gina de MAKECODE on podem trobar una altra guia per programar el micro:bit amb PEDRA, PAPER i TISORA.<\/a><\/p>\n<\/div>\n","protected":false},"excerpt":{"rendered":"<p>Introducci\u00f3n<br \/>\n<a href=\"https:\/\/microbit.org\/es-es\/projects\/make-it-code-it\/rock-paper-scissors\/\">Piedra, papel y tijeras<\/a> es un juego cl\u00e1sico de azar para dos personas. Las dos personas\u00a0 agitan los pu\u00f1os 3 veces y luego hacen gestos al azar para mostrar una piedra, papel o tijera. La piedra gana a las tijeras, las tijeras al papel&hellip;  <a href=\"https:\/\/agora.xtec.cat\/zermoianesllevant\/steam\/ev4-electric-vehicle-v-4\/pedra-paper-i-tisora\/\" title=\"Read Pedra, paper i tisora\">Llegeix m\u00e9s\u00bb<\/a><\/p>\n","protected":false},"author":1,"featured_media":0,"parent":10303,"menu_order":70,"comment_status":"closed","ping_status":"closed","template":"page-templates\/side-menu.php","meta":{"_bbp_topic_count":0,"_bbp_reply_count":0,"_bbp_total_topic_count":0,"_bbp_total_reply_count":0,"_bbp_voice_count":0,"_bbp_anonymous_reply_count":0,"_bbp_topic_count_hidden":0,"_bbp_reply_count_hidden":0,"_bbp_forum_subforum_count":0,"footnotes":""},"class_list":["post-10364","page","type-page","status-publish","hentry"],"post_mailing_queue_ids":[],"_links":{"self":[{"href":"https:\/\/agora.xtec.cat\/zermoianesllevant\/wp-json\/wp\/v2\/pages\/10364","targetHints":{"allow":["GET"]}}],"collection":[{"href":"https:\/\/agora.xtec.cat\/zermoianesllevant\/wp-json\/wp\/v2\/pages"}],"about":[{"href":"https:\/\/agora.xtec.cat\/zermoianesllevant\/wp-json\/wp\/v2\/types\/page"}],"author":[{"embeddable":true,"href":"https:\/\/agora.xtec.cat\/zermoianesllevant\/wp-json\/wp\/v2\/users\/1"}],"replies":[{"embeddable":true,"href":"https:\/\/agora.xtec.cat\/zermoianesllevant\/wp-json\/wp\/v2\/comments?post=10364"}],"version-history":[{"count":2,"href":"https:\/\/agora.xtec.cat\/zermoianesllevant\/wp-json\/wp\/v2\/pages\/10364\/revisions"}],"predecessor-version":[{"id":10368,"href":"https:\/\/agora.xtec.cat\/zermoianesllevant\/wp-json\/wp\/v2\/pages\/10364\/revisions\/10368"}],"up":[{"embeddable":true,"href":"https:\/\/agora.xtec.cat\/zermoianesllevant\/wp-json\/wp\/v2\/pages\/10303"}],"wp:attachment":[{"href":"https:\/\/agora.xtec.cat\/zermoianesllevant\/wp-json\/wp\/v2\/media?parent=10364"}],"curies":[{"name":"wp","href":"https:\/\/api.w.org\/{rel}","templated":true}]}}