{"id":10214,"date":"2024-06-30T17:14:01","date_gmt":"2024-06-30T15:14:01","guid":{"rendered":"https:\/\/agora.xtec.cat\/zermoianesllevant\/?page_id=10214"},"modified":"2024-11-04T22:58:43","modified_gmt":"2024-11-04T21:58:43","slug":"pla-deducacio-digital-de-catalunya-curs-2023-24","status":"publish","type":"page","link":"https:\/\/agora.xtec.cat\/zermoianesllevant\/steam\/pla-deducacio-digital-de-catalunya-curs-2023-24\/","title":{"rendered":"Pla d\u2019educaci\u00f3 digital de Catalunya, curs 2023-24"},"content":{"rendered":"<p>En el marc del Pla d\u2019educaci\u00f3 digital de Catalunya, el Departament d\u2019Educaci\u00f3 ha definit diferents accions amb l\u2019objectiu d\u2019acompanyar els centres en la seva transformaci\u00f3 digital, alineades amb el programa finan\u00e7at amb fons europeus\u00a0<strong>#EcoDigEdu<\/strong>.<\/p>\n<p>Una d\u2019aquestes accions consisteix en la dotaci\u00f3 als centres educatius d\u2019infantil, prim\u00e0ria i secund\u00e0ria d\u2019equipaments de rob\u00f2tica durant el curs 2023-24. Els centres educatius han seleccionat els equipaments segons un cat\u00e0leg amb diferents opcions adaptades a les necessitats dels diferents nivells educatius.<\/p>\n<p class=\"has-medium-font-size\"><a href=\"https:\/\/projectes.xtec.cat\/digital\/equipaments-i-infraestructures\/robotica\/formacio-tecnica-robotica\/robots-educatius\/\"><strong>Robots educatius<\/strong><\/a><\/p>\n<p class=\"has-medium-font-size\"><a href=\"https:\/\/projectes.xtec.cat\/digital\/equipaments-i-infraestructures\/robotica\/formacio-tecnica-robotica\/plaques-microcontroladores\/\"><strong>Plaques microcontroladores<\/strong><\/a><\/p>\n<p class=\"has-medium-font-size\"><a href=\"https:\/\/projectes.xtec.cat\/digital\/equipaments-i-infraestructures\/robotica\/formacio-tecnica-robotica\/components-i-accessoris\/\"><strong>Components i accessoris<\/strong><\/a><\/p>\n<p class=\"has-medium-font-size\"><a href=\"https:\/\/projectes.xtec.cat\/pensament-computacional\/\"><strong>Pensament computacional<\/strong><\/a><\/p>\n<p>\u2014<a href=\"https:\/\/projectes.xtec.cat\/pensament-computacional\/activitats-robotica\/cataleg-activitats-robotica\/\">Activitats de rob\u00f2tica<\/a><\/p>\n<p>Tamb\u00e9 est\u00e0 a disposici\u00f3 dels docents el <a href=\"https:\/\/comunitat.edigital.cat\/\">NUS<\/a>, que \u00e9s un espai de conversa i col\u00b7laboraci\u00f3 on compartir experi\u00e8ncies i solucions relacionades amb la pr\u00e0ctica docent.<\/p>\n<p>I com recursos complementaris estan els recursos de suport creats per STEAM4ALL.<br \/>\n<a href=\"https:\/\/sites.google.com\/view\/projectes2024-2025\/projectes-steam4all\/cotxe-i-sensors\">Electric Vehicle 4 (EV4)<\/a><\/p>\n","protected":false},"excerpt":{"rendered":"<p>En el marc del Pla d\u2019educaci\u00f3 digital de Catalunya, el Departament d\u2019Educaci\u00f3 ha definit diferents accions amb l\u2019objectiu d\u2019acompanyar els centres en la seva transformaci\u00f3 digital, alineades amb el programa finan\u00e7at amb fons europeus\u00a0#EcoDigEdu.<br \/>\nUna d\u2019aquestes accions consisteix en la dotaci\u00f3 als centres educatius d\u2019infantil, prim\u00e0ria&hellip;  <a href=\"https:\/\/agora.xtec.cat\/zermoianesllevant\/steam\/pla-deducacio-digital-de-catalunya-curs-2023-24\/\" title=\"Read Pla d\u2019educaci\u00f3 digital de Catalunya, curs 2023-24\">Llegeix m\u00e9s\u00bb<\/a><\/p>\n","protected":false},"author":1,"featured_media":0,"parent":7808,"menu_order":1,"comment_status":"closed","ping_status":"closed","template":"page-templates\/side-menu.php","meta":{"_bbp_topic_count":0,"_bbp_reply_count":0,"_bbp_total_topic_count":0,"_bbp_total_reply_count":0,"_bbp_voice_count":0,"_bbp_anonymous_reply_count":0,"_bbp_topic_count_hidden":0,"_bbp_reply_count_hidden":0,"_bbp_forum_subforum_count":0,"footnotes":""},"class_list":["post-10214","page","type-page","status-publish","hentry"],"post_mailing_queue_ids":[],"_links":{"self":[{"href":"https:\/\/agora.xtec.cat\/zermoianesllevant\/wp-json\/wp\/v2\/pages\/10214","targetHints":{"allow":["GET"]}}],"collection":[{"href":"https:\/\/agora.xtec.cat\/zermoianesllevant\/wp-json\/wp\/v2\/pages"}],"about":[{"href":"https:\/\/agora.xtec.cat\/zermoianesllevant\/wp-json\/wp\/v2\/types\/page"}],"author":[{"embeddable":true,"href":"https:\/\/agora.xtec.cat\/zermoianesllevant\/wp-json\/wp\/v2\/users\/1"}],"replies":[{"embeddable":true,"href":"https:\/\/agora.xtec.cat\/zermoianesllevant\/wp-json\/wp\/v2\/comments?post=10214"}],"version-history":[{"count":7,"href":"https:\/\/agora.xtec.cat\/zermoianesllevant\/wp-json\/wp\/v2\/pages\/10214\/revisions"}],"predecessor-version":[{"id":10322,"href":"https:\/\/agora.xtec.cat\/zermoianesllevant\/wp-json\/wp\/v2\/pages\/10214\/revisions\/10322"}],"up":[{"embeddable":true,"href":"https:\/\/agora.xtec.cat\/zermoianesllevant\/wp-json\/wp\/v2\/pages\/7808"}],"wp:attachment":[{"href":"https:\/\/agora.xtec.cat\/zermoianesllevant\/wp-json\/wp\/v2\/media?parent=10214"}],"curies":[{"name":"wp","href":"https:\/\/api.w.org\/{rel}","templated":true}]}}