{"id":268,"date":"2015-07-20T13:09:24","date_gmt":"2015-07-20T12:09:24","guid":{"rendered":"http:\/\/agora.xtec.cat\/zermestral\/?page_id=268"},"modified":"2023-10-27T09:56:14","modified_gmt":"2023-10-27T07:56:14","slug":"httpagora-xtec-catzermestralcategoriaescola-port-rodo","status":"publish","type":"page","link":"https:\/\/agora.xtec.cat\/zermestral\/httpagora-xtec-catzermestralcategoriaescola-port-rodo\/","title":{"rendered":"Escola Port Rod\u00f3"},"content":{"rendered":"<p><a href=\"https:\/\/agora.xtec.cat\/zermestral\/wp-content\/uploads\/usu238\/2023\/05\/pau.jpeg\"><img loading=\"lazy\" decoding=\"async\" class=\"aligncenter size-large wp-image-1949\" src=\"https:\/\/agora.xtec.cat\/zermestral\/wp-content\/uploads\/usu238\/2023\/05\/pau-1024x365.jpeg\" alt=\"\" width=\"1024\" height=\"365\" srcset=\"https:\/\/agora.xtec.cat\/zermestral\/wp-content\/uploads\/usu238\/2023\/05\/pau-1024x365.jpeg 1024w, https:\/\/agora.xtec.cat\/zermestral\/wp-content\/uploads\/usu238\/2023\/05\/pau-300x107.jpeg 300w, https:\/\/agora.xtec.cat\/zermestral\/wp-content\/uploads\/usu238\/2023\/05\/pau-768x273.jpeg 768w, https:\/\/agora.xtec.cat\/zermestral\/wp-content\/uploads\/usu238\/2023\/05\/pau-1536x547.jpeg 1536w, https:\/\/agora.xtec.cat\/zermestral\/wp-content\/uploads\/usu238\/2023\/05\/pau.jpeg 2000w\" sizes=\"auto, (max-width: 1024px) 100vw, 1024px\" \/><\/a><\/p>\n<p>L&#8217;escola Port Rod\u00f3 forma part de l&#8217;agrupaci\u00f3 d&#8217;escoles rurals de la Zer Mestral. T\u00e9 una organitzaci\u00f3 de l&#8217;alumnat c\u00edclica i compta amb la Llar d&#8217;Infants la Granota.<\/p>\n<p>El centre est\u00e0 situat a l&#8217;entrada de Campred\u00f3, enmig d\u2019un entorn natural immillorable, amb els Ports i el riu Ebre com a aut\u00e8ntics protagonistes i el Delta i les seves platges a poc m\u00e9s de 15 km. El poble est\u00e0 ben comunicat, amb pol\u00edgon industrial, amb bones dotacions de serveis i un teixit associatiu ampli.<\/p>\n<p>L\u2019edifici \u00e9s de nova construcci\u00f3 i consta de dues plantes, 2 aules d&#8217;educaci\u00f3 infantil, 3 aules d&#8217;educaci\u00f3 prim\u00e0ria amb pissarres digitals interactives, 1 aula de desdoblaments, 1 aula STEAM, 1 sala de mestres polivalent, 1 despatx, 1 gimn\u00e0s, 1 aula de m\u00fasica i 1 menjador amb cuina pr\u00f2pia gestionat per l\u2019AMPA. Tamb\u00e9 tenim una llar d&#8217;infants.<\/p>\n<p>A l&#8217;exterior disposem d&#8217;una pista poliesportiva i de diferents espais de joc, aix\u00ed com un pati d&#8217;educaci\u00f3 infantil. Tamb\u00e9 comptem amb espais destinats a l&#8217;agricultura i amb una estaci\u00f3 meteorol\u00f2gica.<\/p>\n<p>El claustre d&#8217;escola est\u00e0 format per 10 mestres i una TEI, la mestra de religi\u00f3, els 4 mestres itinerants (de m\u00fasica, angl\u00e8s, educaci\u00f3 f\u00edsica i educaci\u00f3 especial) i les dues vetlladores.<\/p>\n<p>Les fam\u00edlies s\u00f3n molt participatives, aix\u00ed com l&#8217;AFA, l&#8217;ajuntament i altres entitats que tamb\u00e9 col\u00b7laboren molt.<\/p>\n<p>Cal destacar que no tenim cap tipus de barrera arquitect\u00f2nica I disposem d&#8217;ascensor.<\/p>\n<p><a href=\"https:\/\/www.instagram.com\/escola_port_rodo\/\"><img loading=\"lazy\" decoding=\"async\" class=\" wp-image-1950 alignleft\" src=\"https:\/\/agora.xtec.cat\/zermestral\/wp-content\/uploads\/usu238\/2023\/05\/Instagram-Icon-1-150x150.png\" alt=\"\" width=\"40\" height=\"40\" srcset=\"https:\/\/agora.xtec.cat\/zermestral\/wp-content\/uploads\/usu238\/2023\/05\/Instagram-Icon-1-150x150.png 150w, https:\/\/agora.xtec.cat\/zermestral\/wp-content\/uploads\/usu238\/2023\/05\/Instagram-Icon-1-300x300.png 300w, https:\/\/agora.xtec.cat\/zermestral\/wp-content\/uploads\/usu238\/2023\/05\/Instagram-Icon-1-1024x1024.png 1024w, https:\/\/agora.xtec.cat\/zermestral\/wp-content\/uploads\/usu238\/2023\/05\/Instagram-Icon-1-768x767.png 768w, https:\/\/agora.xtec.cat\/zermestral\/wp-content\/uploads\/usu238\/2023\/05\/Instagram-Icon-1.png 1200w\" sizes=\"auto, (max-width: 40px) 100vw, 40px\" \/><\/a><\/p>\n","protected":false},"excerpt":{"rendered":"<p>L&#8217;escola Port Rod\u00f3 forma part de l&#8217;agrupaci\u00f3 d&#8217;escoles rurals de la Zer Mestral. T\u00e9 una organitzaci\u00f3 de l&#8217;alumnat c\u00edclica i compta amb la Llar d&#8217;Infants la Granota. El centre est\u00e0 situat a l&#8217;entrada de Campred\u00f3, enmig d\u2019un entorn natural immillorable, amb els Ports i el riu Ebre com a aut\u00e8ntics protagonistes i el Delta i [&hellip;]<\/p>\n","protected":false},"author":1,"featured_media":0,"parent":0,"menu_order":0,"comment_status":"closed","ping_status":"closed","template":"page-templates\/side-menu.php","meta":{"_bbp_topic_count":0,"_bbp_reply_count":0,"_bbp_total_topic_count":0,"_bbp_total_reply_count":0,"_bbp_voice_count":0,"_bbp_anonymous_reply_count":0,"_bbp_topic_count_hidden":0,"_bbp_reply_count_hidden":0,"_bbp_forum_subforum_count":0,"site-sidebar-layout":"default","site-content-layout":"","ast-site-content-layout":"","site-content-style":"default","site-sidebar-style":"default","ast-global-header-display":"","ast-banner-title-visibility":"","ast-main-header-display":"","ast-hfb-above-header-display":"","ast-hfb-below-header-display":"","ast-hfb-mobile-header-display":"","site-post-title":"","ast-breadcrumbs-content":"","ast-featured-img":"","footer-sml-layout":"","theme-transparent-header-meta":"","adv-header-id-meta":"","stick-header-meta":"","header-above-stick-meta":"","header-main-stick-meta":"","header-below-stick-meta":"","astra-migrate-meta-layouts":"default","ast-page-background-enabled":"default","ast-page-background-meta":{"desktop":{"background-color":"var(--ast-global-color-4)","background-image":"","background-repeat":"repeat","background-position":"center center","background-size":"auto","background-attachment":"scroll","background-type":"","background-media":"","overlay-type":"","overlay-color":"","overlay-opacity":"","overlay-gradient":""},"tablet":{"background-color":"","background-image":"","background-repeat":"repeat","background-position":"center center","background-size":"auto","background-attachment":"scroll","background-type":"","background-media":"","overlay-type":"","overlay-color":"","overlay-opacity":"","overlay-gradient":""},"mobile":{"background-color":"","background-image":"","background-repeat":"repeat","background-position":"center center","background-size":"auto","background-attachment":"scroll","background-type":"","background-media":"","overlay-type":"","overlay-color":"","overlay-opacity":"","overlay-gradient":""}},"ast-content-background-meta":{"desktop":{"background-color":"var(--ast-global-color-5)","background-image":"","background-repeat":"repeat","background-position":"center center","background-size":"auto","background-attachment":"scroll","background-type":"","background-media":"","overlay-type":"","overlay-color":"","overlay-opacity":"","overlay-gradient":""},"tablet":{"background-color":"var(--ast-global-color-5)","background-image":"","background-repeat":"repeat","background-position":"center center","background-size":"auto","background-attachment":"scroll","background-type":"","background-media":"","overlay-type":"","overlay-color":"","overlay-opacity":"","overlay-gradient":""},"mobile":{"background-color":"var(--ast-global-color-5)","background-image":"","background-repeat":"repeat","background-position":"center center","background-size":"auto","background-attachment":"scroll","background-type":"","background-media":"","overlay-type":"","overlay-color":"","overlay-opacity":"","overlay-gradient":""}},"footnotes":""},"class_list":["post-268","page","type-page","status-publish","hentry"],"post_mailing_queue_ids":[],"_links":{"self":[{"href":"https:\/\/agora.xtec.cat\/zermestral\/wp-json\/wp\/v2\/pages\/268","targetHints":{"allow":["GET"]}}],"collection":[{"href":"https:\/\/agora.xtec.cat\/zermestral\/wp-json\/wp\/v2\/pages"}],"about":[{"href":"https:\/\/agora.xtec.cat\/zermestral\/wp-json\/wp\/v2\/types\/page"}],"author":[{"embeddable":true,"href":"https:\/\/agora.xtec.cat\/zermestral\/wp-json\/wp\/v2\/users\/1"}],"replies":[{"embeddable":true,"href":"https:\/\/agora.xtec.cat\/zermestral\/wp-json\/wp\/v2\/comments?post=268"}],"version-history":[{"count":4,"href":"https:\/\/agora.xtec.cat\/zermestral\/wp-json\/wp\/v2\/pages\/268\/revisions"}],"predecessor-version":[{"id":1978,"href":"https:\/\/agora.xtec.cat\/zermestral\/wp-json\/wp\/v2\/pages\/268\/revisions\/1978"}],"wp:attachment":[{"href":"https:\/\/agora.xtec.cat\/zermestral\/wp-json\/wp\/v2\/media?parent=268"}],"curies":[{"name":"wp","href":"https:\/\/api.w.org\/{rel}","templated":true}]}}

Escola Port Rodó

<p><a href="https://agora.xtec.cat/zermestral/wp-content/uploads/usu238/2023/05/pau.jpeg"><img loading="lazy" decoding="async" class="aligncenter size-large wp-image-1949" src="https://agora.xtec.cat/zermestral/wp-content/uploads/usu238/2023/05/pau-1024x365.jpeg" alt="" width="1024" height="365" srcset="https://agora.xtec.cat/zermestral/wp-content/uploads/usu238/2023/05/pau-1024x365.jpeg 1024w, https://agora.xtec.cat/zermestral/wp-content/uploads/usu238/2023/05/pau-300x107.jpeg 300w, https://agora.xtec.cat/zermestral/wp-content/uploads/usu238/2023/05/pau-768x273.jpeg 768w, https://agora.xtec.cat/zermestral/wp-content/uploads/usu238/2023/05/pau-1536x547.jpeg 1536w, https://agora.xtec.cat/zermestral/wp-content/uploads/usu238/2023/05/pau.jpeg 2000w" sizes="auto, (max-width: 1024px) 100vw, 1024px" /></a></p>
<p>L&#8217;escola Port Rodó forma part de l&#8217;agrupació d&#8217;escoles rurals de la Zer Mestral. Té una organització de l&#8217;alumnat cíclica i compta amb la Llar d&#8217;Infants la Granota.</p>
<p>El centre està situat a l&#8217;entrada de Campredó, enmig d’un entorn natural immillorable, amb els Ports i el riu Ebre com a autèntics protagonistes i el Delta i les seves platges a poc més de 15 km. El poble està ben comunicat, amb polígon industrial, amb bones dotacions de serveis i un teixit associatiu ampli.</p>
<p>L’edifici és de nova construcció i consta de dues plantes, 2 aules d&#8217;educació infantil, 3 aules d&#8217;educació primària amb pissarres digitals interactives, 1 aula de desdoblaments, 1 aula STEAM, 1 sala de mestres polivalent, 1 despatx, 1 gimnàs, 1 aula de música i 1 menjador amb cuina pròpia gestionat per l’AMPA. També tenim una llar d&#8217;infants.</p>
<p>A l&#8217;exterior disposem d&#8217;una pista poliesportiva i de diferents espais de joc, així com un pati d&#8217;educació infantil. També comptem amb espais destinats a l&#8217;agricultura i amb una estació meteorològica.</p>
<p>El claustre d&#8217;escola està format per 10 mestres i una TEI, la mestra de religió, els 4 mestres itinerants (de música, anglès, educació física i educació especial) i les dues vetlladores.</p>
<p>Les famílies són molt participatives, així com l&#8217;AFA, l&#8217;ajuntament i altres entitats que també col·laboren molt.</p>
<p>Cal destacar que no tenim cap tipus de barrera arquitectònica I disposem d&#8217;ascensor.</p>
<p><a href="https://www.instagram.com/escola_port_rodo/"><img loading="lazy" decoding="async" class=" wp-image-1950 alignleft" src="https://agora.xtec.cat/zermestral/wp-content/uploads/usu238/2023/05/Instagram-Icon-1-150x150.png" alt="" width="40" height="40" srcset="https://agora.xtec.cat/zermestral/wp-content/uploads/usu238/2023/05/Instagram-Icon-1-150x150.png 150w, https://agora.xtec.cat/zermestral/wp-content/uploads/usu238/2023/05/Instagram-Icon-1-300x300.png 300w, https://agora.xtec.cat/zermestral/wp-content/uploads/usu238/2023/05/Instagram-Icon-1-1024x1024.png 1024w, https://agora.xtec.cat/zermestral/wp-content/uploads/usu238/2023/05/Instagram-Icon-1-768x767.png 768w, https://agora.xtec.cat/zermestral/wp-content/uploads/usu238/2023/05/Instagram-Icon-1.png 1200w" sizes="auto, (max-width: 40px) 100vw, 40px" /></a></p>

<p>L&#8217;escola Port Rodó forma part de l&#8217;agrupació d&#8217;escoles rurals de la Zer Mestral. Té una organització de l&#8217;alumnat cíclica i compta amb la Llar d&#8217;Infants la Granota. El centre està situat a l&#8217;entrada de Campredó, enmig d’un entorn natural immillorable, amb els Ports i el riu Ebre com a autèntics protagonistes i el Delta i [&hellip;]</p>
