{"id":9813,"date":"2025-07-05T21:19:53","date_gmt":"2025-07-05T19:19:53","guid":{"rendered":"https:\/\/agora.xtec.cat\/zerlasegarra\/?page_id=9813"},"modified":"2025-07-05T21:21:24","modified_gmt":"2025-07-05T19:21:24","slug":"qui-som","status":"publish","type":"page","link":"https:\/\/agora.xtec.cat\/zerlasegarra\/escola-les-pallargues\/qui-som\/","title":{"rendered":"Qui som?"},"content":{"rendered":"\n<h2 class=\"wp-block-heading has-ast-global-color-1-color has-text-color has-link-color has-medium-font-size wp-elements-571308e345fa1bcd6dd7d9745073d1eb\">L\u2019escola est\u00e0 organitzada amb quatre agrupaments:<\/h2>\n\n\n\n<p class=\"has-text-align-center\"><strong>I1-I2 <\/strong>Tutora: Maria Parellada<\/p>\n\n\n\n<p class=\"has-text-align-center\"><strong>I3-I4-I5<\/strong> Tutora: Anna Fontanet<\/p>\n\n\n\n<p class=\"has-text-align-center\"><strong>1r-2n <\/strong>Tutora: Marta Burgue\u00f1o<\/p>\n\n\n\n<p class=\"has-text-align-center\"><strong>3r-4t<\/strong> Tutora: M\u00edriam Utges<\/p>\n\n\n\n<p class=\"has-text-align-center\"><strong>5\u00e8-6\u00e8 <\/strong>Tutora: Josefina Castell\u00e0<\/p>\n\n\n\n<h2 class=\"wp-block-heading has-text-align-center has-ast-global-color-1-color has-text-color has-link-color has-medium-font-size wp-elements-bff90dba3c22c78352086812d751b63e\">MESTRES ESPECIALISTES:<\/h2>\n\n\n\n<p><strong>ANGL\u00c8S<\/strong>: M\u00edriam Utges<br><strong>EDUCACI\u00d3 ART\u00cdSTICA<\/strong>: Montse Arfelis<br><strong>RELIGI\u00d3 I VALORS<\/strong>: Joan Marc Alis<br><strong>EDUCACI\u00d3 F\u00cdSICA<\/strong>: Josep M. Segura<br><strong>EDUCACI\u00d3 ESPECIAL<\/strong>: Noem\u00ed Sarries<br><strong>SUPORT I DESDOBLAMENTS<\/strong>: Marta Viv\u00f3<\/p>\n\n\n\n<h2 class=\"wp-block-heading has-text-align-center has-ast-global-color-1-color has-text-color has-link-color has-medium-font-size wp-elements-a6cd96eae630e6372e23d4fd35d14c67\">EQUIP DIRECTIU:<\/h2>\n\n\n\n<p><strong>Directora:<\/strong> Marta Burgue\u00f1o<br><strong>Secret\u00e0ria:<\/strong> Marta Viv\u00f3<\/p>\n\n\n\n<h2 class=\"wp-block-heading has-text-align-center has-ast-global-color-1-color has-text-color has-link-color has-medium-font-size wp-elements-b548ad4b67c316092da3d614b98a8d42\">PERSONAL EXTERN:<\/h2>\n\n\n\n<p>EAP (Equip d\u2019assessorament psicopedag\u00f2gic) La Segarra<\/p>\n\n\n\n<h2 class=\"wp-block-heading has-text-align-center has-ast-global-color-1-color has-text-color has-link-color has-medium-font-size wp-elements-cd8e367d37da300c9da926927cea395d\">PERSONAL NO DOCENT:<\/h2>\n\n\n\n<p><strong>Monitores de menjador<\/strong>: Merc\u00e8, Carme i Corina<br><strong>Administrativa<\/strong>: Susana Carrasco<\/p>\n\n\n\n<p><\/p>\n","protected":false},"excerpt":{"rendered":"<p>L\u2019escola est\u00e0 organitzada amb quatre agrupaments: I1-I2 Tutora: Maria Parellada I3-I4-I5 Tutora: Anna Fontanet 1r-2n Tutora: Marta Burgue\u00f1o 3r-4t Tutora: M\u00edriam Utges 5\u00e8-6\u00e8 Tutora: Josefina Castell\u00e0 MESTRES ESPECIALISTES: ANGL\u00c8S: M\u00edriam UtgesEDUCACI\u00d3 ART\u00cdSTICA: Montse ArfelisRELIGI\u00d3 I VALORS: Joan Marc AlisEDUCACI\u00d3 F\u00cdSICA: Josep M. SeguraEDUCACI\u00d3 ESPECIAL: Noem\u00ed SarriesSUPORT I DESDOBLAMENTS: Marta Viv\u00f3 EQUIP DIRECTIU: Directora: Marta Burgue\u00f1oSecret\u00e0ria: [&hellip;]<\/p>\n","protected":false},"author":50,"featured_media":0,"parent":264,"menu_order":0,"comment_status":"closed","ping_status":"closed","template":"","meta":{"_bbp_topic_count":0,"_bbp_reply_count":0,"_bbp_total_topic_count":0,"_bbp_total_reply_count":0,"_bbp_voice_count":0,"_bbp_anonymous_reply_count":0,"_bbp_topic_count_hidden":0,"_bbp_reply_count_hidden":0,"_bbp_forum_subforum_count":0,"site-sidebar-layout":"left-sidebar","site-content-layout":"","ast-site-content-layout":"default","site-content-style":"default","site-sidebar-style":"default","ast-global-header-display":"","ast-banner-title-visibility":"","ast-main-header-display":"","ast-hfb-above-header-display":"","ast-hfb-below-header-display":"","ast-hfb-mobile-header-display":"","site-post-title":"","ast-breadcrumbs-content":"","ast-featured-img":"","footer-sml-layout":"","theme-transparent-header-meta":"","adv-header-id-meta":"","stick-header-meta":"","header-above-stick-meta":"","header-main-stick-meta":"","header-below-stick-meta":"","astra-migrate-meta-layouts":"set","ast-page-background-enabled":"default","ast-page-background-meta":{"desktop":{"background-color":"var(--ast-global-color-4)","background-image":"","background-repeat":"repeat","background-position":"center center","background-size":"auto","background-attachment":"scroll","background-type":"","background-media":"","overlay-type":"","overlay-color":"","overlay-opacity":"","overlay-gradient":""},"tablet":{"background-color":"","background-image":"","background-repeat":"repeat","background-position":"center center","background-size":"auto","background-attachment":"scroll","background-type":"","background-media":"","overlay-type":"","overlay-color":"","overlay-opacity":"","overlay-gradient":""},"mobile":{"background-color":"","background-image":"","background-repeat":"repeat","background-position":"center center","background-size":"auto","background-attachment":"scroll","background-type":"","background-media":"","overlay-type":"","overlay-color":"","overlay-opacity":"","overlay-gradient":""}},"ast-content-background-meta":{"desktop":{"background-color":"var(--ast-global-color-5)","background-image":"","background-repeat":"repeat","background-position":"center center","background-size":"auto","background-attachment":"scroll","background-type":"","background-media":"","overlay-type":"","overlay-color":"","overlay-opacity":"","overlay-gradient":""},"tablet":{"background-color":"var(--ast-global-color-5)","background-image":"","background-repeat":"repeat","background-position":"center center","background-size":"auto","background-attachment":"scroll","background-type":"","background-media":"","overlay-type":"","overlay-color":"","overlay-opacity":"","overlay-gradient":""},"mobile":{"background-color":"var(--ast-global-color-5)","background-image":"","background-repeat":"repeat","background-position":"center center","background-size":"auto","background-attachment":"scroll","background-type":"","background-media":"","overlay-type":"","overlay-color":"","overlay-opacity":"","overlay-gradient":""}},"footnotes":""},"class_list":["post-9813","page","type-page","status-publish","hentry"],"post_mailing_queue_ids":[],"_links":{"self":[{"href":"https:\/\/agora.xtec.cat\/zerlasegarra\/wp-json\/wp\/v2\/pages\/9813","targetHints":{"allow":["GET"]}}],"collection":[{"href":"https:\/\/agora.xtec.cat\/zerlasegarra\/wp-json\/wp\/v2\/pages"}],"about":[{"href":"https:\/\/agora.xtec.cat\/zerlasegarra\/wp-json\/wp\/v2\/types\/page"}],"author":[{"embeddable":true,"href":"https:\/\/agora.xtec.cat\/zerlasegarra\/wp-json\/wp\/v2\/users\/50"}],"replies":[{"embeddable":true,"href":"https:\/\/agora.xtec.cat\/zerlasegarra\/wp-json\/wp\/v2\/comments?post=9813"}],"version-history":[{"count":1,"href":"https:\/\/agora.xtec.cat\/zerlasegarra\/wp-json\/wp\/v2\/pages\/9813\/revisions"}],"predecessor-version":[{"id":9814,"href":"https:\/\/agora.xtec.cat\/zerlasegarra\/wp-json\/wp\/v2\/pages\/9813\/revisions\/9814"}],"up":[{"embeddable":true,"href":"https:\/\/agora.xtec.cat\/zerlasegarra\/wp-json\/wp\/v2\/pages\/264"}],"wp:attachment":[{"href":"https:\/\/agora.xtec.cat\/zerlasegarra\/wp-json\/wp\/v2\/media?parent=9813"}],"curies":[{"name":"wp","href":"https:\/\/api.w.org\/{rel}","templated":true}]}}