{"id":5041,"date":"2020-04-24T13:20:54","date_gmt":"2020-04-24T11:20:54","guid":{"rendered":"http:\/\/agora.xtec.cat\/zerlasegarra\/?page_id=5041"},"modified":"2025-10-12T09:53:18","modified_gmt":"2025-10-12T07:53:18","slug":"novetat-tercer-trimestre","status":"publish","type":"page","link":"https:\/\/agora.xtec.cat\/zerlasegarra\/","title":{"rendered":"Inici de curs 2025-2026"},"content":{"rendered":"\n<h2 class=\"wp-block-heading has-text-align-center has-vivid-green-cyan-color has-text-color has-link-color has-x-large-font-size wp-elements-32622bfa2be40cec1d10109cd8badd82\">La ZER visita el CRAM!<\/h2>\n\n\n\n<div class=\"wp-block-getwid-advanced-spacer getwid-hide-mobile\" style=\"height:40px\" aria-hidden=\"true\"><\/div>\n\n\n\n<p>Benvolgudes fam\u00edlies i alumnat,<br>El passat divendres 3 d&#8217;octubre tot l&#8217;alumnat i professorat de la ZER vam fer una visita al CRAM: Centre de Recuperaci\u00f3 d&#8217;Animals Marins de Castelldefels. Vam poder con\u00e8ixer les problem\u00e0tiques que afecten la biodiversitat marina i les accions de conservaci\u00f3 que es fan. Centenars de tortugues apareixen al llarg de tot el litoral catal\u00e0 amb lesions severes  o malalties causades per la interacci\u00f3 humana: contaminaci\u00f3, abocaments t\u00f2xics, captura accidental, etc. L&#8217;objectiu del CRAM \u00e9s rescatar aquests animals  per recuperar-los i reintroduir-los en el seu h\u00e0bitat el m\u00e9s aviat possible. <\/p>\n\n\n\n<p>Ens van ensenyar quins s\u00f3n els principals passos a fer quan ens trobem una tortuga a la platja i vam poder observar les principals pacients del CRAM: la tortuga MASSA GRAN i la 4x 4, les quals lamentablement no podran ser reintrodu\u00efdes al mar degut a les seves condicions o lesions, en considerar-se que no sobreviurien en el medi salvatge. Per tant, passen a ser residents que s&#8217;han d&#8217;alimentar, netejar i fer un seguiment m\u00e8dic. Per sort, hi ha la possibilitat d&#8217;APADRINAR-LES i els m\u00e9s petits de la ZER organitzarem un<strong> ESDEVENIMENT SOLIDARI<\/strong> per poder recaptar fons i apadrinar, si \u00e9s possible, les dues tortugues durant tot un any!<\/p>\n\n\n\n<p>Us mantindrem informats d&#8217;aquest esdevinement!<\/p>\n\n\n\n<div class=\"wp-block-getwid-images-slider has-arrows-inside has-dots-inside has-images-center has-cropped-images\"><div class=\"wp-block-getwid-images-slider__wrapper\" data-effect=\"slide\" data-slides-show=\"1\" data-slides-show-laptop=\"1\" data-slides-show-tablet=\"1\" data-slides-show-mobile=\"1\" data-slides-scroll=\"1\" data-autoplay=\"false\" data-pause-hover=\"false\" data-autoplay-speed=\"6000\" data-infinite=\"true\" data-animation-speed=\"800\" data-center-mode=\"false\" data-variable-width=\"false\" data-arrows=\"inside\" data-dots=\"inside\" data-spacing=\"none\"><div class=\"wp-block-getwid-images-slider__item\"><figure><img loading=\"lazy\" decoding=\"async\" width=\"2560\" height=\"1920\" src=\"https:\/\/agora.xtec.cat\/zerlasegarra\/wp-content\/uploads\/usu1574\/2025\/10\/1759499171575-scaled.jpg\" data-id=\"10152\" data-link=\"https:\/\/agora.xtec.cat\/zerlasegarra\/novetat-tercer-trimestre\/attachment\/1759499171575\/\" data-original-link=\"https:\/\/agora.xtec.cat\/zerlasegarra\/wp-content\/uploads\/usu1574\/2025\/10\/1759499171575-scaled.jpg\" class=\"wp-block-getwid-images-slider__image wp-image-10152\" srcset=\"https:\/\/agora.xtec.cat\/zerlasegarra\/wp-content\/uploads\/usu1574\/2025\/10\/1759499171575-scaled.jpg 2560w, https:\/\/agora.xtec.cat\/zerlasegarra\/wp-content\/uploads\/usu1574\/2025\/10\/1759499171575-300x225.jpg 300w, https:\/\/agora.xtec.cat\/zerlasegarra\/wp-content\/uploads\/usu1574\/2025\/10\/1759499171575-1024x768.jpg 1024w, https:\/\/agora.xtec.cat\/zerlasegarra\/wp-content\/uploads\/usu1574\/2025\/10\/1759499171575-768x576.jpg 768w, https:\/\/agora.xtec.cat\/zerlasegarra\/wp-content\/uploads\/usu1574\/2025\/10\/1759499171575-1536x1152.jpg 1536w, https:\/\/agora.xtec.cat\/zerlasegarra\/wp-content\/uploads\/usu1574\/2025\/10\/1759499171575-2048x1536.jpg 2048w\" sizes=\"auto, (max-width: 2560px) 100vw, 2560px\" \/><\/figure><\/div><div class=\"wp-block-getwid-images-slider__item\"><figure><img loading=\"lazy\" decoding=\"async\" width=\"2560\" height=\"1920\" src=\"https:\/\/agora.xtec.cat\/zerlasegarra\/wp-content\/uploads\/usu1574\/2025\/10\/1759499171700-scaled.jpg\" data-id=\"10154\" data-link=\"https:\/\/agora.xtec.cat\/zerlasegarra\/novetat-tercer-trimestre\/attachment\/1759499171700\/\" data-original-link=\"https:\/\/agora.xtec.cat\/zerlasegarra\/wp-content\/uploads\/usu1574\/2025\/10\/1759499171700-scaled.jpg\" class=\"wp-block-getwid-images-slider__image wp-image-10154\" srcset=\"https:\/\/agora.xtec.cat\/zerlasegarra\/wp-content\/uploads\/usu1574\/2025\/10\/1759499171700-scaled.jpg 2560w, https:\/\/agora.xtec.cat\/zerlasegarra\/wp-content\/uploads\/usu1574\/2025\/10\/1759499171700-300x225.jpg 300w, https:\/\/agora.xtec.cat\/zerlasegarra\/wp-content\/uploads\/usu1574\/2025\/10\/1759499171700-1024x768.jpg 1024w, https:\/\/agora.xtec.cat\/zerlasegarra\/wp-content\/uploads\/usu1574\/2025\/10\/1759499171700-768x576.jpg 768w, https:\/\/agora.xtec.cat\/zerlasegarra\/wp-content\/uploads\/usu1574\/2025\/10\/1759499171700-1536x1152.jpg 1536w, https:\/\/agora.xtec.cat\/zerlasegarra\/wp-content\/uploads\/usu1574\/2025\/10\/1759499171700-2048x1536.jpg 2048w\" sizes=\"auto, (max-width: 2560px) 100vw, 2560px\" \/><\/figure><\/div><div class=\"wp-block-getwid-images-slider__item\"><figure><img loading=\"lazy\" decoding=\"async\" width=\"2560\" height=\"1920\" src=\"https:\/\/agora.xtec.cat\/zerlasegarra\/wp-content\/uploads\/usu1574\/2025\/10\/1759499171668-scaled.jpg\" data-id=\"10153\" data-link=\"https:\/\/agora.xtec.cat\/zerlasegarra\/novetat-tercer-trimestre\/attachment\/1759499171668\/\" data-original-link=\"https:\/\/agora.xtec.cat\/zerlasegarra\/wp-content\/uploads\/usu1574\/2025\/10\/1759499171668-scaled.jpg\" class=\"wp-block-getwid-images-slider__image wp-image-10153\" srcset=\"https:\/\/agora.xtec.cat\/zerlasegarra\/wp-content\/uploads\/usu1574\/2025\/10\/1759499171668-scaled.jpg 2560w, https:\/\/agora.xtec.cat\/zerlasegarra\/wp-content\/uploads\/usu1574\/2025\/10\/1759499171668-300x225.jpg 300w, https:\/\/agora.xtec.cat\/zerlasegarra\/wp-content\/uploads\/usu1574\/2025\/10\/1759499171668-1024x768.jpg 1024w, https:\/\/agora.xtec.cat\/zerlasegarra\/wp-content\/uploads\/usu1574\/2025\/10\/1759499171668-768x576.jpg 768w, https:\/\/agora.xtec.cat\/zerlasegarra\/wp-content\/uploads\/usu1574\/2025\/10\/1759499171668-1536x1152.jpg 1536w, https:\/\/agora.xtec.cat\/zerlasegarra\/wp-content\/uploads\/usu1574\/2025\/10\/1759499171668-2048x1536.jpg 2048w\" sizes=\"auto, (max-width: 2560px) 100vw, 2560px\" \/><\/figure><\/div><div class=\"wp-block-getwid-images-slider__item\"><figure><img loading=\"lazy\" decoding=\"async\" width=\"1414\" height=\"2000\" src=\"https:\/\/agora.xtec.cat\/zerlasegarra\/wp-content\/uploads\/usu1574\/2025\/10\/ESDEVENIMENT-SOLIDARI.jpg\" data-id=\"10151\" data-link=\"https:\/\/agora.xtec.cat\/zerlasegarra\/novetat-tercer-trimestre\/attachment\/esdeveniment-solidari\/\" data-original-link=\"https:\/\/agora.xtec.cat\/zerlasegarra\/wp-content\/uploads\/usu1574\/2025\/10\/ESDEVENIMENT-SOLIDARI.jpg\" class=\"wp-block-getwid-images-slider__image wp-image-10151\" srcset=\"https:\/\/agora.xtec.cat\/zerlasegarra\/wp-content\/uploads\/usu1574\/2025\/10\/ESDEVENIMENT-SOLIDARI.jpg 1414w, https:\/\/agora.xtec.cat\/zerlasegarra\/wp-content\/uploads\/usu1574\/2025\/10\/ESDEVENIMENT-SOLIDARI-212x300.jpg 212w, https:\/\/agora.xtec.cat\/zerlasegarra\/wp-content\/uploads\/usu1574\/2025\/10\/ESDEVENIMENT-SOLIDARI-724x1024.jpg 724w, https:\/\/agora.xtec.cat\/zerlasegarra\/wp-content\/uploads\/usu1574\/2025\/10\/ESDEVENIMENT-SOLIDARI-768x1086.jpg 768w, https:\/\/agora.xtec.cat\/zerlasegarra\/wp-content\/uploads\/usu1574\/2025\/10\/ESDEVENIMENT-SOLIDARI-1086x1536.jpg 1086w\" sizes=\"auto, (max-width: 1414px) 100vw, 1414px\" \/><\/figure><\/div><div class=\"wp-block-getwid-images-slider__item\"><figure><img loading=\"lazy\" decoding=\"async\" width=\"1500\" height=\"1125\" src=\"https:\/\/agora.xtec.cat\/zerlasegarra\/wp-content\/uploads\/usu1574\/2025\/10\/2023-CLINICA-TORTUGAS-7.png\" data-id=\"10155\" data-link=\"https:\/\/agora.xtec.cat\/zerlasegarra\/novetat-tercer-trimestre\/attachment\/2023-clinica-tortugas-7\/\" data-original-link=\"https:\/\/agora.xtec.cat\/zerlasegarra\/wp-content\/uploads\/usu1574\/2025\/10\/2023-CLINICA-TORTUGAS-7.png\" class=\"wp-block-getwid-images-slider__image wp-image-10155\" srcset=\"https:\/\/agora.xtec.cat\/zerlasegarra\/wp-content\/uploads\/usu1574\/2025\/10\/2023-CLINICA-TORTUGAS-7.png 1500w, https:\/\/agora.xtec.cat\/zerlasegarra\/wp-content\/uploads\/usu1574\/2025\/10\/2023-CLINICA-TORTUGAS-7-300x225.png 300w, https:\/\/agora.xtec.cat\/zerlasegarra\/wp-content\/uploads\/usu1574\/2025\/10\/2023-CLINICA-TORTUGAS-7-1024x768.png 1024w, https:\/\/agora.xtec.cat\/zerlasegarra\/wp-content\/uploads\/usu1574\/2025\/10\/2023-CLINICA-TORTUGAS-7-768x576.png 768w\" sizes=\"auto, (max-width: 1500px) 100vw, 1500px\" \/><\/figure><\/div><div class=\"wp-block-getwid-images-slider__item\"><figure><img loading=\"lazy\" decoding=\"async\" width=\"1500\" height=\"1000\" src=\"https:\/\/agora.xtec.cat\/zerlasegarra\/wp-content\/uploads\/usu1574\/2025\/10\/cram-clinica-2.jpg\" data-id=\"10150\" data-link=\"https:\/\/agora.xtec.cat\/zerlasegarra\/novetat-tercer-trimestre\/attachment\/cram-clinica-2\/\" data-original-link=\"https:\/\/agora.xtec.cat\/zerlasegarra\/wp-content\/uploads\/usu1574\/2025\/10\/cram-clinica-2.jpg\" class=\"wp-block-getwid-images-slider__image wp-image-10150\" srcset=\"https:\/\/agora.xtec.cat\/zerlasegarra\/wp-content\/uploads\/usu1574\/2025\/10\/cram-clinica-2.jpg 1500w, https:\/\/agora.xtec.cat\/zerlasegarra\/wp-content\/uploads\/usu1574\/2025\/10\/cram-clinica-2-300x200.jpg 300w, https:\/\/agora.xtec.cat\/zerlasegarra\/wp-content\/uploads\/usu1574\/2025\/10\/cram-clinica-2-1024x683.jpg 1024w, https:\/\/agora.xtec.cat\/zerlasegarra\/wp-content\/uploads\/usu1574\/2025\/10\/cram-clinica-2-768x512.jpg 768w\" sizes=\"auto, (max-width: 1500px) 100vw, 1500px\" \/><\/figure><\/div><\/div><\/div>\n\n\n\n<p><\/p>\n","protected":false},"excerpt":{"rendered":"<p>La ZER visita el CRAM! Benvolgudes fam\u00edlies i alumnat,El passat divendres 3 d&#8217;octubre tot l&#8217;alumnat i professorat de la ZER vam fer una visita al CRAM: Centre de Recuperaci\u00f3 d&#8217;Animals Marins de Castelldefels. Vam poder con\u00e8ixer les problem\u00e0tiques que afecten la biodiversitat marina i les accions de conservaci\u00f3 que es fan. Centenars de tortugues apareixen [&hellip;]<\/p>\n","protected":false},"author":1,"featured_media":0,"parent":0,"menu_order":0,"comment_status":"closed","ping_status":"closed","template":"page-templates\/side-menu.php","meta":{"_bbp_topic_count":0,"_bbp_reply_count":0,"_bbp_total_topic_count":0,"_bbp_total_reply_count":0,"_bbp_voice_count":0,"_bbp_anonymous_reply_count":0,"_bbp_topic_count_hidden":0,"_bbp_reply_count_hidden":0,"_bbp_forum_subforum_count":0,"site-sidebar-layout":"default","site-content-layout":"","ast-site-content-layout":"default","site-content-style":"default","site-sidebar-style":"default","ast-global-header-display":"","ast-banner-title-visibility":"","ast-main-header-display":"","ast-hfb-above-header-display":"","ast-hfb-below-header-display":"","ast-hfb-mobile-header-display":"","site-post-title":"disabled","ast-breadcrumbs-content":"","ast-featured-img":"","footer-sml-layout":"","theme-transparent-header-meta":"","adv-header-id-meta":"","stick-header-meta":"","header-above-stick-meta":"","header-main-stick-meta":"","header-below-stick-meta":"","astra-migrate-meta-layouts":"set","ast-page-background-enabled":"default","ast-page-background-meta":{"desktop":{"background-color":"var(--ast-global-color-4)","background-image":"","background-repeat":"repeat","background-position":"center center","background-size":"auto","background-attachment":"scroll","background-type":"","background-media":"","overlay-type":"","overlay-color":"","overlay-opacity":"","overlay-gradient":""},"tablet":{"background-color":"","background-image":"","background-repeat":"repeat","background-position":"center center","background-size":"auto","background-attachment":"scroll","background-type":"","background-media":"","overlay-type":"","overlay-color":"","overlay-opacity":"","overlay-gradient":""},"mobile":{"background-color":"","background-image":"","background-repeat":"repeat","background-position":"center center","background-size":"auto","background-attachment":"scroll","background-type":"","background-media":"","overlay-type":"","overlay-color":"","overlay-opacity":"","overlay-gradient":""}},"ast-content-background-meta":{"desktop":{"background-color":"var(--ast-global-color-5)","background-image":"","background-repeat":"repeat","background-position":"center center","background-size":"auto","background-attachment":"scroll","background-type":"","background-media":"","overlay-type":"","overlay-color":"","overlay-opacity":"","overlay-gradient":""},"tablet":{"background-color":"var(--ast-global-color-5)","background-image":"","background-repeat":"repeat","background-position":"center center","background-size":"auto","background-attachment":"scroll","background-type":"","background-media":"","overlay-type":"","overlay-color":"","overlay-opacity":"","overlay-gradient":""},"mobile":{"background-color":"var(--ast-global-color-5)","background-image":"","background-repeat":"repeat","background-position":"center center","background-size":"auto","background-attachment":"scroll","background-type":"","background-media":"","overlay-type":"","overlay-color":"","overlay-opacity":"","overlay-gradient":""}},"footnotes":""},"class_list":["post-5041","page","type-page","status-publish","hentry"],"post_mailing_queue_ids":[],"_links":{"self":[{"href":"https:\/\/agora.xtec.cat\/zerlasegarra\/wp-json\/wp\/v2\/pages\/5041","targetHints":{"allow":["GET"]}}],"collection":[{"href":"https:\/\/agora.xtec.cat\/zerlasegarra\/wp-json\/wp\/v2\/pages"}],"about":[{"href":"https:\/\/agora.xtec.cat\/zerlasegarra\/wp-json\/wp\/v2\/types\/page"}],"author":[{"embeddable":true,"href":"https:\/\/agora.xtec.cat\/zerlasegarra\/wp-json\/wp\/v2\/users\/1"}],"replies":[{"embeddable":true,"href":"https:\/\/agora.xtec.cat\/zerlasegarra\/wp-json\/wp\/v2\/comments?post=5041"}],"version-history":[{"count":6,"href":"https:\/\/agora.xtec.cat\/zerlasegarra\/wp-json\/wp\/v2\/pages\/5041\/revisions"}],"predecessor-version":[{"id":10163,"href":"https:\/\/agora.xtec.cat\/zerlasegarra\/wp-json\/wp\/v2\/pages\/5041\/revisions\/10163"}],"wp:attachment":[{"href":"https:\/\/agora.xtec.cat\/zerlasegarra\/wp-json\/wp\/v2\/media?parent=5041"}],"curies":[{"name":"wp","href":"https:\/\/api.w.org\/{rel}","templated":true}]}}