{"id":1052,"date":"2017-05-18T12:40:26","date_gmt":"2017-05-18T10:40:26","guid":{"rendered":"http:\/\/agora.xtec.cat\/zerlasegarra\/?page_id=1052"},"modified":"2025-07-05T21:48:25","modified_gmt":"2025-07-05T19:48:25","slug":"menjador","status":"publish","type":"page","link":"https:\/\/agora.xtec.cat\/zerlasegarra\/escola-les-pallargues\/menjador\/","title":{"rendered":"Menjador"},"content":{"rendered":"\n<div class=\"wp-block-columns is-layout-flex wp-container-core-columns-is-layout-1 wp-block-columns-is-layout-flex\">\n<div class=\"wp-block-column is-layout-flow wp-block-column-is-layout-flow\" style=\"flex-basis:66.66%\">\n<p style=\"padding-top:0;padding-right:var(--wp--preset--spacing--50);padding-bottom:0;padding-left:var(--wp--preset--spacing--50)\">El menjador escolar es gestiona a trav\u00e9s del Consell Comarcal de la Segarra.<\/p>\n<\/div>\n\n\n\n<div class=\"wp-block-column is-layout-flow wp-block-column-is-layout-flow\" style=\"flex-basis:33.33%\">\n<figure class=\"wp-block-image size-full is-resized\"><a href=\"https:\/\/agora.xtec.cat\/zerlasegarra\/wp-content\/uploads\/usu1574\/2025\/07\/consell-comarcal-de-la-segarra.png\"><img loading=\"lazy\" decoding=\"async\" width=\"2161\" height=\"2925\" src=\"https:\/\/agora.xtec.cat\/zerlasegarra\/wp-content\/uploads\/usu1574\/2025\/07\/consell-comarcal-de-la-segarra.png\" alt=\"\" class=\"wp-image-9827\" style=\"width:39px;height:auto\" srcset=\"https:\/\/agora.xtec.cat\/zerlasegarra\/wp-content\/uploads\/usu1574\/2025\/07\/consell-comarcal-de-la-segarra.png 2161w, https:\/\/agora.xtec.cat\/zerlasegarra\/wp-content\/uploads\/usu1574\/2025\/07\/consell-comarcal-de-la-segarra-222x300.png 222w, https:\/\/agora.xtec.cat\/zerlasegarra\/wp-content\/uploads\/usu1574\/2025\/07\/consell-comarcal-de-la-segarra-757x1024.png 757w, https:\/\/agora.xtec.cat\/zerlasegarra\/wp-content\/uploads\/usu1574\/2025\/07\/consell-comarcal-de-la-segarra-768x1040.png 768w, https:\/\/agora.xtec.cat\/zerlasegarra\/wp-content\/uploads\/usu1574\/2025\/07\/consell-comarcal-de-la-segarra-1135x1536.png 1135w, https:\/\/agora.xtec.cat\/zerlasegarra\/wp-content\/uploads\/usu1574\/2025\/07\/consell-comarcal-de-la-segarra-1513x2048.png 1513w\" sizes=\"auto, (max-width: 2161px) 100vw, 2161px\" \/><\/a><\/figure>\n<\/div>\n<\/div>\n\n\n\n<div class=\"wp-block-columns is-layout-flex wp-container-core-columns-is-layout-2 wp-block-columns-is-layout-flex\">\n<div class=\"wp-block-column is-layout-flow wp-block-column-is-layout-flow\" style=\"flex-basis:66.66%\">\n<p style=\"padding-top:0;padding-right:var(--wp--preset--spacing--50);padding-bottom:0;padding-left:var(--wp--preset--spacing--50)\">Disposem de servei de menjador amb l&#8217;empresa Qu\u00e0lia. L\u00ednia calenta servida di\u00e0riament.<\/p>\n<\/div>\n\n\n\n<div class=\"wp-block-column is-layout-flow wp-block-column-is-layout-flow\" style=\"flex-basis:33.33%\">\n<figure class=\"wp-block-image size-full is-resized\"><a href=\"https:\/\/agora.xtec.cat\/zerlasegarra\/wp-content\/uploads\/usu1574\/2025\/07\/logo_qualia.png\"><img loading=\"lazy\" decoding=\"async\" width=\"300\" height=\"151\" src=\"https:\/\/agora.xtec.cat\/zerlasegarra\/wp-content\/uploads\/usu1574\/2025\/07\/logo_qualia.png\" alt=\"\" class=\"wp-image-9826\" style=\"width:167px;height:auto\"\/><\/a><\/figure>\n<\/div>\n<\/div>\n\n\n\n<p><\/p>\n","protected":false},"excerpt":{"rendered":"<p>El menjador escolar es gestiona a trav\u00e9s del Consell Comarcal de la Segarra. Disposem de servei de menjador amb l&#8217;empresa Qu\u00e0lia. L\u00ednia calenta servida di\u00e0riament.<\/p>\n","protected":false},"author":1,"featured_media":0,"parent":264,"menu_order":65,"comment_status":"closed","ping_status":"closed","template":"","meta":{"_bbp_topic_count":0,"_bbp_reply_count":0,"_bbp_total_topic_count":0,"_bbp_total_reply_count":0,"_bbp_voice_count":0,"_bbp_anonymous_reply_count":0,"_bbp_topic_count_hidden":0,"_bbp_reply_count_hidden":0,"_bbp_forum_subforum_count":0,"site-sidebar-layout":"default","site-content-layout":"","ast-site-content-layout":"default","site-content-style":"default","site-sidebar-style":"default","ast-global-header-display":"","ast-banner-title-visibility":"","ast-main-header-display":"","ast-hfb-above-header-display":"","ast-hfb-below-header-display":"","ast-hfb-mobile-header-display":"","site-post-title":"","ast-breadcrumbs-content":"","ast-featured-img":"","footer-sml-layout":"","theme-transparent-header-meta":"","adv-header-id-meta":"","stick-header-meta":"","header-above-stick-meta":"","header-main-stick-meta":"","header-below-stick-meta":"","astra-migrate-meta-layouts":"set","ast-page-background-enabled":"default","ast-page-background-meta":{"desktop":{"background-color":"var(--ast-global-color-4)","background-image":"","background-repeat":"repeat","background-position":"center center","background-size":"auto","background-attachment":"scroll","background-type":"","background-media":"","overlay-type":"","overlay-color":"","overlay-opacity":"","overlay-gradient":""},"tablet":{"background-color":"","background-image":"","background-repeat":"repeat","background-position":"center center","background-size":"auto","background-attachment":"scroll","background-type":"","background-media":"","overlay-type":"","overlay-color":"","overlay-opacity":"","overlay-gradient":""},"mobile":{"background-color":"","background-image":"","background-repeat":"repeat","background-position":"center center","background-size":"auto","background-attachment":"scroll","background-type":"","background-media":"","overlay-type":"","overlay-color":"","overlay-opacity":"","overlay-gradient":""}},"ast-content-background-meta":{"desktop":{"background-color":"var(--ast-global-color-5)","background-image":"","background-repeat":"repeat","background-position":"center center","background-size":"auto","background-attachment":"scroll","background-type":"","background-media":"","overlay-type":"","overlay-color":"","overlay-opacity":"","overlay-gradient":""},"tablet":{"background-color":"var(--ast-global-color-5)","background-image":"","background-repeat":"repeat","background-position":"center center","background-size":"auto","background-attachment":"scroll","background-type":"","background-media":"","overlay-type":"","overlay-color":"","overlay-opacity":"","overlay-gradient":""},"mobile":{"background-color":"var(--ast-global-color-5)","background-image":"","background-repeat":"repeat","background-position":"center center","background-size":"auto","background-attachment":"scroll","background-type":"","background-media":"","overlay-type":"","overlay-color":"","overlay-opacity":"","overlay-gradient":""}},"footnotes":""},"class_list":["post-1052","page","type-page","status-publish","hentry"],"post_mailing_queue_ids":[],"_links":{"self":[{"href":"https:\/\/agora.xtec.cat\/zerlasegarra\/wp-json\/wp\/v2\/pages\/1052","targetHints":{"allow":["GET"]}}],"collection":[{"href":"https:\/\/agora.xtec.cat\/zerlasegarra\/wp-json\/wp\/v2\/pages"}],"about":[{"href":"https:\/\/agora.xtec.cat\/zerlasegarra\/wp-json\/wp\/v2\/types\/page"}],"author":[{"embeddable":true,"href":"https:\/\/agora.xtec.cat\/zerlasegarra\/wp-json\/wp\/v2\/users\/1"}],"replies":[{"embeddable":true,"href":"https:\/\/agora.xtec.cat\/zerlasegarra\/wp-json\/wp\/v2\/comments?post=1052"}],"version-history":[{"count":5,"href":"https:\/\/agora.xtec.cat\/zerlasegarra\/wp-json\/wp\/v2\/pages\/1052\/revisions"}],"predecessor-version":[{"id":9829,"href":"https:\/\/agora.xtec.cat\/zerlasegarra\/wp-json\/wp\/v2\/pages\/1052\/revisions\/9829"}],"up":[{"embeddable":true,"href":"https:\/\/agora.xtec.cat\/zerlasegarra\/wp-json\/wp\/v2\/pages\/264"}],"wp:attachment":[{"href":"https:\/\/agora.xtec.cat\/zerlasegarra\/wp-json\/wp\/v2\/media?parent=1052"}],"curies":[{"name":"wp","href":"https:\/\/api.w.org\/{rel}","templated":true}]}}