{"id":987,"date":"2022-04-11T17:34:39","date_gmt":"2022-04-11T15:34:39","guid":{"rendered":"https:\/\/agora.xtec.cat\/zerlacoma\/?page_id=987"},"modified":"2022-10-18T15:35:19","modified_gmt":"2022-10-18T13:35:19","slug":"objectius","status":"publish","type":"page","link":"https:\/\/agora.xtec.cat\/zerlacoma\/estrategia-digital-de-centre\/part-estrategica\/objectius\/","title":{"rendered":"Objectius"},"content":{"rendered":"<p>Despr\u00e8s de realitzar una acurada tasca d&#8217;an\u00e0lisi de la diagnosi hem prioritzat els seg\u00fcents objectius de millora pels propers cursos:<\/p>\n<table style=\"border-collapse: collapse; width: 100%;\">\n<tbody>\n<tr>\n<td style=\"width: 100%;\"><a href=\"https:\/\/agora.xtec.cat\/zerlacoma\/wp-content\/uploads\/usu953\/2022\/10\/objectiu-1.png\"><img loading=\"lazy\" decoding=\"async\" class=\"alignleft  wp-image-1063\" src=\"https:\/\/agora.xtec.cat\/zerlacoma\/wp-content\/uploads\/usu953\/2022\/10\/objectiu-1.png\" alt=\"\" width=\"647\" height=\"256\" srcset=\"https:\/\/agora.xtec.cat\/zerlacoma\/wp-content\/uploads\/usu953\/2022\/10\/objectiu-1.png 933w, https:\/\/agora.xtec.cat\/zerlacoma\/wp-content\/uploads\/usu953\/2022\/10\/objectiu-1-300x119.png 300w, https:\/\/agora.xtec.cat\/zerlacoma\/wp-content\/uploads\/usu953\/2022\/10\/objectiu-1-768x305.png 768w\" sizes=\"auto, (max-width: 647px) 100vw, 647px\" \/><\/a><\/td>\n<\/tr>\n<tr>\n<td style=\"width: 100%;\"><a href=\"https:\/\/agora.xtec.cat\/zerlacoma\/wp-content\/uploads\/usu953\/2022\/07\/OBJECTIU-2.png\"><img loading=\"lazy\" decoding=\"async\" class=\"alignleft wp-image-1046\" src=\"https:\/\/agora.xtec.cat\/zerlacoma\/wp-content\/uploads\/usu953\/2022\/07\/OBJECTIU-2.png\" alt=\"\" width=\"601\" height=\"253\" srcset=\"https:\/\/agora.xtec.cat\/zerlacoma\/wp-content\/uploads\/usu953\/2022\/07\/OBJECTIU-2.png 890w, https:\/\/agora.xtec.cat\/zerlacoma\/wp-content\/uploads\/usu953\/2022\/07\/OBJECTIU-2-300x126.png 300w, https:\/\/agora.xtec.cat\/zerlacoma\/wp-content\/uploads\/usu953\/2022\/07\/OBJECTIU-2-768x324.png 768w\" sizes=\"auto, (max-width: 601px) 100vw, 601px\" \/><\/a><\/td>\n<\/tr>\n<tr>\n<td style=\"width: 100%;\"><a href=\"https:\/\/agora.xtec.cat\/zerlacoma\/wp-content\/uploads\/usu953\/2022\/07\/OBJECTIU-3.png\"><img loading=\"lazy\" decoding=\"async\" class=\"alignleft wp-image-1047\" src=\"https:\/\/agora.xtec.cat\/zerlacoma\/wp-content\/uploads\/usu953\/2022\/07\/OBJECTIU-3.png\" alt=\"\" width=\"602\" height=\"262\" srcset=\"https:\/\/agora.xtec.cat\/zerlacoma\/wp-content\/uploads\/usu953\/2022\/07\/OBJECTIU-3.png 897w, https:\/\/agora.xtec.cat\/zerlacoma\/wp-content\/uploads\/usu953\/2022\/07\/OBJECTIU-3-300x131.png 300w, https:\/\/agora.xtec.cat\/zerlacoma\/wp-content\/uploads\/usu953\/2022\/07\/OBJECTIU-3-768x335.png 768w\" sizes=\"auto, (max-width: 602px) 100vw, 602px\" \/><\/a><\/td>\n<\/tr>\n<tr>\n<td style=\"width: 100%;\"><a href=\"https:\/\/agora.xtec.cat\/zerlacoma\/wp-content\/uploads\/usu953\/2022\/07\/OBJECTIU-4.png\"><img loading=\"lazy\" decoding=\"async\" class=\"alignleft wp-image-1048\" src=\"https:\/\/agora.xtec.cat\/zerlacoma\/wp-content\/uploads\/usu953\/2022\/07\/OBJECTIU-4.png\" alt=\"\" width=\"600\" height=\"257\" srcset=\"https:\/\/agora.xtec.cat\/zerlacoma\/wp-content\/uploads\/usu953\/2022\/07\/OBJECTIU-4.png 902w, https:\/\/agora.xtec.cat\/zerlacoma\/wp-content\/uploads\/usu953\/2022\/07\/OBJECTIU-4-300x128.png 300w, https:\/\/agora.xtec.cat\/zerlacoma\/wp-content\/uploads\/usu953\/2022\/07\/OBJECTIU-4-768x329.png 768w\" sizes=\"auto, (max-width: 600px) 100vw, 600px\" \/><\/a><\/td>\n<\/tr>\n<tr>\n<td style=\"width: 100%;\"><a href=\"https:\/\/agora.xtec.cat\/zerlacoma\/wp-content\/uploads\/usu953\/2022\/07\/OBJECTIU-5.png\"><img loading=\"lazy\" decoding=\"async\" class=\"alignleft wp-image-1049\" src=\"https:\/\/agora.xtec.cat\/zerlacoma\/wp-content\/uploads\/usu953\/2022\/07\/OBJECTIU-5.png\" alt=\"\" width=\"599\" height=\"255\" srcset=\"https:\/\/agora.xtec.cat\/zerlacoma\/wp-content\/uploads\/usu953\/2022\/07\/OBJECTIU-5.png 886w, https:\/\/agora.xtec.cat\/zerlacoma\/wp-content\/uploads\/usu953\/2022\/07\/OBJECTIU-5-300x128.png 300w, https:\/\/agora.xtec.cat\/zerlacoma\/wp-content\/uploads\/usu953\/2022\/07\/OBJECTIU-5-768x327.png 768w\" sizes=\"auto, (max-width: 599px) 100vw, 599px\" \/><\/a><\/td>\n<\/tr>\n<\/tbody>\n<\/table>\n","protected":false},"excerpt":{"rendered":"<p>Despr\u00e8s de realitzar una acurada tasca d&#8217;an\u00e0lisi de la diagnosi hem prioritzat els seg\u00fcents objectius de millora pels propers cursos:<\/p>\n<p><a href=\"https:\/\/agora.xtec.cat\/zerlacoma\/wp-content\/uploads\/usu953\/2022\/10\/objectiu-1.png\"><\/a><\/p>\n<p><a href=\"https:\/\/agora.xtec.cat\/zerlacoma\/wp-content\/uploads\/usu953\/2022\/07\/OBJECTIU-2.png\"><\/a><\/p>\n<p><a href=\"https:\/\/agora.xtec.cat\/zerlacoma\/wp-content\/uploads\/usu953\/2022\/07\/OBJECTIU-3.png\"><\/a><\/p>\n<p><a href=\"https:\/\/agora.xtec.cat\/zerlacoma\/wp-content\/uploads\/usu953\/2022\/07\/OBJECTIU-4.png\"><\/a><\/p>\n<p><a href=\"https:\/\/agora.xtec.cat\/zerlacoma\/wp-content\/uploads\/usu953\/2022\/07\/OBJECTIU-5.png\"><\/a><\/p>\n","protected":false},"author":3,"featured_media":0,"parent":943,"menu_order":2,"comment_status":"closed","ping_status":"closed","template":"page-templates\/side-menu.php","meta":{"_bbp_topic_count":0,"_bbp_reply_count":0,"_bbp_total_topic_count":0,"_bbp_total_reply_count":0,"_bbp_voice_count":0,"_bbp_anonymous_reply_count":0,"_bbp_topic_count_hidden":0,"_bbp_reply_count_hidden":0,"_bbp_forum_subforum_count":0,"footnotes":""},"class_list":["post-987","page","type-page","status-publish","hentry"],"post_mailing_queue_ids":[],"_links":{"self":[{"href":"https:\/\/agora.xtec.cat\/zerlacoma\/wp-json\/wp\/v2\/pages\/987","targetHints":{"allow":["GET"]}}],"collection":[{"href":"https:\/\/agora.xtec.cat\/zerlacoma\/wp-json\/wp\/v2\/pages"}],"about":[{"href":"https:\/\/agora.xtec.cat\/zerlacoma\/wp-json\/wp\/v2\/types\/page"}],"author":[{"embeddable":true,"href":"https:\/\/agora.xtec.cat\/zerlacoma\/wp-json\/wp\/v2\/users\/3"}],"replies":[{"embeddable":true,"href":"https:\/\/agora.xtec.cat\/zerlacoma\/wp-json\/wp\/v2\/comments?post=987"}],"version-history":[{"count":4,"href":"https:\/\/agora.xtec.cat\/zerlacoma\/wp-json\/wp\/v2\/pages\/987\/revisions"}],"predecessor-version":[{"id":1064,"href":"https:\/\/agora.xtec.cat\/zerlacoma\/wp-json\/wp\/v2\/pages\/987\/revisions\/1064"}],"up":[{"embeddable":true,"href":"https:\/\/agora.xtec.cat\/zerlacoma\/wp-json\/wp\/v2\/pages\/943"}],"wp:attachment":[{"href":"https:\/\/agora.xtec.cat\/zerlacoma\/wp-json\/wp\/v2\/media?parent=987"}],"curies":[{"name":"wp","href":"https:\/\/api.w.org\/{rel}","templated":true}]}}