{"id":1067,"date":"2022-10-18T15:37:30","date_gmt":"2022-10-18T13:37:30","guid":{"rendered":"https:\/\/agora.xtec.cat\/zerlacoma\/?page_id=1067"},"modified":"2023-06-28T09:40:59","modified_gmt":"2023-06-28T07:40:59","slug":"avaluacio-i-millora","status":"publish","type":"page","link":"https:\/\/agora.xtec.cat\/zerlacoma\/estrategia-digital-de-centre\/part-estrategica\/avaluacio-i-millora\/","title":{"rendered":"Avaluaci\u00f3 i millora"},"content":{"rendered":"<p>L\u2019avaluaci\u00f3 de l\u2019Estrat\u00e8gia Digital del Centre la far\u00e0 peri\u00f2dicament la Comissi\u00f3 d\u2019EDC. Per fer-ho s\u2019han establert uns indicadors d\u2019assoliment per les diferents activitats, aix\u00ed com tamb\u00e9 pels objectius. Aquest objectius quedaran reflectits a la PGA i es valora el seu assoliment a la mem\u00f2ria anual.<\/p>\n<p>En funci\u00f3 dels resultats de les avaluacions que realitzem caldr\u00e0 pensar estrat\u00e8gies de millora i redefinir l\u2019estrat\u00e8gia de manera que sempre ens adaptem a la nova situaci\u00f3.<\/p>\n<p class=\"CDt4Ke zfr3Q\" dir=\"ltr\">\n","protected":false},"excerpt":{"rendered":"<p>L\u2019avaluaci\u00f3 de l\u2019Estrat\u00e8gia Digital del Centre la far\u00e0 peri\u00f2dicament la Comissi\u00f3 d\u2019EDC. Per fer-ho s\u2019han establert uns indicadors d\u2019assoliment per les diferents activitats, aix\u00ed com tamb\u00e9 pels objectius. Aquest objectius quedaran reflectits a la PGA i es valora el seu assoliment a la mem\u00f2ria anual.<br \/>\nEn&hellip;  <a href=\"https:\/\/agora.xtec.cat\/zerlacoma\/estrategia-digital-de-centre\/part-estrategica\/avaluacio-i-millora\/\" title=\"Read Avaluaci\u00f3 i millora\">Llegeix m\u00e9s\u00bb<\/a><\/p>\n","protected":false},"author":3,"featured_media":0,"parent":943,"menu_order":4,"comment_status":"closed","ping_status":"closed","template":"","meta":{"_bbp_topic_count":0,"_bbp_reply_count":0,"_bbp_total_topic_count":0,"_bbp_total_reply_count":0,"_bbp_voice_count":0,"_bbp_anonymous_reply_count":0,"_bbp_topic_count_hidden":0,"_bbp_reply_count_hidden":0,"_bbp_forum_subforum_count":0,"footnotes":""},"class_list":["post-1067","page","type-page","status-publish","hentry"],"post_mailing_queue_ids":[],"_links":{"self":[{"href":"https:\/\/agora.xtec.cat\/zerlacoma\/wp-json\/wp\/v2\/pages\/1067","targetHints":{"allow":["GET"]}}],"collection":[{"href":"https:\/\/agora.xtec.cat\/zerlacoma\/wp-json\/wp\/v2\/pages"}],"about":[{"href":"https:\/\/agora.xtec.cat\/zerlacoma\/wp-json\/wp\/v2\/types\/page"}],"author":[{"embeddable":true,"href":"https:\/\/agora.xtec.cat\/zerlacoma\/wp-json\/wp\/v2\/users\/3"}],"replies":[{"embeddable":true,"href":"https:\/\/agora.xtec.cat\/zerlacoma\/wp-json\/wp\/v2\/comments?post=1067"}],"version-history":[{"count":3,"href":"https:\/\/agora.xtec.cat\/zerlacoma\/wp-json\/wp\/v2\/pages\/1067\/revisions"}],"predecessor-version":[{"id":1075,"href":"https:\/\/agora.xtec.cat\/zerlacoma\/wp-json\/wp\/v2\/pages\/1067\/revisions\/1075"}],"up":[{"embeddable":true,"href":"https:\/\/agora.xtec.cat\/zerlacoma\/wp-json\/wp\/v2\/pages\/943"}],"wp:attachment":[{"href":"https:\/\/agora.xtec.cat\/zerlacoma\/wp-json\/wp\/v2\/media?parent=1067"}],"curies":[{"name":"wp","href":"https:\/\/api.w.org\/{rel}","templated":true}]}}