{"id":1970,"date":"2022-07-05T17:20:12","date_gmt":"2022-07-05T15:20:12","guid":{"rendered":"https:\/\/agora.xtec.cat\/zerlacerdanya\/?page_id=1970"},"modified":"2022-07-05T21:59:33","modified_gmt":"2022-07-05T19:59:33","slug":"pla-destrategia-digital-de-zer","status":"publish","type":"page","link":"https:\/\/agora.xtec.cat\/zerlacerdanya\/pla-destrategia-digital-de-zer\/","title":{"rendered":"Pla d&#8217;Estrat\u00e8gia Digital de ZER"},"content":{"rendered":"<p>L&#8217;estrat\u00e8gia digital de ZER (EDZ) defineix i concreta les l\u00ednies d&#8217;actuaci\u00f3 de la ZER que fan possible que docents, alumnat i centres que la formen assoleixin la compet\u00e8ncia digital. Per aconseguir aquesta compet\u00e8ncia digital, l&#8217;EDZ compr\u00e8n tots els \u00e0mbits dels centres: organitzatius, metodol\u00f2gics, curriculars i comunicatius, els quals s&#8217;han de veure necess\u00e0riament implicats i, si escau, transformats, des d\u2019una perspectiva d&#8217;innovaci\u00f3 i de millora cont\u00ednua.<\/p>\n<p>Els objectius de l&#8217;EDZ es poden agrupar en cinc \u00e0mbits, que tenen com a fita el m\u00e0xim assoliment de la compet\u00e8ncia digital de l\u2019alumnat, del professorat i del centre:<\/p>\n<ul>\n<li>Assoliment de la compet\u00e8ncia digital.<\/li>\n<li>Planificaci\u00f3 estrat\u00e8gica i organitzaci\u00f3.<\/li>\n<li>Metodologies did\u00e0ctiques i innovaci\u00f3.<\/li>\n<li>Inclusi\u00f3 digital i de g\u00e8nere.<\/li>\n<li>Seguretat i protecci\u00f3 de dades.<\/li>\n<\/ul>\n<p>Aquest any hem comen\u00e7at amb el proc\u00e9s de creaci\u00f3 de l&#8217;EDZ.<\/p>\n<p><a href=\"https:\/\/agora.xtec.cat\/zerlacerdanya\/wp-content\/uploads\/usu1355\/2022\/07\/EDC18-1@3x-1-1024x504-1.png\"><img loading=\"lazy\" decoding=\"async\" class=\"alignnone size-full wp-image-1971\" src=\"https:\/\/agora.xtec.cat\/zerlacerdanya\/wp-content\/uploads\/usu1355\/2022\/07\/EDC18-1@3x-1-1024x504-1.png\" alt=\"\" width=\"1024\" height=\"504\" srcset=\"https:\/\/agora.xtec.cat\/zerlacerdanya\/wp-content\/uploads\/usu1355\/2022\/07\/EDC18-1@3x-1-1024x504-1.png 1024w, https:\/\/agora.xtec.cat\/zerlacerdanya\/wp-content\/uploads\/usu1355\/2022\/07\/EDC18-1@3x-1-1024x504-1-300x148.png 300w, https:\/\/agora.xtec.cat\/zerlacerdanya\/wp-content\/uploads\/usu1355\/2022\/07\/EDC18-1@3x-1-1024x504-1-768x378.png 768w\" sizes=\"auto, (max-width: 1024px) 100vw, 1024px\" \/><\/a><\/p>\n","protected":false},"excerpt":{"rendered":"<p>L&#8217;estrat\u00e8gia digital de ZER (EDZ) defineix i concreta les l\u00ednies d&#8217;actuaci\u00f3 de la ZER que fan possible que docents, alumnat i centres que la formen assoleixin la compet\u00e8ncia digital. Per aconseguir aquesta compet\u00e8ncia digital, l&#8217;EDZ compr\u00e8n tots els \u00e0mbits dels centres: organitzatius, metodol\u00f2gics, curriculars i&hellip;  <a href=\"https:\/\/agora.xtec.cat\/zerlacerdanya\/pla-destrategia-digital-de-zer\/\" title=\"Read Pla d&#8217;Estrat\u00e8gia Digital de ZER\">Llegeix m\u00e9s\u00bb<\/a><\/p>\n","protected":false},"author":1,"featured_media":0,"parent":0,"menu_order":0,"comment_status":"closed","ping_status":"closed","template":"page-templates\/side-menu.php","meta":{"_bbp_topic_count":0,"_bbp_reply_count":0,"_bbp_total_topic_count":0,"_bbp_total_reply_count":0,"_bbp_voice_count":0,"_bbp_anonymous_reply_count":0,"_bbp_topic_count_hidden":0,"_bbp_reply_count_hidden":0,"_bbp_forum_subforum_count":0,"footnotes":""},"class_list":["post-1970","page","type-page","status-publish","hentry"],"post_mailing_queue_ids":[],"_links":{"self":[{"href":"https:\/\/agora.xtec.cat\/zerlacerdanya\/wp-json\/wp\/v2\/pages\/1970","targetHints":{"allow":["GET"]}}],"collection":[{"href":"https:\/\/agora.xtec.cat\/zerlacerdanya\/wp-json\/wp\/v2\/pages"}],"about":[{"href":"https:\/\/agora.xtec.cat\/zerlacerdanya\/wp-json\/wp\/v2\/types\/page"}],"author":[{"embeddable":true,"href":"https:\/\/agora.xtec.cat\/zerlacerdanya\/wp-json\/wp\/v2\/users\/1"}],"replies":[{"embeddable":true,"href":"https:\/\/agora.xtec.cat\/zerlacerdanya\/wp-json\/wp\/v2\/comments?post=1970"}],"version-history":[{"count":3,"href":"https:\/\/agora.xtec.cat\/zerlacerdanya\/wp-json\/wp\/v2\/pages\/1970\/revisions"}],"predecessor-version":[{"id":2005,"href":"https:\/\/agora.xtec.cat\/zerlacerdanya\/wp-json\/wp\/v2\/pages\/1970\/revisions\/2005"}],"wp:attachment":[{"href":"https:\/\/agora.xtec.cat\/zerlacerdanya\/wp-json\/wp\/v2\/media?parent=1970"}],"curies":[{"name":"wp","href":"https:\/\/api.w.org\/{rel}","templated":true}]}}