{"id":63,"date":"2014-09-18T10:06:31","date_gmt":"2014-09-18T08:06:31","guid":{"rendered":"http:\/\/agora.xtec.cat\/zerguicivervi\/?page_id=63"},"modified":"2017-09-22T11:09:58","modified_gmt":"2017-09-22T09:09:58","slug":"serveis","status":"publish","type":"page","link":"https:\/\/agora.xtec.cat\/zerguicivervi\/zer\/serveis\/","title":{"rendered":"Serveis"},"content":{"rendered":"<p style=\"text-align: justify;\">Mitjan\u00e7ant l\u2019Associaci\u00f3 esportiva escolar ZER Guicivervi\u00a0 organitzem activitats esportives extraescolars tenint en compte les necessitats de cadascuna de les escoles de la ZER. Aquesta associaci\u00f3 est\u00e0 formada per mestres, pares i antics alumnes de la ZER. Tamb\u00e9 s\u2019organitzen algunes trobades esportives en dissabte durant el curs, en les quals els alumnes de les diferents escoles poden gaudir del joc conjuntament. Tot aix\u00f2 \u00e9s possible gr\u00e0cies a la subvenci\u00f3 rebuda.<\/p>\n","protected":false},"excerpt":{"rendered":"<p>Mitjan\u00e7ant l\u2019Associaci\u00f3 esportiva escolar ZER Guicivervi\u00a0 organitzem activitats esportives extraescolars tenint en compte les necessitats de cadascuna de les escoles de la ZER. Aquesta associaci\u00f3 est\u00e0 formada per mestres, pares i antics alumnes de la ZER. Tamb\u00e9 s\u2019organitzen algunes trobades esportives en dissabte durant el&hellip;  <a href=\"https:\/\/agora.xtec.cat\/zerguicivervi\/zer\/serveis\/\" title=\"Read Serveis\">Llegeix m\u00e9s\u00bb<\/a><\/p>\n","protected":false},"author":1,"featured_media":0,"parent":19,"menu_order":80,"comment_status":"closed","ping_status":"closed","template":"page-templates\/side-menu.php","meta":{"_bbp_topic_count":0,"_bbp_reply_count":0,"_bbp_total_topic_count":0,"_bbp_total_reply_count":0,"_bbp_voice_count":0,"_bbp_anonymous_reply_count":0,"_bbp_topic_count_hidden":0,"_bbp_reply_count_hidden":0,"_bbp_forum_subforum_count":0,"footnotes":""},"class_list":["post-63","page","type-page","status-publish","hentry"],"post_mailing_queue_ids":[],"_links":{"self":[{"href":"https:\/\/agora.xtec.cat\/zerguicivervi\/wp-json\/wp\/v2\/pages\/63","targetHints":{"allow":["GET"]}}],"collection":[{"href":"https:\/\/agora.xtec.cat\/zerguicivervi\/wp-json\/wp\/v2\/pages"}],"about":[{"href":"https:\/\/agora.xtec.cat\/zerguicivervi\/wp-json\/wp\/v2\/types\/page"}],"author":[{"embeddable":true,"href":"https:\/\/agora.xtec.cat\/zerguicivervi\/wp-json\/wp\/v2\/users\/1"}],"replies":[{"embeddable":true,"href":"https:\/\/agora.xtec.cat\/zerguicivervi\/wp-json\/wp\/v2\/comments?post=63"}],"version-history":[{"count":2,"href":"https:\/\/agora.xtec.cat\/zerguicivervi\/wp-json\/wp\/v2\/pages\/63\/revisions"}],"predecessor-version":[{"id":697,"href":"https:\/\/agora.xtec.cat\/zerguicivervi\/wp-json\/wp\/v2\/pages\/63\/revisions\/697"}],"up":[{"embeddable":true,"href":"https:\/\/agora.xtec.cat\/zerguicivervi\/wp-json\/wp\/v2\/pages\/19"}],"wp:attachment":[{"href":"https:\/\/agora.xtec.cat\/zerguicivervi\/wp-json\/wp\/v2\/media?parent=63"}],"curies":[{"name":"wp","href":"https:\/\/api.w.org\/{rel}","templated":true}]}}