{"id":258,"date":"2015-07-20T12:40:06","date_gmt":"2015-07-20T11:40:06","guid":{"rendered":"http:\/\/agora.xtec.cat\/zerguicivervi\/?page_id=258"},"modified":"2017-09-26T14:51:57","modified_gmt":"2017-09-26T12:51:57","slug":"organitzacio_de_zer","status":"publish","type":"page","link":"https:\/\/agora.xtec.cat\/zerguicivervi\/zer\/organitzacio_de_zer\/","title":{"rendered":"Organitzaci\u00f3 de ZER"},"content":{"rendered":"<p>Benvinguts i benvingudes a la nostra ZER,<\/p>\n<p style=\"text-align: justify;\">La\u00a0<strong>ZER\u00a0Guicivervi<\/strong> la formen quatre pobles: Guimer\u00e0, Ciutadilla, Verd\u00fa i\u00a0\u00a0Vilagrassa. Cadascuna de les escoles de la ZER t\u00e9 unes caracter\u00edstiques diferents tant pel que fa a nombre d\u2019alumnes com de recursos per\u00f2, al mateix temps compartim una mateixa forma d\u2019entendre l\u2019escola.<\/p>\n<p style=\"text-align: justify;\">Les Zones Escolars Rurals van n\u00e9ixer amb la idea que els nens i nenes de pobles petits compartissin companys i recursos que eren insostenibles treballant de forma individual. Avui en dia, en la majoria d\u2019escoles rurals es disposa dels recursos suficients, les tecnologies estan molt m\u00e9s a l\u2019abast i s\u2019utilitzen de forma \u00f2ptima. L\u2019objectiu principal actual \u00e9s mantenir i millorar encara m\u00e9s, el bon nivell de resultats educatius que s\u2019han obtingut en la forma de treball a les escoles rurals.<\/p>\n<p style=\"text-align: justify;\">A la nostra ZER, hem apostat per una forma de treball basada en les experi\u00e8ncies, a totes les escoles aprenem a partir de projectes, treballem l\u2019expressi\u00f3 oral a trav\u00e9s de confer\u00e8ncies i amb les r\u00e0dios escolars, fem tallers\u00a0intercicles\u00a0i promovem les relacions entre els nens i nenes de tota la ZER a partir d\u2019activitats\u00a0foraula.<\/p>\n<p style=\"text-align: justify;\">En aquesta figura podeu veure com ens organitzem el professorat. A m\u00e9s, cada escola t\u00e9 el seu Consell Escolar i la ZER tamb\u00e9 t\u00e9 un Consell Escolar. El consell \u00e9s un dels \u00f2rgans col\u00b7legiats de govern, est\u00e0 format per membres dels ajuntaments dels quatre pobles, mestres, pares i personal d\u2019administraci\u00f3 i serveis.<\/p>\n<p style=\"text-align: justify;\">Entre altres, la funci\u00f3 que t\u00e9 el consell escolar \u00e9s aprovar els documents de gesti\u00f3 de la ZER i per tant, de les escoles que la formen.<\/p>\n<p style=\"text-align: justify;\">Desitgem que aquesta web us ajudi a con\u00e8ixer-nos una mica m\u00e9s b\u00e9, estigueu al cas a les novetats que aniran sorgint al \u201cBloc\u201d per\u00f2, si de deb\u00f2 voleu veure com treballem, no dubteu a visitar-nos.<\/p>\n<p style=\"text-align: justify;\">Us esperem!<\/p>\n<p style=\"text-align: justify;\">Vicky Castells i Gonz\u00e1lez<\/p>\n<p style=\"text-align: justify;\"><strong>Directora de la ZER<\/strong><\/p>\n<p>&nbsp;<\/p>\n","protected":false},"excerpt":{"rendered":"<p>Benvinguts i benvingudes a la nostra ZER,<br \/>\nLa\u00a0ZER\u00a0Guicivervi la formen quatre pobles: Guimer\u00e0, Ciutadilla, Verd\u00fa i\u00a0\u00a0Vilagrassa. Cadascuna de les escoles de la ZER t\u00e9 unes caracter\u00edstiques diferents tant pel que fa a nombre d\u2019alumnes com de recursos per\u00f2, al mateix temps compartim una mateixa forma d\u2019entendre&hellip;  <a href=\"https:\/\/agora.xtec.cat\/zerguicivervi\/zer\/organitzacio_de_zer\/\" title=\"Read Organitzaci\u00f3 de ZER\">Llegeix m\u00e9s\u00bb<\/a><\/p>\n","protected":false},"author":1,"featured_media":0,"parent":19,"menu_order":1,"comment_status":"closed","ping_status":"closed","template":"page-templates\/side-menu.php","meta":{"_bbp_topic_count":0,"_bbp_reply_count":0,"_bbp_total_topic_count":0,"_bbp_total_reply_count":0,"_bbp_voice_count":0,"_bbp_anonymous_reply_count":0,"_bbp_topic_count_hidden":0,"_bbp_reply_count_hidden":0,"_bbp_forum_subforum_count":0,"footnotes":""},"class_list":["post-258","page","type-page","status-publish","hentry"],"post_mailing_queue_ids":[],"_links":{"self":[{"href":"https:\/\/agora.xtec.cat\/zerguicivervi\/wp-json\/wp\/v2\/pages\/258","targetHints":{"allow":["GET"]}}],"collection":[{"href":"https:\/\/agora.xtec.cat\/zerguicivervi\/wp-json\/wp\/v2\/pages"}],"about":[{"href":"https:\/\/agora.xtec.cat\/zerguicivervi\/wp-json\/wp\/v2\/types\/page"}],"author":[{"embeddable":true,"href":"https:\/\/agora.xtec.cat\/zerguicivervi\/wp-json\/wp\/v2\/users\/1"}],"replies":[{"embeddable":true,"href":"https:\/\/agora.xtec.cat\/zerguicivervi\/wp-json\/wp\/v2\/comments?post=258"}],"version-history":[{"count":2,"href":"https:\/\/agora.xtec.cat\/zerguicivervi\/wp-json\/wp\/v2\/pages\/258\/revisions"}],"predecessor-version":[{"id":688,"href":"https:\/\/agora.xtec.cat\/zerguicivervi\/wp-json\/wp\/v2\/pages\/258\/revisions\/688"}],"up":[{"embeddable":true,"href":"https:\/\/agora.xtec.cat\/zerguicivervi\/wp-json\/wp\/v2\/pages\/19"}],"wp:attachment":[{"href":"https:\/\/agora.xtec.cat\/zerguicivervi\/wp-json\/wp\/v2\/media?parent=258"}],"curies":[{"name":"wp","href":"https:\/\/api.w.org\/{rel}","templated":true}]}}