{"id":4722,"date":"2025-12-14T17:09:51","date_gmt":"2025-12-14T16:09:51","guid":{"rendered":"https:\/\/agora.xtec.cat\/zerespernallac\/?page_id=4722"},"modified":"2025-12-14T17:14:52","modified_gmt":"2025-12-14T16:14:52","slug":"on-som-2","status":"publish","type":"page","link":"https:\/\/agora.xtec.cat\/zerespernallac\/escola-ramongombal\/on-som-2\/","title":{"rendered":"Qui som"},"content":{"rendered":"<p style=\"text-align: center;\"><span style=\"color: #993366;\"><strong>INFORMACI\u00d3 EN RELACI\u00d3 AL CURS 2025 &#8211; 2026<\/strong><\/span><\/p>\n<p style=\"text-align: justify;\"><strong>L&#8217;Escola Ramon Gombal &#8211; ZER Espernallac<\/strong>, en aquest curs 2025-2026, hi ha matriculats 16 nens i nens distribu\u00efts en tres grups classe: Educaci\u00f3 Infantil, 1r i 2n \/\/ 3r, 4t-5\u00e8 i 6\u00e8.<\/p>\n<p>A la llar hi ha un alumne i la mestra es diu Maria Llu\u00efsa.<\/p>\n<p style=\"text-align: justify;\">Compartim amb les escoles que formem part de la ZER Espernallac els especialistes de: E.Musical, E.F\u00edsica, E.Especial, Ll.Anglesa i Religi\u00f3.<\/p>\n<p style=\"padding-left: 30px;\"><span style=\"color: #800080;\"><strong>Organigrama<\/strong><\/span><\/p>\n<table style=\"height: 129px;\" width=\"509\">\n<tbody>\n<tr style=\"height: 31px;\">\n<td style=\"height: 31px; width: 236px;\">Llar d&#8217;Infants<\/td>\n<td style=\"height: 31px; width: 265px;\">Maria Llu\u00efsa<\/td>\n<\/tr>\n<tr style=\"height: 31px;\">\n<td style=\"height: 31px; width: 236px;\">Educaci\u00f3 Infantil, 1r i 2n<\/td>\n<td style=\"height: 31px; width: 265px;\">Marta V.<\/td>\n<\/tr>\n<tr style=\"height: 31px;\">\n<td style=\"height: 31px; width: 236px;\">3r, 4t, 5\u00e8 i 6\u00e8<\/td>\n<td style=\"height: 31px; width: 265px;\">X\u00e8nia E.<\/td>\n<\/tr>\n<tr style=\"height: 37px;\">\n<td style=\"height: 37px; width: 236px;\">Suport Prim\u00e0ria<\/td>\n<td style=\"height: 37px; width: 265px;\">X\u00e8nia E.<\/td>\n<\/tr>\n<tr style=\"height: 31px;\">\n<td style=\"height: 31px; width: 501px;\" colspan=\"2\">DIRECCI\u00d3: X\u00e8nia E.<\/td>\n<\/tr>\n<\/tbody>\n<\/table>\n<table style=\"height: 248px;\" width=\"510\">\n<tbody>\n<tr>\n<td style=\"text-align: center;\" colspan=\"2\"><strong>ESPECIALISTES<\/strong><\/td>\n<\/tr>\n<tr>\n<td>Educaci\u00f3 Musical<\/td>\n<td>J\u00falia P.<\/td>\n<\/tr>\n<tr>\n<td>Educaci\u00f3 F\u00edsica<\/td>\n<td>Ramon C.<\/td>\n<\/tr>\n<tr>\n<td>Educaci\u00f3 Especial<\/td>\n<td>Laia C.<\/td>\n<\/tr>\n<tr>\n<td>Llengua anglesa<\/td>\n<td>Judith R.<\/td>\n<\/tr>\n<tr>\n<td>Religi\u00f3<\/td>\n<td>Neus<\/td>\n<\/tr>\n<\/tbody>\n<\/table>\n<p style=\"text-align: justify;\"><span style=\"color: #800080;\"><strong>\u00a0 \u00a0 \u00a0 \u00a0Serveis<\/strong><\/span><br \/>\nL&#8217;escola disposa de servei de menjador escolar amb una mitjana de 8 alumnes diaris. \u00c9s l&#8217;empresa COMERTEL qui gestiona el servei de menjador a trav\u00e9s del Consell Comarcal. Hi ha una monitora, la Margaret, que acull l&#8217;alumnat de 13h a 15h.<\/p>\n","protected":false},"excerpt":{"rendered":"<p>INFORMACI\u00d3 EN RELACI\u00d3 AL CURS 2025 &#8211; 2026 L&#8217;Escola Ramon Gombal &#8211; ZER Espernallac, en aquest curs 2025-2026, hi ha matriculats 16 nens i nens distribu\u00efts en tres grups classe: Educaci\u00f3 Infantil, 1r i 2n \/\/ 3r, 4t-5\u00e8 i 6\u00e8. A la llar hi ha un alumne i la mestra es diu Maria Llu\u00efsa. Compartim [&hellip;]<\/p>\n","protected":false},"author":1,"featured_media":0,"parent":268,"menu_order":0,"comment_status":"closed","ping_status":"close","template":"","meta":{"_bbp_topic_count":0,"_bbp_reply_count":0,"_bbp_total_topic_count":0,"_bbp_total_reply_count":0,"_bbp_voice_count":0,"_bbp_anonymous_reply_count":0,"_bbp_topic_count_hidden":0,"_bbp_reply_count_hidden":0,"_bbp_forum_subforum_count":0,"site-sidebar-layout":"default","site-content-layout":"","ast-site-content-layout":"default","site-content-style":"default","site-sidebar-style":"default","ast-global-header-display":"","ast-banner-title-visibility":"","ast-main-header-display":"","ast-hfb-above-header-display":"","ast-hfb-below-header-display":"","ast-hfb-mobile-header-display":"","site-post-title":"","ast-breadcrumbs-content":"","ast-featured-img":"","footer-sml-layout":"","theme-transparent-header-meta":"","adv-header-id-meta":"","stick-header-meta":"","header-above-stick-meta":"","header-main-stick-meta":"","header-below-stick-meta":"","astra-migrate-meta-layouts":"set","ast-page-background-enabled":"default","ast-page-background-meta":{"desktop":{"background-color":"var(--ast-global-color-4)","background-image":"","background-repeat":"repeat","background-position":"center center","background-size":"auto","background-attachment":"scroll","background-type":"","background-media":"","overlay-type":"","overlay-color":"","overlay-opacity":"","overlay-gradient":""},"tablet":{"background-color":"","background-image":"","background-repeat":"repeat","background-position":"center center","background-size":"auto","background-attachment":"scroll","background-type":"","background-media":"","overlay-type":"","overlay-color":"","overlay-opacity":"","overlay-gradient":""},"mobile":{"background-color":"","background-image":"","background-repeat":"repeat","background-position":"center center","background-size":"auto","background-attachment":"scroll","background-type":"","background-media":"","overlay-type":"","overlay-color":"","overlay-opacity":"","overlay-gradient":""}},"ast-content-background-meta":{"desktop":{"background-color":"var(--ast-global-color-5)","background-image":"","background-repeat":"repeat","background-position":"center center","background-size":"auto","background-attachment":"scroll","background-type":"","background-media":"","overlay-type":"","overlay-color":"","overlay-opacity":"","overlay-gradient":""},"tablet":{"background-color":"var(--ast-global-color-5)","background-image":"","background-repeat":"repeat","background-position":"center center","background-size":"auto","background-attachment":"scroll","background-type":"","background-media":"","overlay-type":"","overlay-color":"","overlay-opacity":"","overlay-gradient":""},"mobile":{"background-color":"var(--ast-global-color-5)","background-image":"","background-repeat":"repeat","background-position":"center center","background-size":"auto","background-attachment":"scroll","background-type":"","background-media":"","overlay-type":"","overlay-color":"","overlay-opacity":"","overlay-gradient":""}},"footnotes":""},"class_list":["post-4722","page","type-page","status-publish","hentry"],"post_mailing_queue_ids":[],"_links":{"self":[{"href":"https:\/\/agora.xtec.cat\/zerespernallac\/wp-json\/wp\/v2\/pages\/4722","targetHints":{"allow":["GET"]}}],"collection":[{"href":"https:\/\/agora.xtec.cat\/zerespernallac\/wp-json\/wp\/v2\/pages"}],"about":[{"href":"https:\/\/agora.xtec.cat\/zerespernallac\/wp-json\/wp\/v2\/types\/page"}],"author":[{"embeddable":true,"href":"https:\/\/agora.xtec.cat\/zerespernallac\/wp-json\/wp\/v2\/users\/1"}],"replies":[{"embeddable":true,"href":"https:\/\/agora.xtec.cat\/zerespernallac\/wp-json\/wp\/v2\/comments?post=4722"}],"version-history":[{"count":3,"href":"https:\/\/agora.xtec.cat\/zerespernallac\/wp-json\/wp\/v2\/pages\/4722\/revisions"}],"predecessor-version":[{"id":4728,"href":"https:\/\/agora.xtec.cat\/zerespernallac\/wp-json\/wp\/v2\/pages\/4722\/revisions\/4728"}],"up":[{"embeddable":true,"href":"https:\/\/agora.xtec.cat\/zerespernallac\/wp-json\/wp\/v2\/pages\/268"}],"wp:attachment":[{"href":"https:\/\/agora.xtec.cat\/zerespernallac\/wp-json\/wp\/v2\/media?parent=4722"}],"curies":[{"name":"wp","href":"https:\/\/api.w.org\/{rel}","templated":true}]}}