{"id":4720,"date":"2025-12-14T17:08:19","date_gmt":"2025-12-14T16:08:19","guid":{"rendered":"https:\/\/agora.xtec.cat\/zerespernallac\/?page_id=4720"},"modified":"2025-12-14T17:17:07","modified_gmt":"2025-12-14T16:17:07","slug":"on-som-1","status":"publish","type":"page","link":"https:\/\/agora.xtec.cat\/zerespernallac\/escola-ramongombal\/on-som-1\/","title":{"rendered":"On som"},"content":{"rendered":"<p style=\"color: #666666;\"><strong>Escola Ramon Gombal<\/strong><br \/>Pla\u00e7a del Roser s\/n<br \/>25335 Penelles<\/p>\n<p style=\"color: #666666;\">973\/610.575<br \/><span style=\"color: #0000ff;\">c5003551@xtec.cat<\/span><\/p>\n<p>\u00a0<iframe loading=\"lazy\" style=\"border: 0;\" src=\"https:\/\/www.google.com\/maps\/embed?pb=!1m18!1m12!1m3!1d2976.2770208987436!2d0.9648461154373491!3d41.75768477923193!2m3!1f0!2f0!3f0!3m2!1i1024!2i768!4f13.1!3m3!1m2!1s0x0%3A0x69aca1d86983d33b!2sEscola+Ramon+Gombal!5e0!3m2!1sca!2sus!4v1451247941678\" width=\"600\" height=\"450\" frameborder=\"0\" allowfullscreen=\"allowfullscreen\"><\/iframe><\/p>\n<p><span style=\"color: #993366;\"><strong>Situaci\u00f3 del municipi<\/strong><\/span><\/p>\n<p style=\"text-align: justify;\">Penelles es troba situat al sud-est de la comarca de La Noguera, al l\u00edmit\u00a0 amb la comarca de L\u2019Urgell, entre Bellmunt i Castellser\u00e0. Amb una altitud de 276 m el municipi compr\u00e8n, a m\u00e9s del poble de Penelles, altres nuclis de poblaci\u00f3: el Castell del Remei, Almassor, els Falcons, Torreneral, Bellestar i la granja Sant Vicen\u00e7 Ferrer.<\/p>\n<p style=\"text-align: justify;\">El terme de 25,37 Km2 d\u2019extensi\u00f3, \u00e9s de regadiu, i es troba regat per diverses s\u00e8quies del canal d\u2019Urgell. El relleu del terme \u00e9s pla i nom\u00e9s es veu trencat per alguns petits turons.<\/p>\n\n\n<p><\/p>\n","protected":false},"excerpt":{"rendered":"<p>Escola Ramon GombalPla\u00e7a del Roser s\/n25335 Penelles 973\/610.575c5003551@xtec.cat \u00a0 Situaci\u00f3 del municipi Penelles es troba situat al sud-est de la comarca de La Noguera, al l\u00edmit\u00a0 amb la comarca de L\u2019Urgell, entre Bellmunt i Castellser\u00e0. Amb una altitud de 276 m el municipi compr\u00e8n, a m\u00e9s del poble de Penelles, altres nuclis de poblaci\u00f3: el [&hellip;]<\/p>\n","protected":false},"author":1,"featured_media":0,"parent":268,"menu_order":0,"comment_status":"closed","ping_status":"close","template":"","meta":{"_bbp_topic_count":0,"_bbp_reply_count":0,"_bbp_total_topic_count":0,"_bbp_total_reply_count":0,"_bbp_voice_count":0,"_bbp_anonymous_reply_count":0,"_bbp_topic_count_hidden":0,"_bbp_reply_count_hidden":0,"_bbp_forum_subforum_count":0,"site-sidebar-layout":"default","site-content-layout":"","ast-site-content-layout":"default","site-content-style":"default","site-sidebar-style":"default","ast-global-header-display":"","ast-banner-title-visibility":"","ast-main-header-display":"","ast-hfb-above-header-display":"","ast-hfb-below-header-display":"","ast-hfb-mobile-header-display":"","site-post-title":"","ast-breadcrumbs-content":"","ast-featured-img":"","footer-sml-layout":"","theme-transparent-header-meta":"","adv-header-id-meta":"","stick-header-meta":"","header-above-stick-meta":"","header-main-stick-meta":"","header-below-stick-meta":"","astra-migrate-meta-layouts":"set","ast-page-background-enabled":"default","ast-page-background-meta":{"desktop":{"background-color":"var(--ast-global-color-4)","background-image":"","background-repeat":"repeat","background-position":"center center","background-size":"auto","background-attachment":"scroll","background-type":"","background-media":"","overlay-type":"","overlay-color":"","overlay-opacity":"","overlay-gradient":""},"tablet":{"background-color":"","background-image":"","background-repeat":"repeat","background-position":"center center","background-size":"auto","background-attachment":"scroll","background-type":"","background-media":"","overlay-type":"","overlay-color":"","overlay-opacity":"","overlay-gradient":""},"mobile":{"background-color":"","background-image":"","background-repeat":"repeat","background-position":"center center","background-size":"auto","background-attachment":"scroll","background-type":"","background-media":"","overlay-type":"","overlay-color":"","overlay-opacity":"","overlay-gradient":""}},"ast-content-background-meta":{"desktop":{"background-color":"var(--ast-global-color-5)","background-image":"","background-repeat":"repeat","background-position":"center center","background-size":"auto","background-attachment":"scroll","background-type":"","background-media":"","overlay-type":"","overlay-color":"","overlay-opacity":"","overlay-gradient":""},"tablet":{"background-color":"var(--ast-global-color-5)","background-image":"","background-repeat":"repeat","background-position":"center center","background-size":"auto","background-attachment":"scroll","background-type":"","background-media":"","overlay-type":"","overlay-color":"","overlay-opacity":"","overlay-gradient":""},"mobile":{"background-color":"var(--ast-global-color-5)","background-image":"","background-repeat":"repeat","background-position":"center center","background-size":"auto","background-attachment":"scroll","background-type":"","background-media":"","overlay-type":"","overlay-color":"","overlay-opacity":"","overlay-gradient":""}},"footnotes":""},"class_list":["post-4720","page","type-page","status-publish","hentry"],"post_mailing_queue_ids":[],"_links":{"self":[{"href":"https:\/\/agora.xtec.cat\/zerespernallac\/wp-json\/wp\/v2\/pages\/4720","targetHints":{"allow":["GET"]}}],"collection":[{"href":"https:\/\/agora.xtec.cat\/zerespernallac\/wp-json\/wp\/v2\/pages"}],"about":[{"href":"https:\/\/agora.xtec.cat\/zerespernallac\/wp-json\/wp\/v2\/types\/page"}],"author":[{"embeddable":true,"href":"https:\/\/agora.xtec.cat\/zerespernallac\/wp-json\/wp\/v2\/users\/1"}],"replies":[{"embeddable":true,"href":"https:\/\/agora.xtec.cat\/zerespernallac\/wp-json\/wp\/v2\/comments?post=4720"}],"version-history":[{"count":3,"href":"https:\/\/agora.xtec.cat\/zerespernallac\/wp-json\/wp\/v2\/pages\/4720\/revisions"}],"predecessor-version":[{"id":4731,"href":"https:\/\/agora.xtec.cat\/zerespernallac\/wp-json\/wp\/v2\/pages\/4720\/revisions\/4731"}],"up":[{"embeddable":true,"href":"https:\/\/agora.xtec.cat\/zerespernallac\/wp-json\/wp\/v2\/pages\/268"}],"wp:attachment":[{"href":"https:\/\/agora.xtec.cat\/zerespernallac\/wp-json\/wp\/v2\/media?parent=4720"}],"curies":[{"name":"wp","href":"https:\/\/api.w.org\/{rel}","templated":true}]}}