{"id":2813,"date":"2025-07-25T10:03:58","date_gmt":"2025-07-25T08:03:58","guid":{"rendered":"https:\/\/agora.xtec.cat\/zereral\/?page_id=2813"},"modified":"2025-07-25T10:23:58","modified_gmt":"2025-07-25T08:23:58","slug":"la-zer","status":"publish","type":"page","link":"https:\/\/agora.xtec.cat\/zereral\/la-zer\/","title":{"rendered":"La ZER"},"content":{"rendered":"<p><a href=\"https:\/\/agora.xtec.cat\/zereral\/wp-content\/uploads\/usu677\/2025\/07\/era.png\"><img loading=\"lazy\" decoding=\"async\" class=\"alignnone size-full wp-image-2817\" src=\"https:\/\/agora.xtec.cat\/zereral\/wp-content\/uploads\/usu677\/2025\/07\/era.png\" alt=\"\" width=\"1016\" height=\"280\" srcset=\"https:\/\/agora.xtec.cat\/zereral\/wp-content\/uploads\/usu677\/2025\/07\/era.png 1016w, https:\/\/agora.xtec.cat\/zereral\/wp-content\/uploads\/usu677\/2025\/07\/era-300x83.png 300w, https:\/\/agora.xtec.cat\/zereral\/wp-content\/uploads\/usu677\/2025\/07\/era-768x212.png 768w\" sizes=\"auto, (max-width: 1016px) 100vw, 1016px\" \/><\/a><\/p>\n<p>L\u2019origen del nom de la ZER l\u2019Eral, etimol\u00f2gicament parlant, prov\u00e9 de les anomenades Eres on es batia l\u2019ordi i el blat. Totes les fam\u00edlies tenien una Era. Ara ja han anat desapareixent, per\u00f2 el nom de la ZER l\u2019Eral en guarda un record d\u2019un passat i d\u2019una realitat rural d\u2019aquesta terra del sud del Segri\u00e0.<\/p>\n<p>La ZER l\u2019Eral es troba situada al sud-est de la comarca del Segri\u00e0. Est\u00e0 formada per cinc escoles rurals: l\u2019escola \u201cLa Dula\u201d d\u2019Alcan\u00f3, l\u2019escola d\u2019Alf\u00e9s, l\u2019escola \u201cla Roca\u201d de Sarroca de Lleida (que n\u2019\u00e9s la seu), l\u2019escola de Sunyer i l\u2019escola de Torrebesses. Aquesta uni\u00f3 d\u2019escoles fou creada el curs 1997-1998.<\/p>\n<p>Tots aquests pobles estan situats sobre la plataforma garriguenca de la comarca del Segri\u00e0. En conjunt, mirant les caracter\u00edstiques dels seus conreus, tenen moltes semblances als pobles garriguencs. La proximitat de la capital de la comarca, Lleida, aix\u00ed com la facilitat de comunicacions, ha fet que tradicionalment aquests pobles siguin del Segri\u00e0.<\/p>\n<p>Els municipis pertanyents a cada escola tenen una mitjana de 300 habitants i la seva economia s\u2019ha basat tradicionalment en el conreu de sec\u00e0, la ind\u00fastria agr\u00edcola, ramadera i en la ind\u00fastria agroaliment\u00e0ria. En aquest context, l\u2019establiment de la ZER recull l\u2019esperit i les necessitats de cinc escoles i cinc pobles molt semblants, equidistants uns 10km de mitjana. La tipologia de les escoles d\u2019aquests pobles \u00e9s tamb\u00e9 molt similar: escoles amb dues mestres de plantilla.<\/p>\n","protected":false},"excerpt":{"rendered":"<p>L\u2019origen del nom de la ZER l\u2019Eral, etimol\u00f2gicament parlant, prov\u00e9 de les anomenades Eres on es batia l\u2019ordi i el blat. Totes les fam\u00edlies tenien una Era. Ara ja han anat desapareixent, per\u00f2 el nom de la ZER l\u2019Eral en guarda un record d\u2019un passat i d\u2019una realitat rural d\u2019aquesta terra del sud del Segri\u00e0. [&hellip;]<\/p>\n","protected":false},"author":1,"featured_media":0,"parent":0,"menu_order":0,"comment_status":"closed","ping_status":"closed","template":"","meta":{"_bbp_topic_count":0,"_bbp_reply_count":0,"_bbp_total_topic_count":0,"_bbp_total_reply_count":0,"_bbp_voice_count":0,"_bbp_anonymous_reply_count":0,"_bbp_topic_count_hidden":0,"_bbp_reply_count_hidden":0,"_bbp_forum_subforum_count":0,"site-sidebar-layout":"default","site-content-layout":"","ast-site-content-layout":"default","site-content-style":"default","site-sidebar-style":"default","ast-global-header-display":"","ast-banner-title-visibility":"","ast-main-header-display":"","ast-hfb-above-header-display":"","ast-hfb-below-header-display":"","ast-hfb-mobile-header-display":"","site-post-title":"","ast-breadcrumbs-content":"","ast-featured-img":"","footer-sml-layout":"","theme-transparent-header-meta":"default","adv-header-id-meta":"","stick-header-meta":"","header-above-stick-meta":"","header-main-stick-meta":"","header-below-stick-meta":"","astra-migrate-meta-layouts":"set","ast-page-background-enabled":"default","ast-page-background-meta":{"desktop":{"background-color":"var(--ast-global-color-4)","background-image":"","background-repeat":"repeat","background-position":"center center","background-size":"auto","background-attachment":"scroll","background-type":"","background-media":"","overlay-type":"","overlay-color":"","overlay-opacity":"","overlay-gradient":""},"tablet":{"background-color":"","background-image":"","background-repeat":"repeat","background-position":"center center","background-size":"auto","background-attachment":"scroll","background-type":"","background-media":"","overlay-type":"","overlay-color":"","overlay-opacity":"","overlay-gradient":""},"mobile":{"background-color":"","background-image":"","background-repeat":"repeat","background-position":"center center","background-size":"auto","background-attachment":"scroll","background-type":"","background-media":"","overlay-type":"","overlay-color":"","overlay-opacity":"","overlay-gradient":""}},"ast-content-background-meta":{"desktop":{"background-color":"var(--ast-global-color-5)","background-image":"","background-repeat":"repeat","background-position":"center center","background-size":"auto","background-attachment":"scroll","background-type":"","background-media":"","overlay-type":"","overlay-color":"","overlay-opacity":"","overlay-gradient":""},"tablet":{"background-color":"var(--ast-global-color-5)","background-image":"","background-repeat":"repeat","background-position":"center center","background-size":"auto","background-attachment":"scroll","background-type":"","background-media":"","overlay-type":"","overlay-color":"","overlay-opacity":"","overlay-gradient":""},"mobile":{"background-color":"var(--ast-global-color-5)","background-image":"","background-repeat":"repeat","background-position":"center center","background-size":"auto","background-attachment":"scroll","background-type":"","background-media":"","overlay-type":"","overlay-color":"","overlay-opacity":"","overlay-gradient":""}},"footnotes":""},"class_list":["post-2813","page","type-page","status-publish","hentry"],"post_mailing_queue_ids":[],"_links":{"self":[{"href":"https:\/\/agora.xtec.cat\/zereral\/wp-json\/wp\/v2\/pages\/2813","targetHints":{"allow":["GET"]}}],"collection":[{"href":"https:\/\/agora.xtec.cat\/zereral\/wp-json\/wp\/v2\/pages"}],"about":[{"href":"https:\/\/agora.xtec.cat\/zereral\/wp-json\/wp\/v2\/types\/page"}],"author":[{"embeddable":true,"href":"https:\/\/agora.xtec.cat\/zereral\/wp-json\/wp\/v2\/users\/1"}],"replies":[{"embeddable":true,"href":"https:\/\/agora.xtec.cat\/zereral\/wp-json\/wp\/v2\/comments?post=2813"}],"version-history":[{"count":4,"href":"https:\/\/agora.xtec.cat\/zereral\/wp-json\/wp\/v2\/pages\/2813\/revisions"}],"predecessor-version":[{"id":2819,"href":"https:\/\/agora.xtec.cat\/zereral\/wp-json\/wp\/v2\/pages\/2813\/revisions\/2819"}],"wp:attachment":[{"href":"https:\/\/agora.xtec.cat\/zereral\/wp-json\/wp\/v2\/media?parent=2813"}],"curies":[{"name":"wp","href":"https:\/\/api.w.org\/{rel}","templated":true}]}}