{"id":266,"date":"2015-07-20T13:08:55","date_gmt":"2015-07-20T12:08:55","guid":{"rendered":"http:\/\/agora.xtec.cat\/zeremporda\/?page_id=266"},"modified":"2026-01-20T10:38:33","modified_gmt":"2026-01-20T09:38:33","slug":"escola-garrigas","status":"publish","type":"page","link":"https:\/\/agora.xtec.cat\/zeremporda\/escola-garrigas\/","title":{"rendered":"Escola de Garrig\u00e0s"},"content":{"rendered":"<p><span style=\"font-weight: 400;\">L\u2019escola de <\/span><a href=\"http:\/\/webspobles2.ddgi.cat\/garrigas\/\"><span style=\"font-weight: 400;\">Garrig\u00e0s<\/span><\/a><span style=\"font-weight: 400;\"> est\u00e0 situada en un petit promontori amb unes vistes fant\u00e0stiques cap a la plana de l\u2019Empord\u00e0 davant del centre c\u00edvic, al costat del dispensari m\u00e8dic, de la sala U d&#8217;octubre, de l\u2019Ajuntament i de la piscina.<\/span><\/p>\n<p>L\u2019escola disposa de servei d&#8217;acollida de mat\u00ed i de tarda, de menjador i d&#8217;activitats extraescolars.<\/p>\n<p>Actualment al centre hi ha 38 alumnes agrupats en 3 comunitats:<\/p>\n<p>\u2013 Comunitat petits: 9 alumnes (mestra: Blanca Montaner)<\/p>\n<p>\u2013 Comunitat mitjans: 13 alumnes (mestra: M\u00f2nica Ayats )<\/p>\n<p>\u2013 Comunitat grans: 16 alumnes (mestra: Alba Bleisa)<\/p>\n<p>&#8211; Mestra de suport: Noem\u00ed Merenciano<\/p>\n<p>&#8211; Personal d&#8217;atenci\u00f3 educativa: Irene M\u00e9ndez<\/p>\n<p>Podeu consultar les nostres publicacions a <a href=\"https:\/\/www.instagram.com\/escolagarrigas\/\">INSTAGRAM.<\/a><\/p>\n<p>DADES DE L&#8217;ESCOLA<\/p>\n<p><strong>C\/ Gran 26, 17476 Garrig\u00e0s (Girona)<\/strong><\/p>\n<p><strong>Contacte: 972 547 465 &#8211; 634 763 983 \/\/ b7001371@xtec.cat<\/strong><\/p>\n<p><strong>Directora: Blanca Montaner Sancho<\/strong><\/p>\n","protected":false},"excerpt":{"rendered":"<p>L\u2019escola de <a href=\"http:\/\/webspobles2.ddgi.cat\/garrigas\/\">Garrig\u00e0s<\/a> est\u00e0 situada en un petit promontori amb unes vistes fant\u00e0stiques cap a la plana de l\u2019Empord\u00e0 davant del centre c\u00edvic, al costat del dispensari m\u00e8dic, de la sala U d&#8217;octubre, de l\u2019Ajuntament i de la piscina.<br \/>\nL\u2019escola disposa de servei d&#8217;acollida de&hellip;  <a href=\"https:\/\/agora.xtec.cat\/zeremporda\/escola-garrigas\/\" title=\"Read Escola de Garrig\u00e0s\">Llegeix m\u00e9s\u00bb<\/a><\/p>\n","protected":false},"author":1,"featured_media":0,"parent":0,"menu_order":0,"comment_status":"closed","ping_status":"closed","template":"page-templates\/side-menu.php","meta":{"_bbp_topic_count":0,"_bbp_reply_count":0,"_bbp_total_topic_count":0,"_bbp_total_reply_count":0,"_bbp_voice_count":0,"_bbp_anonymous_reply_count":0,"_bbp_topic_count_hidden":0,"_bbp_reply_count_hidden":0,"_bbp_forum_subforum_count":0,"footnotes":""},"class_list":["post-266","page","type-page","status-publish","hentry"],"post_mailing_queue_ids":[],"_links":{"self":[{"href":"https:\/\/agora.xtec.cat\/zeremporda\/wp-json\/wp\/v2\/pages\/266","targetHints":{"allow":["GET"]}}],"collection":[{"href":"https:\/\/agora.xtec.cat\/zeremporda\/wp-json\/wp\/v2\/pages"}],"about":[{"href":"https:\/\/agora.xtec.cat\/zeremporda\/wp-json\/wp\/v2\/types\/page"}],"author":[{"embeddable":true,"href":"https:\/\/agora.xtec.cat\/zeremporda\/wp-json\/wp\/v2\/users\/1"}],"replies":[{"embeddable":true,"href":"https:\/\/agora.xtec.cat\/zeremporda\/wp-json\/wp\/v2\/comments?post=266"}],"version-history":[{"count":6,"href":"https:\/\/agora.xtec.cat\/zeremporda\/wp-json\/wp\/v2\/pages\/266\/revisions"}],"predecessor-version":[{"id":1611,"href":"https:\/\/agora.xtec.cat\/zeremporda\/wp-json\/wp\/v2\/pages\/266\/revisions\/1611"}],"wp:attachment":[{"href":"https:\/\/agora.xtec.cat\/zeremporda\/wp-json\/wp\/v2\/media?parent=266"}],"curies":[{"name":"wp","href":"https:\/\/api.w.org\/{rel}","templated":true}]}}

Escola de Garrigàs

<p><span style="font-weight: 400;">L’escola de </span><a href="http://webspobles2.ddgi.cat/garrigas/"><span style="font-weight: 400;">Garrigàs</span></a><span style="font-weight: 400;"> està situada en un petit promontori amb unes vistes fantàstiques cap a la plana de l’Empordà davant del centre cívic, al costat del dispensari mèdic, de la sala U d&#8217;octubre, de l’Ajuntament i de la piscina.</span></p>
<p>L’escola disposa de servei d&#8217;acollida de matí i de tarda, de menjador i d&#8217;activitats extraescolars.</p>
<p>Actualment al centre hi ha 38 alumnes agrupats en 3 comunitats:</p>
<p>– Comunitat petits: 9 alumnes (mestra: Blanca Montaner)</p>
<p>– Comunitat mitjans: 13 alumnes (mestra: Mònica Ayats )</p>
<p>– Comunitat grans: 16 alumnes (mestra: Alba Bleisa)</p>
<p>&#8211; Mestra de suport: Noemí Merenciano</p>
<p>&#8211; Personal d&#8217;atenció educativa: Irene Méndez</p>
<p>Podeu consultar les nostres publicacions a <a href="https://www.instagram.com/escolagarrigas/">INSTAGRAM.</a></p>
<p>DADES DE L&#8217;ESCOLA</p>
<p><strong>C/ Gran 26, 17476 Garrigàs (Girona)</strong></p>
<p><strong>Contacte: 972 547 465 &#8211; 634 763 983 // b7001371@xtec.cat</strong></p>
<p><strong>Directora: Blanca Montaner Sancho</strong></p>

<p>L’escola de <a href="http://webspobles2.ddgi.cat/garrigas/">Garrigàs</a> està situada en un petit promontori amb unes vistes fantàstiques cap a la plana de l’Empordà davant del centre cívic, al costat del dispensari mèdic, de la sala U d&#8217;octubre, de l’Ajuntament i de la piscina.<br />
L’escola disposa de servei d&#8217;acollida de&hellip;  <a href="https://agora.xtec.cat/zeremporda/escola-garrigas/" title="Read Escola de Garrigàs">Llegeix més»</a></p>
