{"id":19,"date":"2014-09-17T14:56:56","date_gmt":"2014-09-17T14:56:56","guid":{"rendered":"http:\/\/agora.xtec.cat\/zeremporda\/?page_id=19"},"modified":"2025-07-21T10:47:53","modified_gmt":"2025-07-21T08:47:53","slug":"zer","status":"publish","type":"page","link":"https:\/\/agora.xtec.cat\/zeremporda\/","title":{"rendered":"La ZER Empord\u00e0, una comunitat en constant aprenentatge"},"content":{"rendered":"<p><b>QUI SOM LA\u00a0 ZER EMPORD\u00c0?<\/b><\/p>\n<p><span style=\"font-weight: 400;\">\u00a0 \u00a0L\u2019agrupaci\u00f3 escolar rural Empord\u00e0 est\u00e0 formada per <strong>5 escoles<\/strong>. Som <\/span><span style=\"font-weight: 400;\">les escoles de Cistella, Garrig\u00e0s, Palau de Santa Eul\u00e0lia, Pont de Molins i Vilanant. Totes les escoles de la ZER ens trobem en pobles rurals petits al voltant de Figueres, la capital de l\u2019Alt Empord\u00e0. Actualment, la ZER t\u00e9 un total de 150 alumnes i 24 docents.\u00a0<\/span><\/p>\n<p><span style=\"font-weight: 400;\">\u00a0\u00a0<em>\u00a0Les nostres escoles s\u00f3n p\u00fabliques, petites i de poble<\/em>.\u00a0 El nostre <strong>entorn natural \u00e9s un recurs ric<\/strong> i molt proper, ple de possibilitats educatives. Alguns dels nostres pobles estan considerats micropobles i per aix\u00f2 la diversitat de recursos culturals i de teixit social \u00e9s m\u00e9s limitada que en una ciutat, per aix\u00f2 es genera la necessitat de convertir les nostres escoles en una verdadera comunitat que apr\u00e8n, i que esdev\u00e9 motor cultural del propi municipi. Si a l&#8217;escola com a motor cultural i de canvi li sumem el treball en xarxa que ens ofereix la ZER, s&#8217;esdev\u00e9 una vertadera oportunitat de teixir una gran comunitat que col\u00b7labora, apr\u00e8n i interv\u00e9 en un context natural i social tan interessant com \u00e9s l&#8217;Empord\u00e0.<\/span><\/p>\n<p><b>COM ENTENEM LES NOSTRES ESCOLES?<\/b><\/p>\n<p><span style=\"font-weight: 400;\">Entenem l\u2019escola com un <strong>espai de benestar<\/strong>, generador de salut des d\u2019una visi\u00f3 hol\u00edstica. Alhora tamb\u00e9 com un context de desenvolupament integral de l\u2019infant, i com un motor cultural i de canvi a la pr\u00f2pia comunitat educativa. Una comunitat que es nodreix de l\u2019escola i nodreix la pr\u00f2pia escola, i que treballa conjuntament amb un horitz\u00f3 com\u00fa: oferir als infants oportunitats significatives que els ajudin a construir-se a s\u00ed mateixos des d\u2019una perspectiva humana, democr\u00e0tica, cr\u00edtica, solid\u00e0ria i respectuosa amb la diversitat. Somiem unes <em>escoles amables, obertes, que afavoreixen m\u00faltiples contextos comunicatius, amb reptes constants que contribueixen a <\/em><\/span><span style=\"font-weight: 400;\"><em>la investigaci\u00f3, al coneixement profund de la cultura i de l\u2019entorn<\/em> , comen\u00e7ant pel context m\u00e9s proper fins arribar a una visi\u00f3 global i planet\u00e0ria, que ajudi a formar-se com a ciutadans proactius, amb capacitat de treball en equip, i amb uns recursos diversificats, de qualitat i ajustats als nous reptes. Somiem amb una escola que integri la diversitat com a font de riquesa i que acompanyi els processos individuals de forma respectuosa i personalitzada.<\/span><\/p>\n<p><strong>COM \u00c9S EL NOSTRE PROJECTE EDUCATIU?<\/strong><\/p>\n<p>El projecte educatiu de la ZER Empord\u00e0 es desenvolupa a partir d&#8217;una metodologia globalitzada, que parteix de situacions d&#8217;aprenentatge que contribueixen a connectar les propostes amb els interessos cognitius, emocionals i socials dels infants i les necessitats sorgides en el context proper.<\/p>\n<p>A partir d&#8217;aquest marc globalitzador, els <strong>Microambients a les comunitats de petits<\/strong> i el <strong>Projecte entorn a les comunitats de mitjans i grans<\/strong>, ens permeten connectar les diferents \u00e0rees de coneixement per arribar a un aprenentatge amb sentit. Microambients i projectes engloben sobretot les \u00e0rees de descoberta del medi natural i social, les lleng\u00fces, entenent-les com una eina de desenvolupament i descoberta d&#8217;un mateix, de l&#8217;altre i del m\u00f3n, i els valors \u00e8tics, amb una perspectiva dels Objectius de desenvolupament sostenible.<\/p>\n<p><span style=\"font-weight: 400;\"><strong>El projecte Mirades<\/strong> es desplega amb l\u2019objectiu d\u2019ac<\/span><span style=\"font-weight: 400;\">ompanyar a l\u2019infant en el seu desenvolupament integral, des d\u2019una dimensi\u00f3 d\u2019identitat personal, de gesti\u00f3 emocional, de relacions socials i de valors \u00e8tics. I ho fa amb l&#8217;art com a mitj\u00e0 d&#8217;expressi\u00f3 i com a recurs que ens ajuda a construir pensament propi i esperit cr\u00edtic. <\/span>L&#8217;<strong>e<\/strong><i style=\"font-weight: bold;\">spai de Cercles<\/i><span style=\"font-weight: 400;\">,\u00a0 contribueix a la participaci\u00f3 democr\u00e0tica, a la comunicaci\u00f3 assertiva i a l\u2019escolta activa, des d&#8217;una mirada de la ter\u00e0pia restaurativa.<\/span><\/p>\n<p>I per \u00faltim, l&#8217;<strong>avaluaci\u00f3 i el seguiment del pla personal de cada infant<\/strong>, ens permet fer un constant feedback tant pel que fa als alumnes com a la pr\u00e0ctica docent, que ajuda a entendre l&#8217;avaluaci\u00f3 com a part fonamental de l&#8217;aprenentatge.<\/p>\n<p style=\"text-align: center;\"><a href=\"https:\/\/drive.google.com\/file\/d\/1e8kUbT8Vr9NfSvBygsIA1PJ4nSm3JhAf\/view?usp=drive_link\">MARC PEDAG\u00d2GIC ZER EMPORD\u00c0\u00a0<\/a><\/p>\n<p><img loading=\"lazy\" decoding=\"async\" class=\"aligncenter size-full wp-image-1201\" src=\"https:\/\/agora.xtec.cat\/zeremporda\/wp-content\/uploads\/usu2230\/2023\/07\/IDENTITATS-GRAFICS.png\" alt=\"\" width=\"1024\" height=\"768\" srcset=\"https:\/\/agora.xtec.cat\/zeremporda\/wp-content\/uploads\/usu2230\/2023\/07\/IDENTITATS-GRAFICS.png 1024w, https:\/\/agora.xtec.cat\/zeremporda\/wp-content\/uploads\/usu2230\/2023\/07\/IDENTITATS-GRAFICS-300x225.png 300w, https:\/\/agora.xtec.cat\/zeremporda\/wp-content\/uploads\/usu2230\/2023\/07\/IDENTITATS-GRAFICS-768x576.png 768w, https:\/\/agora.xtec.cat\/zeremporda\/wp-content\/uploads\/usu2230\/2023\/07\/IDENTITATS-GRAFICS-200x150.png 200w\" sizes=\"auto, (max-width: 1024px) 100vw, 1024px\" \/><\/p>\n<p>&nbsp;<\/p>\n<p>&nbsp;<\/p>\n<p>&nbsp;<\/p>\n","protected":false},"excerpt":{"rendered":"<p>QUI SOM LA\u00a0 ZER EMPORD\u00c0?<br \/>\n\u00a0 \u00a0L\u2019agrupaci\u00f3 escolar rural Empord\u00e0 est\u00e0 formada per 5 escoles. Som les escoles de Cistella, Garrig\u00e0s, Palau de Santa Eul\u00e0lia, Pont de Molins i Vilanant. Totes les escoles de la ZER ens trobem en pobles rurals petits al voltant de Figueres,&hellip;  <a href=\"https:\/\/agora.xtec.cat\/zeremporda\/\" title=\"Read La ZER Empord\u00e0, una comunitat en constant aprenentatge\">Llegeix m\u00e9s\u00bb<\/a><\/p>\n","protected":false},"author":1,"featured_media":0,"parent":0,"menu_order":0,"comment_status":"closed","ping_status":"closed","template":"page-templates\/side-menu.php","meta":{"_bbp_topic_count":0,"_bbp_reply_count":0,"_bbp_total_topic_count":0,"_bbp_total_reply_count":0,"_bbp_voice_count":0,"_bbp_anonymous_reply_count":0,"_bbp_topic_count_hidden":0,"_bbp_reply_count_hidden":0,"_bbp_forum_subforum_count":0,"footnotes":""},"class_list":["post-19","page","type-page","status-publish","hentry"],"post_mailing_queue_ids":[],"_links":{"self":[{"href":"https:\/\/agora.xtec.cat\/zeremporda\/wp-json\/wp\/v2\/pages\/19","targetHints":{"allow":["GET"]}}],"collection":[{"href":"https:\/\/agora.xtec.cat\/zeremporda\/wp-json\/wp\/v2\/pages"}],"about":[{"href":"https:\/\/agora.xtec.cat\/zeremporda\/wp-json\/wp\/v2\/types\/page"}],"author":[{"embeddable":true,"href":"https:\/\/agora.xtec.cat\/zeremporda\/wp-json\/wp\/v2\/users\/1"}],"replies":[{"embeddable":true,"href":"https:\/\/agora.xtec.cat\/zeremporda\/wp-json\/wp\/v2\/comments?post=19"}],"version-history":[{"count":4,"href":"https:\/\/agora.xtec.cat\/zeremporda\/wp-json\/wp\/v2\/pages\/19\/revisions"}],"predecessor-version":[{"id":1534,"href":"https:\/\/agora.xtec.cat\/zeremporda\/wp-json\/wp\/v2\/pages\/19\/revisions\/1534"}],"wp:attachment":[{"href":"https:\/\/agora.xtec.cat\/zeremporda\/wp-json\/wp\/v2\/media?parent=19"}],"curies":[{"name":"wp","href":"https:\/\/api.w.org\/{rel}","templated":true}]}}

La ZER Empordà, una comunitat en constant aprenentatge

<p><b>QUI SOM LA  ZER EMPORDÀ?</b></p>
<p><span style="font-weight: 400;">   L’agrupació escolar rural Empordà està formada per <strong>5 escoles</strong>. Som </span><span style="font-weight: 400;">les escoles de Cistella, Garrigàs, Palau de Santa Eulàlia, Pont de Molins i Vilanant. Totes les escoles de la ZER ens trobem en pobles rurals petits al voltant de Figueres, la capital de l’Alt Empordà. Actualment, la ZER té un total de 150 alumnes i 24 docents. </span></p>
<p><span style="font-weight: 400;">  <em> Les nostres escoles són públiques, petites i de poble</em>.  El nostre <strong>entorn natural és un recurs ric</strong> i molt proper, ple de possibilitats educatives. Alguns dels nostres pobles estan considerats micropobles i per això la diversitat de recursos culturals i de teixit social és més limitada que en una ciutat, per això es genera la necessitat de convertir les nostres escoles en una verdadera comunitat que aprèn, i que esdevé motor cultural del propi municipi. Si a l&#8217;escola com a motor cultural i de canvi li sumem el treball en xarxa que ens ofereix la ZER, s&#8217;esdevé una vertadera oportunitat de teixir una gran comunitat que col·labora, aprèn i intervé en un context natural i social tan interessant com és l&#8217;Empordà.</span></p>
<p><b>COM ENTENEM LES NOSTRES ESCOLES?</b></p>
<p><span style="font-weight: 400;">Entenem l’escola com un <strong>espai de benestar</strong>, generador de salut des d’una visió holística. Alhora també com un context de desenvolupament integral de l’infant, i com un motor cultural i de canvi a la pròpia comunitat educativa. Una comunitat que es nodreix de l’escola i nodreix la pròpia escola, i que treballa conjuntament amb un horitzó comú: oferir als infants oportunitats significatives que els ajudin a construir-se a sí mateixos des d’una perspectiva humana, democràtica, crítica, solidària i respectuosa amb la diversitat. Somiem unes <em>escoles amables, obertes, que afavoreixen múltiples contextos comunicatius, amb reptes constants que contribueixen a </em></span><span style="font-weight: 400;"><em>la investigació, al coneixement profund de la cultura i de l’entorn</em> , començant pel context més proper fins arribar a una visió global i planetària, que ajudi a formar-se com a ciutadans proactius, amb capacitat de treball en equip, i amb uns recursos diversificats, de qualitat i ajustats als nous reptes. Somiem amb una escola que integri la diversitat com a font de riquesa i que acompanyi els processos individuals de forma respectuosa i personalitzada.</span></p>
<p><strong>COM ÉS EL NOSTRE PROJECTE EDUCATIU?</strong></p>
<p>El projecte educatiu de la ZER Empordà es desenvolupa a partir d&#8217;una metodologia globalitzada, que parteix de situacions d&#8217;aprenentatge que contribueixen a connectar les propostes amb els interessos cognitius, emocionals i socials dels infants i les necessitats sorgides en el context proper.</p>
<p>A partir d&#8217;aquest marc globalitzador, els <strong>Microambients a les comunitats de petits</strong> i el <strong>Projecte entorn a les comunitats de mitjans i grans</strong>, ens permeten connectar les diferents àrees de coneixement per arribar a un aprenentatge amb sentit. Microambients i projectes engloben sobretot les àrees de descoberta del medi natural i social, les llengües, entenent-les com una eina de desenvolupament i descoberta d&#8217;un mateix, de l&#8217;altre i del món, i els valors ètics, amb una perspectiva dels Objectius de desenvolupament sostenible.</p>
<p><span style="font-weight: 400;"><strong>El projecte Mirades</strong> es desplega amb l’objectiu d’ac</span><span style="font-weight: 400;">ompanyar a l’infant en el seu desenvolupament integral, des d’una dimensió d’identitat personal, de gestió emocional, de relacions socials i de valors ètics. I ho fa amb l&#8217;art com a mitjà d&#8217;expressió i com a recurs que ens ajuda a construir pensament propi i esperit crític. </span>L&#8217;<strong>e</strong><i style="font-weight: bold;">spai de Cercles</i><span style="font-weight: 400;">,  contribueix a la participació democràtica, a la comunicació assertiva i a l’escolta activa, des d&#8217;una mirada de la teràpia restaurativa.</span></p>
<p>I per últim, l&#8217;<strong>avaluació i el seguiment del pla personal de cada infant</strong>, ens permet fer un constant feedback tant pel que fa als alumnes com a la pràctica docent, que ajuda a entendre l&#8217;avaluació com a part fonamental de l&#8217;aprenentatge.</p>
<p style="text-align: center;"><a href="https://drive.google.com/file/d/1e8kUbT8Vr9NfSvBygsIA1PJ4nSm3JhAf/view?usp=drive_link">MARC PEDAGÒGIC ZER EMPORDÀ </a></p>
<p><img loading="lazy" decoding="async" class="aligncenter size-full wp-image-1201" src="https://agora.xtec.cat/zeremporda/wp-content/uploads/usu2230/2023/07/IDENTITATS-GRAFICS.png" alt="" width="1024" height="768" srcset="https://agora.xtec.cat/zeremporda/wp-content/uploads/usu2230/2023/07/IDENTITATS-GRAFICS.png 1024w, https://agora.xtec.cat/zeremporda/wp-content/uploads/usu2230/2023/07/IDENTITATS-GRAFICS-300x225.png 300w, https://agora.xtec.cat/zeremporda/wp-content/uploads/usu2230/2023/07/IDENTITATS-GRAFICS-768x576.png 768w, https://agora.xtec.cat/zeremporda/wp-content/uploads/usu2230/2023/07/IDENTITATS-GRAFICS-200x150.png 200w" sizes="auto, (max-width: 1024px) 100vw, 1024px" /></p>
<p>&nbsp;</p>
<p>&nbsp;</p>
<p>&nbsp;</p>

<p>QUI SOM LA  ZER EMPORDÀ?<br />
   L’agrupació escolar rural Empordà està formada per 5 escoles. Som les escoles de Cistella, Garrigàs, Palau de Santa Eulàlia, Pont de Molins i Vilanant. Totes les escoles de la ZER ens trobem en pobles rurals petits al voltant de Figueres,&hellip;  <a href="https://agora.xtec.cat/zeremporda/" title="Read La ZER Empordà, una comunitat en constant aprenentatge">Llegeix més»</a></p>
