{"id":4831,"date":"2019-07-11T21:13:31","date_gmt":"2019-07-11T19:13:31","guid":{"rendered":"http:\/\/agora.xtec.cat\/zerelsio\/?page_id=4831"},"modified":"2025-07-10T13:05:11","modified_gmt":"2025-07-10T11:05:11","slug":"setmana-europea-mobilitat","status":"publish","type":"page","link":"https:\/\/agora.xtec.cat\/zerelsio\/activitats\/setmana-europea-mobilitat\/","title":{"rendered":"Setmana Europea Mobilitat"},"content":{"rendered":"<p><a href=\"https:\/\/agora.xtec.cat\/zerelsio\/wp-content\/uploads\/usu567\/2025\/07\/cooltext485687808167408.png\"><img loading=\"lazy\" decoding=\"async\" class=\"alignnone size-full wp-image-17493\" src=\"https:\/\/agora.xtec.cat\/zerelsio\/wp-content\/uploads\/usu567\/2025\/07\/cooltext485687808167408.png\" alt=\"\" width=\"802\" height=\"141\" srcset=\"https:\/\/agora.xtec.cat\/zerelsio\/wp-content\/uploads\/usu567\/2025\/07\/cooltext485687808167408.png 802w, https:\/\/agora.xtec.cat\/zerelsio\/wp-content\/uploads\/usu567\/2025\/07\/cooltext485687808167408-300x53.png 300w, https:\/\/agora.xtec.cat\/zerelsio\/wp-content\/uploads\/usu567\/2025\/07\/cooltext485687808167408-768x135.png 768w\" sizes=\"auto, (max-width: 802px) 100vw, 802px\" \/><\/a><br \/>\n<span style=\"color: #ff0000;\">Pendent d&#8217;actualitzar!<\/span><br \/>\n<iframe loading=\"lazy\" src=\"https:\/\/drive.google.com\/file\/d\/1YviBzNkgqFbKvHbg7g_qrHyAyTM5L1vT\/preview\" width=\"640\" height=\"480\"><\/iframe><\/p>\n<h3>Com cada curs la ZER s&#8217;adhereix a la Setmana Europea de la Mobilitat Sostenible.<\/h3>\n<h2><span style=\"color: #00ff00;\">PARTICIPA-HI! FEM SALUT!<\/span><\/h2>\n<h1><span style=\"color: #ffcc00;\">ANIMA&#8217;T A VENIR AMB NOSALTRES!<\/span><\/h1>\n<blockquote class=\"wp-embedded-content\" data-secret=\"41z8hIVtIZ\"><p><a href=\"https:\/\/agora.xtec.cat\/zerelsio\/general\/setmana-europea-de-la-mobilitat-sostenible-2024\/\">Setmana Europea de la Mobilitat Sostenible 2024<\/a><\/p><\/blockquote>\n<p><iframe loading=\"lazy\" class=\"wp-embedded-content\" sandbox=\"allow-scripts\" security=\"restricted\" style=\"position: absolute; visibility: hidden;\" title=\"&#8220;Setmana Europea de la Mobilitat Sostenible 2024&#8221; &#8212; ZER El Si\u00f3\" src=\"https:\/\/agora.xtec.cat\/zerelsio\/general\/setmana-europea-de-la-mobilitat-sostenible-2024\/embed\/#?secret=nReWMqul6Q#?secret=41z8hIVtIZ\" data-secret=\"41z8hIVtIZ\" width=\"500\" height=\"282\" frameborder=\"0\" marginwidth=\"0\" marginheight=\"0\" scrolling=\"no\"><\/iframe><\/p>\n<p><a href=\"https:\/\/territori.gencat.cat\/ca\/03_infraestructures_i_mobilitat\/sem\/\">https:\/\/territori.gencat.cat\/ca\/03_infraestructures_i_mobilitat\/sem\/<\/a><\/p>\n<div style=\"position: relative; width: 100%; height: 0; padding-top: 177.7778%; padding-bottom: 0; box-shadow: 0 2px 8px 0 rgba(63,69,81,0.16); margin-top: 1.6em; margin-bottom: 0.9em; overflow: hidden; border-radius: 8px; will-change: transform;\"><iframe style=\"position: absolute; width: 100%; height: 100%; top: 0; left: 0; border: none; padding: 0; margin: 0;\" src=\"https:\/\/www.canva.com\/design\/DAGRGgyHQNc\/6Cfiras92PDz4qONXqthhQ\/view?embed\" allowfullscreen=\"allowfullscreen\"><br \/>\n<\/iframe><\/div>\n<p><a href=\"https:\/\/www.canva.com\/design\/DAGRGgyHQNc\/6Cfiras92PDz4qONXqthhQ\/view?utm_content=DAGRGgyHQNc&amp;utm_campaign=designshare&amp;utm_medium=embeds&amp;utm_source=link\" target=\"_blank\" rel=\"noopener\">mobilitat_2024<\/a> de msolduga<\/p>\n<h1><span style=\"color: #ffff00;\">Moltes gr\u00e0cies per l&#8217;organitzaci\u00f3 i la participaci\u00f3!<\/span><\/h1>\n<h3><span style=\"color: #00ff00;\">Setmana cursos anteriors.<\/span><\/h3>\n<ul style=\"list-style-type: square;\">\n<li><a href=\"https:\/\/agora.xtec.cat\/zerelsio\/curs-2024-2025\/setmana-europea-mobilitat-curs-2024-2025\/\">Curs 2024\/2025.<\/a><\/li>\n<li><a href=\"https:\/\/agora.xtec.cat\/zerelsio\/general\/setmana-europea-de-la-mobilitat-sostenible-2023\/\">Curs 2023\/2024<\/a>.<\/li>\n<li><a href=\"https:\/\/agora.xtec.cat\/zerelsio\/general\/imatges-de-lactivitat-de-la-setmana-de-la-mobilitat-sostenible\/\">Curs 2022\/2023<\/a>.<\/li>\n<li><a href=\"https:\/\/agora.xtec.cat\/zerelsio\/curs2021_2022\/setmana-europea-mobilitat-curs-2021\/\">Curs 2021\/2022<\/a>.<\/li>\n<li><a href=\"https:\/\/agora.xtec.cat\/zerelsio\/sortides\/setmana-europea-de-la-mobilitat-sostenible-2020-2021\/\">Curs 2020\/2021<\/a>.<\/li>\n<li><a href=\"https:\/\/agora.xtec.cat\/zerelsio\/curs-2019-2020\/setmana-mobilitat-sostenible-2019\/\">Curs 2019\/2020<\/a>.<\/li>\n<\/ul>\n<h3><span style=\"color: #00ff00;\">Alguns recursos.<\/span><\/h3>\n<p><a href=\"http:\/\/www.racceduca.es\/\"><img loading=\"lazy\" decoding=\"async\" class=\"alignnone size-full wp-image-4839\" src=\"https:\/\/agora.xtec.cat\/zerelsio\/wp-content\/uploads\/usu567\/2019\/07\/RACC.jpg\" alt=\"\" width=\"980\" height=\"320\" srcset=\"https:\/\/agora.xtec.cat\/zerelsio\/wp-content\/uploads\/usu567\/2019\/07\/RACC.jpg 980w, https:\/\/agora.xtec.cat\/zerelsio\/wp-content\/uploads\/usu567\/2019\/07\/RACC-300x98.jpg 300w, https:\/\/agora.xtec.cat\/zerelsio\/wp-content\/uploads\/usu567\/2019\/07\/RACC-768x251.jpg 768w\" sizes=\"auto, (max-width: 980px) 100vw, 980px\" \/><\/a><br \/>\n<a href=\"http:\/\/territori.gencat.cat\/web\/.content\/home\/03_infraestructures_i_mobilitat\/sem\/recursos\/cataleg\/2018_SMSS_Cataleg_centres-educatius.pdf\">Cat\u00e0leg recursos 2018<\/a>.<br \/>\n<a href=\"http:\/\/territori.gencat.cat\/web\/.content\/home\/03_infraestructures_i_mobilitat\/sem\/recursos\/cataleg\/2019-SEM_Cataleg_centres-educatius.pdf\">Cat\u00e0leg recursos 2019<\/a>.<br \/>\n<a href=\"http:\/\/territori.gencat.cat\/ca\/03_infraestructures_i_mobilitat\/sem\/recursos\/\">Altres<\/a>.<\/p>\n","protected":false},"excerpt":{"rendered":"<p><a href=\"https:\/\/agora.xtec.cat\/zerelsio\/wp-content\/uploads\/usu567\/2025\/07\/cooltext485687808167408.png\"><\/a><br \/>\nPendent d&#8217;actualitzar!<\/p>\n<p>Com cada curs la ZER s&#8217;adhereix a la Setmana Europea de la Mobilitat Sostenible.<br \/>\nPARTICIPA-HI! FEM SALUT!<br \/>\nANIMA&#8217;T A VENIR AMB NOSALTRES!<br \/>\n<a href=\"https:\/\/agora.xtec.cat\/zerelsio\/general\/setmana-europea-de-la-mobilitat-sostenible-2024\/\">Setmana Europea de la Mobilitat Sostenible 2024<\/a><\/p>\n<p><a href=\"https:\/\/territori.gencat.cat\/ca\/03_infraestructures_i_mobilitat\/sem\/\">https:\/\/territori.gencat.cat\/ca\/03_infraestructures_i_mobilitat\/sem\/<\/a><\/p>\n<p><a href=\"https:\/\/www.canva.com\/design\/DAGRGgyHQNc\/6Cfiras92PDz4qONXqthhQ\/view?utm_content=DAGRGgyHQNc&amp;utm_campaign=designshare&amp;utm_medium=embeds&amp;utm_source=link\" target=\"_blank\" rel=\"noopener\">mobilitat_2024<\/a> de msolduga<br \/>\nMoltes gr\u00e0cies per l&#8217;organitzaci\u00f3 i la participaci\u00f3!<br \/>\nSetmana cursos anteriors.<\/p>\n<ul style=\"list-style-type: square;\">\n<li><a&hellip;  <a href=\"https:\/\/agora.xtec.cat\/zerelsio\/activitats\/setmana-europea-mobilitat\/\" title=\"Read Setmana Europea Mobilitat\">Llegeix m\u00e9s\u00bb<\/a><br \/>\n","protected":false},"author":3,"featured_media":0,"parent":994,"menu_order":45,"comment_status":"closed","ping_status":"closed","template":"page-templates\/side-menu.php","meta":{"_bbp_topic_count":0,"_bbp_reply_count":0,"_bbp_total_topic_count":0,"_bbp_total_reply_count":0,"_bbp_voice_count":0,"_bbp_anonymous_reply_count":0,"_bbp_topic_count_hidden":0,"_bbp_reply_count_hidden":0,"_bbp_forum_subforum_count":0,"footnotes":""},"class_list":["post-4831","page","type-page","status-publish","hentry"],"post_mailing_queue_ids":[],"_links":{"self":[{"href":"https:\/\/agora.xtec.cat\/zerelsio\/wp-json\/wp\/v2\/pages\/4831","targetHints":{"allow":["GET"]}}],"collection":[{"href":"https:\/\/agora.xtec.cat\/zerelsio\/wp-json\/wp\/v2\/pages"}],"about":[{"href":"https:\/\/agora.xtec.cat\/zerelsio\/wp-json\/wp\/v2\/types\/page"}],"author":[{"embeddable":true,"href":"https:\/\/agora.xtec.cat\/zerelsio\/wp-json\/wp\/v2\/users\/3"}],"replies":[{"embeddable":true,"href":"https:\/\/agora.xtec.cat\/zerelsio\/wp-json\/wp\/v2\/comments?post=4831"}],"version-history":[{"count":6,"href":"https:\/\/agora.xtec.cat\/zerelsio\/wp-json\/wp\/v2\/pages\/4831\/revisions"}],"predecessor-version":[{"id":17520,"href":"https:\/\/agora.xtec.cat\/zerelsio\/wp-json\/wp\/v2\/pages\/4831\/revisions\/17520"}],"up":[{"embeddable":true,"href":"https:\/\/agora.xtec.cat\/zerelsio\/wp-json\/wp\/v2\/pages\/994"}],"wp:attachment":[{"href":"https:\/\/agora.xtec.cat\/zerelsio\/wp-json\/wp\/v2\/media?parent=4831"}],"curies":[{"name":"wp","href":"https:\/\/api.w.org\/{rel}","templated":true}]}}