{"id":1557,"date":"2018-08-10T07:41:00","date_gmt":"2018-08-10T05:41:00","guid":{"rendered":"http:\/\/agora.xtec.cat\/zerelsio\/?page_id=1557"},"modified":"2024-08-25T13:13:24","modified_gmt":"2024-08-25T11:13:24","slug":"digital","status":"publish","type":"page","link":"https:\/\/agora.xtec.cat\/zerelsio\/ambits\/digital\/","title":{"rendered":"Digital (CD)"},"content":{"rendered":"<p><a href=\"https:\/\/agora.xtec.cat\/zerelsio\/wp-content\/uploads\/usu567\/2024\/06\/curs2024_2025.png\"><img loading=\"lazy\" decoding=\"async\" class=\"alignnone size-full wp-image-14402\" src=\"https:\/\/agora.xtec.cat\/zerelsio\/wp-content\/uploads\/usu567\/2024\/06\/curs2024_2025.png\" alt=\"\" width=\"728\" height=\"125\" srcset=\"https:\/\/agora.xtec.cat\/zerelsio\/wp-content\/uploads\/usu567\/2024\/06\/curs2024_2025.png 728w, https:\/\/agora.xtec.cat\/zerelsio\/wp-content\/uploads\/usu567\/2024\/06\/curs2024_2025-300x52.png 300w\" sizes=\"auto, (max-width: 728px) 100vw, 728px\" \/><\/a><\/p>\n<p><a href=\"https:\/\/projectes.xtec.cat\/nou-curriculum\/educacio-basica\/les-competencies-transversals\/\">Compet\u00e8ncies transversals<\/a>. <a href=\"https:\/\/www.canva.com\/design\/DAF-MI2Uiu4\/Sa5tTuwO-HRx5MUNz-MCOg\/view?utm_content=DAF-MI2Uiu4&amp;utm_campaign=designshare&amp;utm_medium=embeds&amp;utm_source=link\">Infografia<\/a>.<\/p>\n<p><iframe loading=\"lazy\" src=\"https:\/\/drive.google.com\/file\/d\/1OLQUJIf7cc_gMkwDCAbC05z-tJuMPS0X\/preview\" width=\"640\" height=\"480\"><\/iframe><\/p>\n<p><iframe loading=\"lazy\" src=\"https:\/\/drive.google.com\/file\/d\/15uv_E509TG-Qgt38qP1RsS-oZ5sW22BW\/preview\" width=\"640\" height=\"480\" data-mce-fragment=\"1\"><\/iframe><br \/>\n<iframe loading=\"lazy\" src=\"https:\/\/drive.google.com\/file\/d\/1OnMTgDfHK2HiPTynfyu1yA9IEye3Rnf1\/preview\" width=\"640\" height=\"480\" data-mce-fragment=\"1\"><\/iframe><br \/>\n<iframe loading=\"lazy\" src=\"https:\/\/drive.google.com\/file\/d\/1U5wp2QSh7DGsjPQzRZ7RAMkTRloW5scg\/preview\" width=\"640\" height=\"480\" allow=\"autoplay\"><\/iframe\n<iframe loading=\"lazy\" src=\"https:\/\/drive.google.com\/file\/d\/1dsZ0qvunl4DN3mLVTnW_w-Ja6yPlHREd\/preview\" width=\"640\" height=\"480\" allow=\"autoplay\"><\/iframe><\/p>\n<h3><span style=\"color: #800080;\">Programaci\u00f3 i Avaluaci\u00f3 SITUACIONS D&#8217;APRENENTATGE (CENTRE):<\/span><\/h3>\n<p><iframe src=\"https:\/\/docs.google.com\/spreadsheets\/d\/e\/2PACX-1vR0dSp7m_jCqd2Lrj80K8R7Tq3jnGkzkEcs0_c78kD3U_qx1AA-i4MEkFrazVjB7PgneRQNKMId3O6R\/pubhtml?widget=true&amp;headers=false\"><\/iframe><\/p>\n<p><a href=\"https:\/\/docs.google.com\/spreadsheets\/d\/e\/2PACX-1vR0dSp7m_jCqd2Lrj80K8R7Tq3jnGkzkEcs0_c78kD3U_qx1AA-i4MEkFrazVjB7PgneRQNKMId3O6R\/pubhtml\">https:\/\/docs.google.com\/spreadsheets\/d\/e\/2PACX-1vR0dSp7m_jCqd2Lrj80K8R7Tq3jnGkzkEcs0_c78kD3U_qx1AA-i4MEkFrazVjB7PgneRQNKMId3O6R\/pubhtml<\/a><\/p>\n<h3><span style=\"color: #800080;\"><a href=\"https:\/\/agora.xtec.cat\/zerelsio\/general\/maleta-de-robotica\/\"><img loading=\"lazy\" decoding=\"async\" class=\"alignnone size-full wp-image-12954\" src=\"https:\/\/agora.xtec.cat\/zerelsio\/wp-content\/uploads\/usu567\/2023\/12\/IMG_8203.jpg\" alt=\"\" width=\"504\" height=\"378\" srcset=\"https:\/\/agora.xtec.cat\/zerelsio\/wp-content\/uploads\/usu567\/2023\/12\/IMG_8203.jpg 504w, https:\/\/agora.xtec.cat\/zerelsio\/wp-content\/uploads\/usu567\/2023\/12\/IMG_8203-300x225.jpg 300w, https:\/\/agora.xtec.cat\/zerelsio\/wp-content\/uploads\/usu567\/2023\/12\/IMG_8203-200x150.jpg 200w\" sizes=\"auto, (max-width: 504px) 100vw, 504px\" \/><\/a><\/span><\/h3>\n<p>Maleta de rob\u00f2tica durant el 1r trimestre del curs 2023\/2024!<\/p>\n<h3><span style=\"color: #800080;\">Indicadors\/Activitats:<\/span><\/h3>\n<p><iframe loading=\"lazy\" src=\"https:\/\/drive.google.com\/file\/d\/1e-fKFBW-weYc3JUQ39P3GXQvPql0LRkU\/preview\" width=\"640\" height=\"480\" data-mce-fragment=\"1\"><\/iframe><\/p>\n<p><iframe loading=\"lazy\" src=\"https:\/\/drive.google.com\/file\/d\/1q2_rtEcU_P7HQ2CyeY03w33qHrvaqdUL\/preview\" width=\"640\" height=\"480\"><\/iframe><\/p>\n<p><a href=\"https:\/\/apdcat.gencat.cat\/web\/.content\/04-actualitat\/menors-i-joves\/documents\/GUIA-ESCOLES-2018-PAUTESv2.pdf\">https:\/\/apdcat.gencat.cat\/web\/.content\/04-actualitat\/menors-i-joves\/documents\/GUIA-ESCOLES-2018-PAUTESv2.pdf<\/a><br \/>\nPautes protecci\u00f3 de dades. Actualitzat!<\/p>\n<p><iframe loading=\"lazy\" src=\"https:\/\/drive.google.com\/file\/d\/1e7Y_NvmsH3ENo3h4qfdRR0PrHmP0tika\/preview\" width=\"640\" height=\"480\"><\/iframe><\/p>\n<p><a href=\"https:\/\/docs.google.com\/spreadsheets\/d\/12kYm_w7dSxCsq1IQK4udUvSU5gW1RXi4j73p7ncV9nI\/edit?usp=sharing\">Inventari digital de la ZER i les escoles<\/a>.<\/p>\n<h2><span style=\"color: #993366;\">EDZ<\/span><\/h2>\n<p><a href=\"https:\/\/sites.google.com\/xtec.cat\/edc-zer-elsio\/presentaci%C3%B3\"><img loading=\"lazy\" decoding=\"async\" class=\"alignnone size-full wp-image-10216\" src=\"https:\/\/agora.xtec.cat\/zerelsio\/wp-content\/uploads\/usu567\/2022\/06\/estrategia_digital_zer.png\" alt=\"\" width=\"974\" height=\"416\" srcset=\"https:\/\/agora.xtec.cat\/zerelsio\/wp-content\/uploads\/usu567\/2022\/06\/estrategia_digital_zer.png 974w, https:\/\/agora.xtec.cat\/zerelsio\/wp-content\/uploads\/usu567\/2022\/06\/estrategia_digital_zer-300x128.png 300w, https:\/\/agora.xtec.cat\/zerelsio\/wp-content\/uploads\/usu567\/2022\/06\/estrategia_digital_zer-768x328.png 768w\" sizes=\"auto, (max-width: 974px) 100vw, 974px\" \/><\/a><\/p>\n<p><a href=\"https:\/\/educacio.gencat.cat\/ca\/departament\/publicacions\/colleccions\/pla-educacio-digital\/estrategia-digital-centre\/index.html\" target=\"_blank\" rel=\"noopener\">https:\/\/educacio.gencat.cat\/ca\/departament\/publicacions\/colleccions\/pla-educacio-digital\/estrategia-digital-centre\/index.html<\/a><\/p>\n<p><a href=\"https:\/\/projectes.xtec.cat\/edc-suport\/\" target=\"_blank\" rel=\"noopener\">https:\/\/projectes.xtec.cat\/edc-suport\/<\/a><\/p>\n<p><iframe loading=\"lazy\" src=\"https:\/\/drive.google.com\/file\/d\/13mWihosHT-CxE04mldKUFw_rcy_cfsN-\/preview\" width=\"640\" height=\"480\"><\/iframe><\/p>\n<h2><span style=\"color: #993366;\">Acreditaci\u00f3 de la CD:<\/span><\/h2>\n<p><a href=\"https:\/\/educacio.gencat.cat\/ca\/arees-actuacio\/professors\/acreditacions\/competencia-digital-docent\/\">https:\/\/educacio.gencat.cat\/ca\/arees-actuacio\/professors\/acreditacions\/competencia-digital-docent\/<\/a><\/p>\n<ul>\n<li>\n<h5><span style=\"color: #ff0000;\"><a href=\"https:\/\/documents.espai.educacio.gencat.cat\/IPCNormativa\/DisposicionsInternes\/20230203-Resolucio-Acreditacio-Comptencia-Digital.pdf\">Resoluci\u00f3, de 3 de febrer de 2023<\/a>, per la qual es defineixen les modalitats i els procediments d\u2019acreditaci\u00f3 de la compet\u00e8ncia digital docent.<\/span><\/h5>\n<\/li>\n<\/ul>\n<h2><span style=\"color: #993366;\">FIC:<\/span><\/h2>\n<p><a href=\"https:\/\/agora.xtec.cat\/zerelsio\/projectes\/formacio\/\" target=\"_blank\" rel=\"noopener\">https:\/\/agora.xtec.cat\/zerelsio\/projectes\/formacio\/<\/a><\/p>\n<h2><span style=\"color: #993366;\">Pla Digital de Catalunya<\/span><\/h2>\n<p><a href=\"https:\/\/projectes.xtec.cat\/edc\/\">https:\/\/projectes.xtec.cat\/edc\/<\/a><br \/>\n<a href=\"https:\/\/projectes.xtec.cat\/transformaciodigital\/el-projecte\/presentacio\/\">https:\/\/projectes.xtec.cat\/transformaciodigital\/el-projecte\/presentacio\/<\/a><\/p>\n<p><iframe loading=\"lazy\" src=\"https:\/\/drive.google.com\/file\/d\/1s9xqKVJcvwfMowP2UBchClDk1r_t27HX\/preview\" width=\"640\" height=\"480\"><span data-mce-type=\"bookmark\" style=\"display: inline-block; width: 0px; overflow: hidden; line-height: 0;\" class=\"mce_SELRES_start\">\ufeff<\/span><\/iframe><br \/>\n<iframe loading=\"lazy\" src=\"https:\/\/www.youtube.com\/embed\/AH1qo0x0mxc\" width=\"640\" height=\"360\" frameborder=\"0\"><\/iframe><br \/>\n<iframe loading=\"lazy\" src=\"https:\/\/drive.google.com\/file\/d\/1TRYqbL3m3UnFzWrjiljuhT5uhfP7_fLR\/preview\" width=\"640\" height=\"480\"><\/iframe><br \/>\n<iframe loading=\"lazy\" src=\"https:\/\/drive.google.com\/file\/d\/1oC_ij-RUnio_ZdRZaxuZoNnM3HRs2SD_\/preview\" width=\"640\" height=\"480\"><\/iframe><\/p>\n<p><iframe loading=\"lazy\" src=\"https:\/\/drive.google.com\/file\/d\/1wR5_jSyHZPK72GTvvYqw15Ld7pZVz_20\/preview\" width=\"640\" height=\"480\"><\/iframe><\/p>\n<h2><span style=\"color: #800080;\">EVA:<\/span><\/h2>\n<p><iframe loading=\"lazy\" src=\"https:\/\/drive.google.com\/file\/d\/133FFJSL7xjRtWibvo8OThkIIdvriRv8y\/preview\" width=\"640\" height=\"480\"><\/iframe><br \/>\n<a href=\"https:\/\/educaciodigital.cat\/zerelsio\/moodle\/\">https:\/\/educaciodigital.cat\/zerelsio\/moodle\/<\/a><\/p>\n<h2><span style=\"color: #800080;\">Aplicatius:<\/span><\/h2>\n<p><a href=\"https:\/\/aplicacions.gestioeducativa.gencat.cat\/pls\/apex\/f?p=2020005:3:315583753144389:\">https:\/\/aplicacions.gestioeducativa.gencat.cat\/pls\/apex\/f?p=2020005:3:315583753144389:<\/a><br \/>\nIDI<\/p>\n<p><a href=\"https:\/\/pladigitalcentres.educacio.gencat.cat\/\">https:\/\/pladigitalcentres.educacio.gencat.cat\/<\/a><br \/>\nINDIC<\/p>\n<h2><span style=\"color: #800080;\">Internet Segura:<\/span><\/h2>\n<p><a href=\"https:\/\/xtec.gencat.cat\/ca\/recursos\/tecinformacio\/internet_segura\/\" target=\"_blank\" rel=\"noopener\">https:\/\/xtec.gencat.cat\/ca\/recursos\/tecinformacio\/internet_segura\/<\/a><\/p>\n<p><a href=\"https:\/\/ciberseguretat.gencat.cat\/ca\/inici\/\" target=\"_blank\" rel=\"noopener\">https:\/\/ciberseguretat.gencat.cat\/ca\/inici\/<\/a><\/p>\n<h2><span style=\"color: #800080;\">Protecci\u00f3 de dades:<\/span><\/h2>\n<p><iframe loading=\"lazy\" src=\"https:\/\/drive.google.com\/file\/d\/1YBL64OWYI9mI6HpygLNwB38LxtGX6-Uq\/preview\" width=\"640\" height=\"480\"><\/iframe><\/p>\n<p><a href=\"https:\/\/educacio.gencat.cat\/ca\/departament\/proteccio-dades\/centres-educatius\/\" target=\"_blank\" rel=\"noopener\">https:\/\/educacio.gencat.cat\/ca\/departament\/proteccio-dades\/centres-educatius\/<\/a><\/p>\n<p><img decoding=\"async\" class=\"mediacenter img-responsive\" title=\"Usos curriculars de les TAC a prim\u00e0ria\" src=\"https:\/\/ateneu.xtec.cat\/wikiform\/wikiexport\/_media\/fic\/tdi\/tdi01\/fic_tac.jpg?w=600&amp;tok=153639\" alt=\"Usos curriculars de les TAC a prim\u00e0ria\" width=\"600\" \/><br \/>\n<a href=\"https:\/\/ateneu.xtec.cat\/wikiform\/wikiexport\/fic\/tdi\/tdi01\/index\">https:\/\/ateneu.xtec.cat\/wikiform\/wikiexport\/fic\/tdi\/tdi01\/index<\/a><\/p>\n<h2><span style=\"color: #800080;\">Projecte Fam\u00edlies digitals:<\/span><\/h2>\n<p><iframe loading=\"lazy\" src=\"https:\/\/www.youtube.com\/embed\/jpQoGdX4hWE\" width=\"496\" height=\"450\" frameborder=\"0\"><\/iframe><\/p>\n<h3><\/h3>\n<h2><span style=\"color: #800080;\">Recursos:<\/span><\/h2>\n<p><a href=\"http:\/\/xtec.gencat.cat\/ca\/recursos\/tecnologies\/\">XTEC1<br \/>\n<\/a><a href=\"http:\/\/xtec.gencat.cat\/ca\/recursos\/tecinformacio\/\">XTEC2<\/a><br \/>\n<a style=\"font-family: inherit; font-size: 1em;\" href=\"http:\/\/ateneu.xtec.cat\/wikiform\/wikiexport\/cmd\/tac\/seguretat\/index\">Seguretat a Internet<\/a><br \/>\n<a href=\"http:\/\/www.xtec.cat\/centres\/c5003822\/sisena_hora\/sio.htm\">Sisena hora Cibersi\u00f3<\/a><br \/>\n<a href=\"http:\/\/www.xtec.cat\/~msolduga\/menu\/finestra\/indexweb.htm\">Calaixos TIC\/TAC<\/a><br \/>\n<a href=\"https:\/\/sites.google.com\/xtec.cat\/taclleida\/inici\">\u00c0rea TAC Lleida<\/a><br \/>\n<a href=\"https:\/\/serveiseducatius.xtec.cat\/noguera\/categoria\/espai-tac\/\">Espai TAC Noguera<\/a><br \/>\n<a href=\"https:\/\/sites.google.com\/xtec.cat\/tacvoc\/presentaci%C3%B3\">Coordinaci\u00f3 Digital de Centre<\/a><br \/>\n<a href=\"http:\/\/xtec.gencat.cat\/web\/.content\/alfresco\/d\/d\/workspace\/SpacesStore\/0071\/a6f4ebb7-3ec9-4dc2-8ac3-9784771c6269\/Voc.Informatica.pdf\">Vocabulari d&#8217;inform\u00e0tica<\/a><\/p>\n<p><iframe loading=\"lazy\" src=\"https:\/\/drive.google.com\/file\/d\/1r0IFfoS1rS44X_QISd9WtIvwgqlR9TED\/preview\" width=\"640\" height=\"480\"><\/iframe><\/p>\n<h3><span style=\"color: #800080;\">Glossari:<\/span><\/h3>\n<p><iframe loading=\"lazy\" src=\"https:\/\/drive.google.com\/file\/d\/1AgOMjOHFzG4v9Yi4Mdi7cZz5dkRVkeoB\/preview\" width=\"640\" height=\"480\"><\/iframe><\/p>\n<h3><span style=\"color: #800080;\">Diccionari d&#8217;apps i altres recursos<\/span><\/h3>\n<p><iframe loading=\"lazy\" src=\"https:\/\/drive.google.com\/file\/d\/1P9Q8u-NhRx_J7DJkl_USKDiZuzf4w4Gj\/preview\" width=\"640\" height=\"480\"><\/iframe><\/p>\n<p><a href=\"http:\/\/agora.xtec.cat\/zerelsio\/sisenes-hores\/cibersio\/\">http:\/\/agora.xtec.cat\/zerelsio\/sisenes-hores\/cibersio\/<\/a><\/p>\n<h3><span style=\"color: #800080;\">Carpeta al drive:<\/span><\/h3>\n<p><a href=\"https:\/\/drive.google.com\/drive\/folders\/1XbXI3Wt36RAomEQAPmUBdQknErfppOb9?usp=sharing\">Carpeta cibersi\u00f3 al drive<\/a><\/p>\n<h3><span style=\"color: #993366;\">Seminari TIC\/TAC:<\/span><\/h3>\n<p><a href=\"https:\/\/agora.xtec.cat\/zerelsio\/ambits\/digital\/seminari-tic-tac-curs-2018-2019\/\">Sessions<\/a>.<\/p>\n<h3><span style=\"color: #993366;\">Curs de programaci\u00f3 i rob\u00f2tica a infantil i prim\u00e0ria:<\/span><\/h3>\n<p><a href=\"https:\/\/agora.xtec.cat\/zerelsio\/robotica\/curs-de-programacio-i-robotica\/\">Sessions<\/a>.<\/p>\n<h3><span style=\"color: #800080;\">Neteja digital:<\/span><\/h3>\n<h3><iframe loading=\"lazy\" src=\"https:\/\/drive.google.com\/file\/d\/1z739iaJc6ZpcWgBk2VlEQ-Gjz1spq8WY\/preview\" width=\"640\" height=\"480\"><\/iframe><\/h3>\n<h3><span style=\"color: #800080;\">INFOGRAFIES:<\/span><\/h3>\n<p><iframe loading=\"lazy\" src=\"https:\/\/drive.google.com\/file\/d\/1njbFs0eyQuM9CHMQl1qDrW-vac6jAgeR\/preview\" width=\"640\" height=\"480\"><\/iframe><\/p>\n<h3><span style=\"color: #800080;\"><strong>ACREDITACI\u00d3 COMPET\u00c8NCIA DIGITAL DOCENT<\/strong><\/span><\/h3>\n<p><a href=\"https:\/\/projectes.xtec.cat\/digital\/competencia-digital\/competencia-digital-docent\/\">https:\/\/projectes.xtec.cat\/digital\/competencia-digital\/competencia-digital-docent\/<\/a><br \/>\n<iframe loading=\"lazy\" src=\"https:\/\/drive.google.com\/file\/d\/1oQMgIinaUJDVLUTqtxlOGEFjXa6hkHGm\/preview\" width=\"640\" height=\"480\"><\/iframe><\/p>\n","protected":false},"excerpt":{"rendered":"<p><a href=\"https:\/\/agora.xtec.cat\/zerelsio\/wp-content\/uploads\/usu567\/2024\/06\/curs2024_2025.png\"><\/a><br \/>\n<a href=\"https:\/\/projectes.xtec.cat\/nou-curriculum\/educacio-basica\/les-competencies-transversals\/\">Compet\u00e8ncies transversals<\/a>. <a href=\"https:\/\/www.canva.com\/design\/DAF-MI2Uiu4\/Sa5tTuwO-HRx5MUNz-MCOg\/view?utm_content=DAF-MI2Uiu4&amp;utm_campaign=designshare&amp;utm_medium=embeds&amp;utm_source=link\">Infografia<\/a>.<\/p>\n","protected":false},"author":3,"featured_media":0,"parent":1069,"menu_order":30,"comment_status":"closed","ping_status":"closed","template":"page-templates\/side-menu.php","meta":{"_bbp_topic_count":0,"_bbp_reply_count":0,"_bbp_total_topic_count":0,"_bbp_total_reply_count":0,"_bbp_voice_count":0,"_bbp_anonymous_reply_count":0,"_bbp_topic_count_hidden":0,"_bbp_reply_count_hidden":0,"_bbp_forum_subforum_count":0,"footnotes":""},"class_list":["post-1557","page","type-page","status-publish","hentry"],"post_mailing_queue_ids":[],"_links":{"self":[{"href":"https:\/\/agora.xtec.cat\/zerelsio\/wp-json\/wp\/v2\/pages\/1557","targetHints":{"allow":["GET"]}}],"collection":[{"href":"https:\/\/agora.xtec.cat\/zerelsio\/wp-json\/wp\/v2\/pages"}],"about":[{"href":"https:\/\/agora.xtec.cat\/zerelsio\/wp-json\/wp\/v2\/types\/page"}],"author":[{"embeddable":true,"href":"https:\/\/agora.xtec.cat\/zerelsio\/wp-json\/wp\/v2\/users\/3"}],"replies":[{"embeddable":true,"href":"https:\/\/agora.xtec.cat\/zerelsio\/wp-json\/wp\/v2\/comments?post=1557"}],"version-history":[{"count":7,"href":"https:\/\/agora.xtec.cat\/zerelsio\/wp-json\/wp\/v2\/pages\/1557\/revisions"}],"predecessor-version":[{"id":15133,"href":"https:\/\/agora.xtec.cat\/zerelsio\/wp-json\/wp\/v2\/pages\/1557\/revisions\/15133"}],"up":[{"embeddable":true,"href":"https:\/\/agora.xtec.cat\/zerelsio\/wp-json\/wp\/v2\/pages\/1069"}],"wp:attachment":[{"href":"https:\/\/agora.xtec.cat\/zerelsio\/wp-json\/wp\/v2\/media?parent=1557"}],"curies":[{"name":"wp","href":"https:\/\/api.w.org\/{rel}","templated":true}]}}