{"id":1555,"date":"2018-08-10T07:40:36","date_gmt":"2018-08-10T05:40:36","guid":{"rendered":"http:\/\/agora.xtec.cat\/zerelsio\/?page_id=1555"},"modified":"2025-07-16T12:15:32","modified_gmt":"2025-07-16T10:15:32","slug":"valors","status":"publish","type":"page","link":"https:\/\/agora.xtec.cat\/zerelsio\/ambits\/valors\/","title":{"rendered":"Religi\u00f3\/Educaci\u00f3 en valors"},"content":{"rendered":"<h3><span style=\"color: #ff0000;\"><em>&#8220;Hem apr\u00e8s a volar com els ocells, a nadar com els peixos; per\u00f2 no hem apr\u00e8s el simple art de viure com a germans.&#8221;<\/em><\/span><\/h3>\n<p>Martin Luther King.<\/p>\n<p><a href=\"https:\/\/agora.xtec.cat\/zerelsio\/wp-content\/uploads\/usu567\/2025\/07\/cooltext485687808167408.png\"><img loading=\"lazy\" decoding=\"async\" class=\"alignnone size-full wp-image-17493\" src=\"https:\/\/agora.xtec.cat\/zerelsio\/wp-content\/uploads\/usu567\/2025\/07\/cooltext485687808167408.png\" alt=\"\" width=\"802\" height=\"141\" srcset=\"https:\/\/agora.xtec.cat\/zerelsio\/wp-content\/uploads\/usu567\/2025\/07\/cooltext485687808167408.png 802w, https:\/\/agora.xtec.cat\/zerelsio\/wp-content\/uploads\/usu567\/2025\/07\/cooltext485687808167408-300x53.png 300w, https:\/\/agora.xtec.cat\/zerelsio\/wp-content\/uploads\/usu567\/2025\/07\/cooltext485687808167408-768x135.png 768w\" sizes=\"auto, (max-width: 802px) 100vw, 802px\" \/><\/a><\/p>\n<p>&nbsp;<\/p>\n<h3><span style=\"color: #800080;\">Normativa:<\/span><\/h3>\n<p><iframe loading=\"lazy\" src=\"https:\/\/drive.google.com\/file\/d\/1achMAnbq1-70_Un6yRh5-HbbTP14_XPs\/preview\" width=\"640\" height=\"480\"><\/iframe><\/p>\n<p><span style=\"color: #ff0000;\">Manca actualitzar!<\/span><\/p>\n<h3><span style=\"color: #800080;\">Programaci\u00f3:<\/span><\/h3>\n<p><iframe loading=\"lazy\" src=\"https:\/\/drive.google.com\/file\/d\/1lc7EsTTY7uGccuMeTafPjdeD-j0oo-0x\/preview\" width=\"640\" height=\"480\"><\/iframe><\/p>\n<h3><span style=\"color: #800080;\">Sabers:<\/span><\/h3>\n<p><iframe loading=\"lazy\" src=\"https:\/\/drive.google.com\/file\/d\/1Xgu-gQN8YxMHLxijBR-ZwevISdCTO3jq\/preview\" width=\"640\" height=\"480\"><\/iframe><\/p>\n<h3><span style=\"color: #800080;\">Carpeta al drive:<\/span><\/h3>\n<h3><span style=\"color: #800080;\">Recursos:<\/span><\/h3>\n<p><a href=\"http:\/\/xtec.gencat.cat\/ca\/recursos\/culturavalors\/\">XTEC<\/a><br \/>\n<a href=\"http:\/\/www.xtec.cat\/~msolduga\/menu\/finestra\/altres.htm#ciutadania\">Calaixos de valors<\/a><\/p>\n<p><a href=\"http:\/\/www.xtec.cat\/~msolduga\/menu\/finestra\/altres.htm#diversitat\">Calaixos educaci\u00f3 emocional<\/a><\/p>\n<p>Carpeta drets dels infants. <a href=\"https:\/\/drive.google.com\/drive\/folders\/1-zRGHG9PPIkLW2OIVYx64DDy94h6TIyK?usp=sharing\">Formaci\u00f3 ILEC 2018\/2019<\/a>.<\/p>\n<p><a href=\"https:\/\/natibergada.cat\/idees-clau-per-treballar-la-competencia-emocional\"><img loading=\"lazy\" decoding=\"async\" class=\"thumbnail wp-post-image\" src=\"https:\/\/natibergada.cat\/wp-content\/uploads\/2019\/03\/competencia-emocional-730x410.png\" srcset=\"https:\/\/natibergada.cat\/wp-content\/uploads\/2019\/03\/competencia-emocional-730x410.png 730w, https:\/\/natibergada.cat\/wp-content\/uploads\/2019\/03\/competencia-emocional-300x167.png 300w, https:\/\/natibergada.cat\/wp-content\/uploads\/2019\/03\/competencia-emocional-20x11.png 20w\" alt=\"Compet\u00e8ncia emocional\" width=\"730\" height=\"410\" data-src=\"https:\/\/natibergada.cat\/wp-content\/uploads\/2019\/03\/competencia-emocional-730x410.png\" data-srcset=\"https:\/\/natibergada.cat\/wp-content\/uploads\/2019\/03\/competencia-emocional-730x410.png 730w, https:\/\/natibergada.cat\/wp-content\/uploads\/2019\/03\/competencia-emocional-300x167.png 300w, https:\/\/natibergada.cat\/wp-content\/uploads\/2019\/03\/competencia-emocional-20x11.png 20w\" data-sizes=\"(max-width: 730px) 100vw, 730px\" data-style=\"\" data-l=\"\" \/><\/a><\/p>\n<p><a href=\"https:\/\/natibergada.cat\/curts-magnifics-per-treballar-les-emocions-i-els-valors\"><img loading=\"lazy\" decoding=\"async\" class=\"post-image\" src=\"https:\/\/natibergada.cat\/wp-content\/uploads\/2019\/04\/emocions-valors-curts-1.png\" srcset=\"https:\/\/natibergada.cat\/wp-content\/uploads\/2019\/04\/emocions-valors-curts-1.png 560w, https:\/\/natibergada.cat\/wp-content\/uploads\/2019\/04\/emocions-valors-curts-1-300x213.png 300w, https:\/\/natibergada.cat\/wp-content\/uploads\/2019\/04\/emocions-valors-curts-1-20x14.png 20w\" alt=\"\" width=\"726\" height=\"515\" data-src=\"https:\/\/natibergada.cat\/wp-content\/uploads\/2019\/04\/emocions-valors-curts-1.png\" data-srcset=\"https:\/\/natibergada.cat\/wp-content\/uploads\/2019\/04\/emocions-valors-curts-1.png 560w, https:\/\/natibergada.cat\/wp-content\/uploads\/2019\/04\/emocions-valors-curts-1-300x213.png 300w, https:\/\/natibergada.cat\/wp-content\/uploads\/2019\/04\/emocions-valors-curts-1-20x14.png 20w\" data-sizes=\"(max-width: 560px) 100vw, 560px\" data-style=\"\" data-l=\"\" \/><\/a><\/p>\n","protected":false},"excerpt":{"rendered":"<p>&#8220;Hem apr\u00e8s a volar com els ocells, a nadar com els peixos; per\u00f2 no hem apr\u00e8s el simple art de viure com a germans.&#8221;<br \/>\nMartin Luther King.<br \/>\n<a href=\"https:\/\/agora.xtec.cat\/zerelsio\/wp-content\/uploads\/usu567\/2025\/07\/cooltext485687808167408.png\"><\/a><br \/>\n&nbsp;<br \/>\nNormativa:<\/p>\n<p>Manca actualitzar!<br \/>\nProgramaci\u00f3:<\/p>\n<p>Sabers:<\/p>\n<p>Carpeta al drive:<br \/>\nRecursos:<br \/>\n<a href=\"http:\/\/xtec.gencat.cat\/ca\/recursos\/culturavalors\/\">XTEC<\/a><br \/>\n<a href=\"http:\/\/www.xtec.cat\/~msolduga\/menu\/finestra\/altres.htm#ciutadania\">Calaixos de valors<\/a><br \/>\n<a href=\"http:\/\/www.xtec.cat\/~msolduga\/menu\/finestra\/altres.htm#diversitat\">Calaixos educaci\u00f3 emocional<\/a><br \/>\nCarpeta drets dels infants. <a href=\"https:\/\/drive.google.com\/drive\/folders\/1-zRGHG9PPIkLW2OIVYx64DDy94h6TIyK?usp=sharing\">Formaci\u00f3 ILEC 2018\/2019<\/a>.<br \/>\n<a href=\"https:\/\/natibergada.cat\/idees-clau-per-treballar-la-competencia-emocional\"><\/a><br \/>\n<a&hellip;  <a href=\"https:\/\/agora.xtec.cat\/zerelsio\/ambits\/valors\/\" title=\"Read Religi\u00f3\/Educaci\u00f3 en valors\">Llegeix m\u00e9s\u00bb<\/a><\/p>\n","protected":false},"author":3,"featured_media":0,"parent":1069,"menu_order":25,"comment_status":"closed","ping_status":"closed","template":"","meta":{"_bbp_topic_count":0,"_bbp_reply_count":0,"_bbp_total_topic_count":0,"_bbp_total_reply_count":0,"_bbp_voice_count":0,"_bbp_anonymous_reply_count":0,"_bbp_topic_count_hidden":0,"_bbp_reply_count_hidden":0,"_bbp_forum_subforum_count":0,"footnotes":""},"class_list":["post-1555","page","type-page","status-publish","hentry"],"post_mailing_queue_ids":[],"_links":{"self":[{"href":"https:\/\/agora.xtec.cat\/zerelsio\/wp-json\/wp\/v2\/pages\/1555","targetHints":{"allow":["GET"]}}],"collection":[{"href":"https:\/\/agora.xtec.cat\/zerelsio\/wp-json\/wp\/v2\/pages"}],"about":[{"href":"https:\/\/agora.xtec.cat\/zerelsio\/wp-json\/wp\/v2\/types\/page"}],"author":[{"embeddable":true,"href":"https:\/\/agora.xtec.cat\/zerelsio\/wp-json\/wp\/v2\/users\/3"}],"replies":[{"embeddable":true,"href":"https:\/\/agora.xtec.cat\/zerelsio\/wp-json\/wp\/v2\/comments?post=1555"}],"version-history":[{"count":6,"href":"https:\/\/agora.xtec.cat\/zerelsio\/wp-json\/wp\/v2\/pages\/1555\/revisions"}],"predecessor-version":[{"id":17651,"href":"https:\/\/agora.xtec.cat\/zerelsio\/wp-json\/wp\/v2\/pages\/1555\/revisions\/17651"}],"up":[{"embeddable":true,"href":"https:\/\/agora.xtec.cat\/zerelsio\/wp-json\/wp\/v2\/pages\/1069"}],"wp:attachment":[{"href":"https:\/\/agora.xtec.cat\/zerelsio\/wp-json\/wp\/v2\/media?parent=1555"}],"curies":[{"name":"wp","href":"https:\/\/api.w.org\/{rel}","templated":true}]}}