{"id":1553,"date":"2018-08-10T07:40:07","date_gmt":"2018-08-10T05:40:07","guid":{"rendered":"http:\/\/agora.xtec.cat\/zerelsio\/?page_id=1553"},"modified":"2025-07-16T12:00:48","modified_gmt":"2025-07-16T10:00:48","slug":"educacio-fisica","status":"publish","type":"page","link":"https:\/\/agora.xtec.cat\/zerelsio\/ambits\/educacio-fisica\/","title":{"rendered":"Educaci\u00f3 f\u00edsica"},"content":{"rendered":"<p><a href=\"https:\/\/agora.xtec.cat\/zerelsio\/wp-content\/uploads\/usu567\/2025\/07\/cooltext485687808167408.png\"><img loading=\"lazy\" decoding=\"async\" class=\"alignnone size-full wp-image-17493\" src=\"https:\/\/agora.xtec.cat\/zerelsio\/wp-content\/uploads\/usu567\/2025\/07\/cooltext485687808167408.png\" alt=\"\" width=\"802\" height=\"141\" srcset=\"https:\/\/agora.xtec.cat\/zerelsio\/wp-content\/uploads\/usu567\/2025\/07\/cooltext485687808167408.png 802w, https:\/\/agora.xtec.cat\/zerelsio\/wp-content\/uploads\/usu567\/2025\/07\/cooltext485687808167408-300x53.png 300w, https:\/\/agora.xtec.cat\/zerelsio\/wp-content\/uploads\/usu567\/2025\/07\/cooltext485687808167408-768x135.png 768w\" sizes=\"auto, (max-width: 802px) 100vw, 802px\" \/><\/a><\/p>\n<h3>XVI Jornada Esportiva d&#8217;Escoles Rurals de la Noguera.<\/h3>\n<p>&nbsp;<\/p>\n<p><span style=\"color: #ff0000;\">Manca actualitzat!<\/span><\/p>\n<h3><span style=\"color: #800080;\">Programaci\u00f3:<\/span><\/h3>\n<p><iframe loading=\"lazy\" src=\"https:\/\/drive.google.com\/file\/d\/1cn0Qqj7s-z-Eivpfq3SGpBezr5ocb2ky\/preview\" width=\"640\" height=\"480\"><\/iframe><\/p>\n<p><a href=\"https:\/\/docs.google.com\/document\/d\/1QxjIbxSQZCbm9ZfydEOKipomJq4nxN8V-8o-8U9t2p8\/edit?usp=sharing\">Programaci\u00f3 Preixens i Puigverd<\/a>.<\/p>\n<h3><span style=\"color: #993366;\">Sabers, compet\u00e8ncies espec\u00edfiques i criteris d\u2019avaluaci\u00f3:<\/span><\/h3>\n<p><iframe loading=\"lazy\" src=\"https:\/\/drive.google.com\/file\/d\/13lEieQH_m_JpHZxmKr9afx_xqEenxDPr\/preview\" width=\"640\" height=\"480\"><\/iframe><\/p>\n<h3><span style=\"color: #993366;\">RECOMANACIONS:<\/span><br \/>\n<iframe loading=\"lazy\" src=\"https:\/\/drive.google.com\/file\/d\/1co-bKPZF4XyHa1Z9tCxDIr-6uzPxi6uD\/preview\" width=\"640\" height=\"480\"><span data-mce-type=\"bookmark\" style=\"display: inline-block; width: 0px; overflow: hidden; line-height: 0;\" class=\"mce_SELRES_start\">\ufeff<\/span><\/iframe><\/h3>\n<p><a href=\"http:\/\/xtec.gencat.cat\/ca\/curriculum\/primaria\/competencies-basiques-ambits\/ambit-educacio-fisica\/\">http:\/\/xtec.gencat.cat\/ca\/curriculum\/primaria\/competencies-basiques-ambits\/ambit-educacio-fisica\/<\/a><\/p>\n<h3><span style=\"color: #ff0000;\">Setmana Europea de la Mobilitat Sostenible<\/span><\/h3>\n<div style=\"position: relative; width: 100%; height: 0; padding-top: 177.7778%; padding-bottom: 0; box-shadow: 0 2px 8px 0 rgba(63,69,81,0.16); margin-top: 1.6em; margin-bottom: 0.9em; overflow: hidden; border-radius: 8px; will-change: transform;\"><iframe style=\"position: absolute; width: 100%; height: 100%; top: 0; left: 0; border: none; padding: 0; margin: 0;\" src=\"https:\/\/www.canva.com\/design\/DAGRGgyHQNc\/6Cfiras92PDz4qONXqthhQ\/view?embed\" allowfullscreen=\"allowfullscreen\"><br \/>\n<\/iframe><\/div>\n<p><a href=\"https:\/\/www.canva.com\/design\/DAGRGgyHQNc\/6Cfiras92PDz4qONXqthhQ\/view?utm_content=DAGRGgyHQNc&amp;utm_campaign=designshare&amp;utm_medium=embeds&amp;utm_source=link\" target=\"_blank\" rel=\"noopener\">mobilitat_2024<\/a> de msolduga<\/p>\n<p><a href=\"https:\/\/agora.xtec.cat\/zerelsio\/activitats\/setmana-europea-mobilitat\">https:\/\/agora.xtec.cat\/zerelsio\/activitats\/setmana-europea-mobilitat<\/a>\/<\/p>\n<h3><span style=\"color: #ff0000;\">Esquiada al Port del Comte<\/span><\/h3>\n<p><a href=\"https:\/\/agora.xtec.cat\/zerelsio\/portada\/primer-dia-desquiada\/\"><img loading=\"lazy\" decoding=\"async\" class=\"alignnone size-full wp-image-13242\" src=\"https:\/\/agora.xtec.cat\/zerelsio\/wp-content\/uploads\/usu567\/2024\/01\/esqui23.jpg\" alt=\"\" width=\"504\" height=\"378\" srcset=\"https:\/\/agora.xtec.cat\/zerelsio\/wp-content\/uploads\/usu567\/2024\/01\/esqui23.jpg 504w, https:\/\/agora.xtec.cat\/zerelsio\/wp-content\/uploads\/usu567\/2024\/01\/esqui23-300x225.jpg 300w, https:\/\/agora.xtec.cat\/zerelsio\/wp-content\/uploads\/usu567\/2024\/01\/esqui23-200x150.jpg 200w\" sizes=\"auto, (max-width: 504px) 100vw, 504px\" \/><\/a><\/p>\n<h3><span style=\"color: #ff0000;\">XIV Trobada d&#8217;Escoles Rurals de la Noguera<\/span><\/h3>\n<p><a href=\"https:\/\/agora.xtec.cat\/zerelsio\/general\/xiv-trobada-esportiva-descoles-rurals-de-la-noguera\/\"><img loading=\"lazy\" decoding=\"async\" class=\"alignnone wp-image-13660\" src=\"https:\/\/agora.xtec.cat\/zerelsio\/wp-content\/uploads\/usu567\/2024\/03\/IMG_9317.jpg\" alt=\"\" width=\"501\" height=\"375\" srcset=\"https:\/\/agora.xtec.cat\/zerelsio\/wp-content\/uploads\/usu567\/2024\/03\/IMG_9317.jpg 1008w, https:\/\/agora.xtec.cat\/zerelsio\/wp-content\/uploads\/usu567\/2024\/03\/IMG_9317-300x225.jpg 300w, https:\/\/agora.xtec.cat\/zerelsio\/wp-content\/uploads\/usu567\/2024\/03\/IMG_9317-768x576.jpg 768w, https:\/\/agora.xtec.cat\/zerelsio\/wp-content\/uploads\/usu567\/2024\/03\/IMG_9317-200x150.jpg 200w\" sizes=\"auto, (max-width: 501px) 100vw, 501px\" \/><\/a><\/p>\n<h3><span style=\"color: #ff0000;\">Dia Mundial de l&#8217;Activitat F\u00edsica<\/span><\/h3>\n<p><a href=\"http:\/\/canalsalut.gencat.cat\/ca\/actualitat\/dies_mundials\/dia-mundial-activitat-fisica\/\"><img loading=\"lazy\" decoding=\"async\" class=\"\" src=\"http:\/\/serveiseducatius.xtec.cat\/baixllobregat6\/wp-content\/uploads\/usu778\/2016\/04\/1diamundialactfisica.jpg\" alt=\"1diamundialactfisica\" width=\"641\" height=\"169\" \/><\/a><\/p>\n<p><a href=\"https:\/\/agora.xtec.cat\/zerelsio\/wp-content\/uploads\/usu567\/2023\/07\/imatge.png\"><img loading=\"lazy\" decoding=\"async\" class=\"alignnone size-full wp-image-12111\" src=\"https:\/\/agora.xtec.cat\/zerelsio\/wp-content\/uploads\/usu567\/2023\/07\/imatge.png\" alt=\"\" width=\"420\" height=\"595\" srcset=\"https:\/\/agora.xtec.cat\/zerelsio\/wp-content\/uploads\/usu567\/2023\/07\/imatge.png 420w, https:\/\/agora.xtec.cat\/zerelsio\/wp-content\/uploads\/usu567\/2023\/07\/imatge-212x300.png 212w\" sizes=\"auto, (max-width: 420px) 100vw, 420px\" \/><\/a><\/p>\n<p><a href=\"https:\/\/salutpublica.gencat.cat\/ca\/ambits\/promocio_salut\/suma-salut\/dies-mundials\/dia-mundial-activitat-fisica\/index.html\">https:\/\/salutpublica.gencat.cat\/ca\/ambits\/promocio_salut\/suma-salut\/dies-mundials\/dia-mundial-activitat-fisica\/index.html<\/a><\/p>\n<p><a href=\"https:\/\/www.defc.cat\/\">https:\/\/www.defc.cat\/<\/a><\/p>\n<h3><span style=\"color: #800080;\">Carpeta al drive:<\/span><\/h3>\n<p><iframe loading=\"lazy\" src=\"https:\/\/drive.google.com\/file\/d\/1UKt8om_yJ7eT-e0iZRJUsc-6qNabRwj5\/preview\" width=\"640\" height=\"480\"><\/iframe><\/p>\n<p>Inventari del material.<\/p>\n<h3><span style=\"color: #800080;\">Recursos:<\/span><\/h3>\n<p><a href=\"http:\/\/xtec.gencat.cat\/ca\/recursos\/edfisica\/\">XTEC<\/a><br \/>\n<a href=\"http:\/\/www.edu365.cat\/primaria\/muds\/ed_fisica\/index.htm\">EDU365.CAT<\/a><br \/>\n<a href=\"http:\/\/www.xtec.cat\/~msolduga\/menu\/finestra\/altres.htm#esport\">Calaixos d&#8217;educaci\u00f3 f\u00edsica<br \/>\n<\/a><\/p>\n<blockquote class=\"wp-embedded-content\" data-secret=\"ebVmv6z35X\"><p><a href=\"https:\/\/www.mouelcos.cat\/?p=90755\">An\u00e0lisi del nou curr\u00edculum d&#8217;educaci\u00f3 f\u00edsica 2022<\/a><\/p><\/blockquote>\n<p><iframe loading=\"lazy\" class=\"wp-embedded-content\" sandbox=\"allow-scripts\" security=\"restricted\" style=\"position: absolute; visibility: hidden;\" title=\"&#8220;An\u00e0lisi del nou curr\u00edculum d&#8217;educaci\u00f3 f\u00edsica 2022&#8221; &#8212; Mou el cos, desvetlla la ment\" src=\"https:\/\/www.mouelcos.cat\/?p=90755&#038;embed=true#?secret=YJrYRTE6FS#?secret=ebVmv6z35X\" data-secret=\"ebVmv6z35X\" width=\"500\" height=\"282\" frameborder=\"0\" marginwidth=\"0\" marginheight=\"0\" scrolling=\"no\"><\/iframe><\/p>\n<h3><span style=\"color: #800080;\">Joc:<\/span><\/h3>\n<p><a href=\"https:\/\/agora.xtec.cat\/zerelsio\/espais\/presentacions\/i-like-sport\/\"><img loading=\"lazy\" decoding=\"async\" class=\"\" src=\"http:\/\/blocs.xtec.cat\/zerelsio\/files\/2014\/01\/aplicacio.jpg\" alt=\"\" width=\"550\" height=\"319\" \/><\/a><\/p>\n","protected":false},"excerpt":{"rendered":"<p><a href=\"https:\/\/agora.xtec.cat\/zerelsio\/wp-content\/uploads\/usu567\/2025\/07\/cooltext485687808167408.png\"><\/a><br \/>\nXVI Jornada Esportiva d&#8217;Escoles Rurals de la Noguera.<br \/>\n&nbsp;<br \/>\nManca actualitzat!<br \/>\nProgramaci\u00f3:<\/p>\n<p><a href=\"https:\/\/docs.google.com\/document\/d\/1QxjIbxSQZCbm9ZfydEOKipomJq4nxN8V-8o-8U9t2p8\/edit?usp=sharing\">Programaci\u00f3 Preixens i Puigverd<\/a>.<br \/>\nSabers, compet\u00e8ncies espec\u00edfiques i criteris d\u2019avaluaci\u00f3:<\/p>\n<p>RECOMANACIONS:<br \/>\n\ufeff<br \/>\n<a href=\"http:\/\/xtec.gencat.cat\/ca\/curriculum\/primaria\/competencies-basiques-ambits\/ambit-educacio-fisica\/\">http:\/\/xtec.gencat.cat\/ca\/curriculum\/primaria\/competencies-basiques-ambits\/ambit-educacio-fisica\/<\/a><br \/>\nSetmana Europea de la Mobilitat Sostenible<\/p>\n<p><a href=\"https:\/\/www.canva.com\/design\/DAGRGgyHQNc\/6Cfiras92PDz4qONXqthhQ\/view?utm_content=DAGRGgyHQNc&amp;utm_campaign=designshare&amp;utm_medium=embeds&amp;utm_source=link\" target=\"_blank\" rel=\"noopener\">mobilitat_2024<\/a> de msolduga<br \/>\n<a href=\"https:\/\/agora.xtec.cat\/zerelsio\/activitats\/setmana-europea-mobilitat\">https:\/\/agora.xtec.cat\/zerelsio\/activitats\/setmana-europea-mobilitat<\/a>\/<br \/>\nEsquiada al Port del Comte<br \/>\n<a href=\"https:\/\/agora.xtec.cat\/zerelsio\/portada\/primer-dia-desquiada\/\"><\/a><br \/>\nXIV Trobada d&#8217;Escoles Rurals de la Noguera<br \/>\n<a href=\"https:\/\/agora.xtec.cat\/zerelsio\/general\/xiv-trobada-esportiva-descoles-rurals-de-la-noguera\/\"><\/a><br \/>\nDia Mundial de&hellip;  <a href=\"https:\/\/agora.xtec.cat\/zerelsio\/ambits\/educacio-fisica\/\" title=\"Read Educaci\u00f3 f\u00edsica\">Llegeix m\u00e9s\u00bb<\/a><\/p>\n","protected":false},"author":3,"featured_media":0,"parent":1069,"menu_order":20,"comment_status":"closed","ping_status":"closed","template":"page-templates\/side-menu.php","meta":{"_bbp_topic_count":0,"_bbp_reply_count":0,"_bbp_total_topic_count":0,"_bbp_total_reply_count":0,"_bbp_voice_count":0,"_bbp_anonymous_reply_count":0,"_bbp_topic_count_hidden":0,"_bbp_reply_count_hidden":0,"_bbp_forum_subforum_count":0,"footnotes":""},"class_list":["post-1553","page","type-page","status-publish","hentry"],"post_mailing_queue_ids":[],"_links":{"self":[{"href":"https:\/\/agora.xtec.cat\/zerelsio\/wp-json\/wp\/v2\/pages\/1553","targetHints":{"allow":["GET"]}}],"collection":[{"href":"https:\/\/agora.xtec.cat\/zerelsio\/wp-json\/wp\/v2\/pages"}],"about":[{"href":"https:\/\/agora.xtec.cat\/zerelsio\/wp-json\/wp\/v2\/types\/page"}],"author":[{"embeddable":true,"href":"https:\/\/agora.xtec.cat\/zerelsio\/wp-json\/wp\/v2\/users\/3"}],"replies":[{"embeddable":true,"href":"https:\/\/agora.xtec.cat\/zerelsio\/wp-json\/wp\/v2\/comments?post=1553"}],"version-history":[{"count":6,"href":"https:\/\/agora.xtec.cat\/zerelsio\/wp-json\/wp\/v2\/pages\/1553\/revisions"}],"predecessor-version":[{"id":17649,"href":"https:\/\/agora.xtec.cat\/zerelsio\/wp-json\/wp\/v2\/pages\/1553\/revisions\/17649"}],"up":[{"embeddable":true,"href":"https:\/\/agora.xtec.cat\/zerelsio\/wp-json\/wp\/v2\/pages\/1069"}],"wp:attachment":[{"href":"https:\/\/agora.xtec.cat\/zerelsio\/wp-json\/wp\/v2\/media?parent=1553"}],"curies":[{"name":"wp","href":"https:\/\/api.w.org\/{rel}","templated":true}]}}