{"id":877,"date":"2020-10-27T12:14:26","date_gmt":"2020-10-27T11:14:26","guid":{"rendered":"http:\/\/agora.xtec.cat\/zerelsceps\/?page_id=877"},"modified":"2020-10-27T12:47:37","modified_gmt":"2020-10-27T11:47:37","slug":"escola-berenguer-de-montoliu","status":"publish","type":"page","link":"https:\/\/agora.xtec.cat\/zerelsceps\/escola-berenguer-de-montoliu\/","title":{"rendered":"Escola Berenguer de Montoliu"},"content":{"rendered":"<p>L&#8217;Escola Berenguer de Montoliu es troba al municipi de Maslloren\u00e7. Un municipi situat al l\u00edmit de la comarca del Baix Pened\u00e8s i l&#8217;Alt Camp que ronda els 500 habitants (504 segons el padr\u00f3 del 2019).<\/p>\n<p>L&#8217;Escola es troba al Carrer Major 48 fent cantonada amb la carretera que va a Masarbon\u00e8s. \u00c9s un edifici de amb dos plantes i envoltat d&#8217;un pati for\u00e7a natural.<\/p>\n<p>Forma part de la ZER Els Ceps i, per tant, comparteix mestres i Projectes amb l&#8217;Escola l&#8217;Estel de Bonastre. <\/p>\n<p>L&#8217;Equip Directiu de l&#8217;Escola el componen els mestres Gerard Roig, com a director, i l&#8217;Eduard Juncosa, com a secretari i tutor del grup de 3R.<\/p>\n<p>La resta de l&#8217;equip que conforma el claustre i treballadors\/es de l&#8217;Escola s\u00f3n: l&#8217;Edurne Moreno, tutora del grup d&#8217;Infantil, la J\u00e8ssica Junqu\u00e9, mestre d&#8217;Educaci\u00f3 Infantil, la Xelo Tortosa, tutora del grup de Cicle Inicial, la N\u00faria Puig, tutora del grup de 4T, 5\u00c8 i 6\u00c8 i la Marta Escarrabill, mestra de prim\u00e0ria. A m\u00e9s comptem amb l&#8217;ajuda de la B\u00e0rbara Capel com a vetlladora i les monitores del menjador, l&#8217;Eli Ventura i la Yaiza Pallarols.<\/p>\n","protected":false},"excerpt":{"rendered":"<p>L&#8217;Escola Berenguer de Montoliu es troba al municipi de Maslloren\u00e7. Un municipi situat al l\u00edmit de la comarca del Baix Pened\u00e8s i l&#8217;Alt Camp que ronda els 500 habitants (504 segons el padr\u00f3 del 2019). L&#8217;Escola es troba al Carrer Major 48 fent cantonada amb la carretera que va a Masarbon\u00e8s. \u00c9s un edifici de [&hellip;]<\/p>\n","protected":false},"author":3,"featured_media":0,"parent":0,"menu_order":0,"comment_status":"closed","ping_status":"closed","template":"","meta":{"_bbp_topic_count":0,"_bbp_reply_count":0,"_bbp_total_topic_count":0,"_bbp_total_reply_count":0,"_bbp_voice_count":0,"_bbp_anonymous_reply_count":0,"_bbp_topic_count_hidden":0,"_bbp_reply_count_hidden":0,"_bbp_forum_subforum_count":0,"site-sidebar-layout":"default","site-content-layout":"","ast-site-content-layout":"","site-content-style":"default","site-sidebar-style":"default","ast-global-header-display":"","ast-banner-title-visibility":"","ast-main-header-display":"","ast-hfb-above-header-display":"","ast-hfb-below-header-display":"","ast-hfb-mobile-header-display":"","site-post-title":"","ast-breadcrumbs-content":"","ast-featured-img":"","footer-sml-layout":"","theme-transparent-header-meta":"","adv-header-id-meta":"","stick-header-meta":"","header-above-stick-meta":"","header-main-stick-meta":"","header-below-stick-meta":"","astra-migrate-meta-layouts":"default","ast-page-background-enabled":"default","ast-page-background-meta":{"desktop":{"background-color":"var(--ast-global-color-4)","background-image":"","background-repeat":"repeat","background-position":"center center","background-size":"auto","background-attachment":"scroll","background-type":"","background-media":"","overlay-type":"","overlay-color":"","overlay-opacity":"","overlay-gradient":""},"tablet":{"background-color":"","background-image":"","background-repeat":"repeat","background-position":"center center","background-size":"auto","background-attachment":"scroll","background-type":"","background-media":"","overlay-type":"","overlay-color":"","overlay-opacity":"","overlay-gradient":""},"mobile":{"background-color":"","background-image":"","background-repeat":"repeat","background-position":"center center","background-size":"auto","background-attachment":"scroll","background-type":"","background-media":"","overlay-type":"","overlay-color":"","overlay-opacity":"","overlay-gradient":""}},"ast-content-background-meta":{"desktop":{"background-color":"var(--ast-global-color-5)","background-image":"","background-repeat":"repeat","background-position":"center center","background-size":"auto","background-attachment":"scroll","background-type":"","background-media":"","overlay-type":"","overlay-color":"","overlay-opacity":"","overlay-gradient":""},"tablet":{"background-color":"var(--ast-global-color-5)","background-image":"","background-repeat":"repeat","background-position":"center center","background-size":"auto","background-attachment":"scroll","background-type":"","background-media":"","overlay-type":"","overlay-color":"","overlay-opacity":"","overlay-gradient":""},"mobile":{"background-color":"var(--ast-global-color-5)","background-image":"","background-repeat":"repeat","background-position":"center center","background-size":"auto","background-attachment":"scroll","background-type":"","background-media":"","overlay-type":"","overlay-color":"","overlay-opacity":"","overlay-gradient":""}},"footnotes":""},"class_list":["post-877","page","type-page","status-publish","hentry"],"post_mailing_queue_ids":[],"_links":{"self":[{"href":"https:\/\/agora.xtec.cat\/zerelsceps\/wp-json\/wp\/v2\/pages\/877","targetHints":{"allow":["GET"]}}],"collection":[{"href":"https:\/\/agora.xtec.cat\/zerelsceps\/wp-json\/wp\/v2\/pages"}],"about":[{"href":"https:\/\/agora.xtec.cat\/zerelsceps\/wp-json\/wp\/v2\/types\/page"}],"author":[{"embeddable":true,"href":"https:\/\/agora.xtec.cat\/zerelsceps\/wp-json\/wp\/v2\/users\/3"}],"replies":[{"embeddable":true,"href":"https:\/\/agora.xtec.cat\/zerelsceps\/wp-json\/wp\/v2\/comments?post=877"}],"version-history":[{"count":3,"href":"https:\/\/agora.xtec.cat\/zerelsceps\/wp-json\/wp\/v2\/pages\/877\/revisions"}],"predecessor-version":[{"id":891,"href":"https:\/\/agora.xtec.cat\/zerelsceps\/wp-json\/wp\/v2\/pages\/877\/revisions\/891"}],"wp:attachment":[{"href":"https:\/\/agora.xtec.cat\/zerelsceps\/wp-json\/wp\/v2\/media?parent=877"}],"curies":[{"name":"wp","href":"https:\/\/api.w.org\/{rel}","templated":true}]}}