{"id":258,"date":"2015-07-20T12:40:06","date_gmt":"2015-07-20T10:40:06","guid":{"rendered":"http:\/\/agora.xtec.cat\/zerelscastells\/?page_id=258"},"modified":"2025-07-09T00:42:30","modified_gmt":"2025-07-08T22:42:30","slug":"qui-som-zer","status":"publish","type":"page","link":"https:\/\/agora.xtec.cat\/zerelscastells\/zer\/qui-som-zer\/","title":{"rendered":"Qui som"},"content":{"rendered":"\n<h2 class=\"wp-block-heading\"><span style=\"color: #33cccc;\"><strong>CLAUSTRE DE ZER<\/strong><\/span><\/h2>\n\n\n\n<figure class=\"wp-block-table  aligncenter\"><table class=\"has-fixed-layout\"><tbody><tr><td>M\u00d2NICA TEIXID\u00d3<\/td><td>LA BAUMETA<\/td><td>EDUCACI\u00d3 INFANTIL<\/td><\/tr><tr><td>MDOLORS PUIG<\/td><td>STA B\u00c0RBARA<\/td><td>EDUCACI\u00d3 INFANTIL<\/td><\/tr><tr><td>ANNA BONAMAISON<\/td><td>LA BAUMETA<\/td><td>EDUCACI\u00d3 PRIM\u00c0RIA<\/td><\/tr><tr><td><\/td><td>SANTA B\u00c0RBARA<\/td><td>EDUCACI\u00d3 PRIM\u00c0RIA<\/td><\/tr><tr><td><\/td><td>ZER<\/td><td>M\u00daSICA<\/td><\/tr><tr><td>ANNA CASTANY<\/td><td>ZER<\/td><td>ANGL\u00c8S<\/td><\/tr><tr><td><\/td><td>ZER<\/td><td>EDUCACI\u00d3 F\u00cdSICA<\/td><\/tr><tr><td>EVA TREPAT<\/td><td>ZER<\/td><td>EDUCACI\u00d3 ESPECIAL<\/td><\/tr><tr><td>\u00a0RAQUEL BLANCAFORT<\/td><td>LA BAUMETA<\/td><td>\u00a0TEII 1r CICLE<\/td><\/tr><tr><td>MIREIA ARAGON\u00c8S<\/td><td>LA BAUMETA<\/td><td>TEII 1r CICLE<\/td><\/tr><\/tbody><\/table><\/figure>\n\n\n\n<p>&nbsp;<\/p>\n","protected":false},"excerpt":{"rendered":"<p>CLAUSTRE DE ZER M\u00d2NICA TEIXID\u00d3 LA BAUMETA EDUCACI\u00d3 INFANTIL MDOLORS PUIG STA B\u00c0RBARA EDUCACI\u00d3 INFANTIL ANNA BONAMAISON LA BAUMETA EDUCACI\u00d3 PRIM\u00c0RIA SANTA B\u00c0RBARA EDUCACI\u00d3 PRIM\u00c0RIA ZER M\u00daSICA ANNA CASTANY ZER ANGL\u00c8S ZER EDUCACI\u00d3 F\u00cdSICA EVA TREPAT ZER EDUCACI\u00d3 ESPECIAL \u00a0RAQUEL BLANCAFORT LA BAUMETA \u00a0TEII 1r CICLE MIREIA ARAGON\u00c8S LA BAUMETA TEII 1r CICLE &nbsp;<\/p>\n","protected":false},"author":1,"featured_media":0,"parent":19,"menu_order":10,"comment_status":"closed","ping_status":"closed","template":"","meta":{"_bbp_topic_count":0,"_bbp_reply_count":0,"_bbp_total_topic_count":0,"_bbp_total_reply_count":0,"_bbp_voice_count":0,"_bbp_anonymous_reply_count":0,"_bbp_topic_count_hidden":0,"_bbp_reply_count_hidden":0,"_bbp_forum_subforum_count":0,"site-sidebar-layout":"default","site-content-layout":"","ast-site-content-layout":"default","site-content-style":"default","site-sidebar-style":"default","ast-global-header-display":"","ast-banner-title-visibility":"","ast-main-header-display":"","ast-hfb-above-header-display":"","ast-hfb-below-header-display":"","ast-hfb-mobile-header-display":"","site-post-title":"","ast-breadcrumbs-content":"","ast-featured-img":"","footer-sml-layout":"","theme-transparent-header-meta":"","adv-header-id-meta":"","stick-header-meta":"","header-above-stick-meta":"","header-main-stick-meta":"","header-below-stick-meta":"","astra-migrate-meta-layouts":"set","ast-page-background-enabled":"default","ast-page-background-meta":{"desktop":{"background-color":"var(--ast-global-color-4)","background-image":"","background-repeat":"repeat","background-position":"center center","background-size":"auto","background-attachment":"scroll","background-type":"","background-media":"","overlay-type":"","overlay-color":"","overlay-opacity":"","overlay-gradient":""},"tablet":{"background-color":"","background-image":"","background-repeat":"repeat","background-position":"center center","background-size":"auto","background-attachment":"scroll","background-type":"","background-media":"","overlay-type":"","overlay-color":"","overlay-opacity":"","overlay-gradient":""},"mobile":{"background-color":"","background-image":"","background-repeat":"repeat","background-position":"center center","background-size":"auto","background-attachment":"scroll","background-type":"","background-media":"","overlay-type":"","overlay-color":"","overlay-opacity":"","overlay-gradient":""}},"ast-content-background-meta":{"desktop":{"background-color":"var(--ast-global-color-5)","background-image":"","background-repeat":"repeat","background-position":"center center","background-size":"auto","background-attachment":"scroll","background-type":"","background-media":"","overlay-type":"","overlay-color":"","overlay-opacity":"","overlay-gradient":""},"tablet":{"background-color":"var(--ast-global-color-5)","background-image":"","background-repeat":"repeat","background-position":"center center","background-size":"auto","background-attachment":"scroll","background-type":"","background-media":"","overlay-type":"","overlay-color":"","overlay-opacity":"","overlay-gradient":""},"mobile":{"background-color":"var(--ast-global-color-5)","background-image":"","background-repeat":"repeat","background-position":"center center","background-size":"auto","background-attachment":"scroll","background-type":"","background-media":"","overlay-type":"","overlay-color":"","overlay-opacity":"","overlay-gradient":""}},"footnotes":""},"class_list":["post-258","page","type-page","status-publish","hentry"],"post_mailing_queue_ids":[],"_links":{"self":[{"href":"https:\/\/agora.xtec.cat\/zerelscastells\/wp-json\/wp\/v2\/pages\/258","targetHints":{"allow":["GET"]}}],"collection":[{"href":"https:\/\/agora.xtec.cat\/zerelscastells\/wp-json\/wp\/v2\/pages"}],"about":[{"href":"https:\/\/agora.xtec.cat\/zerelscastells\/wp-json\/wp\/v2\/types\/page"}],"author":[{"embeddable":true,"href":"https:\/\/agora.xtec.cat\/zerelscastells\/wp-json\/wp\/v2\/users\/1"}],"replies":[{"embeddable":true,"href":"https:\/\/agora.xtec.cat\/zerelscastells\/wp-json\/wp\/v2\/comments?post=258"}],"version-history":[{"count":6,"href":"https:\/\/agora.xtec.cat\/zerelscastells\/wp-json\/wp\/v2\/pages\/258\/revisions"}],"predecessor-version":[{"id":8523,"href":"https:\/\/agora.xtec.cat\/zerelscastells\/wp-json\/wp\/v2\/pages\/258\/revisions\/8523"}],"up":[{"embeddable":true,"href":"https:\/\/agora.xtec.cat\/zerelscastells\/wp-json\/wp\/v2\/pages\/19"}],"wp:attachment":[{"href":"https:\/\/agora.xtec.cat\/zerelscastells\/wp-json\/wp\/v2\/media?parent=258"}],"curies":[{"name":"wp","href":"https:\/\/api.w.org\/{rel}","templated":true}]}}